{"id":62,"date":"2025-05-22T11:00:37","date_gmt":"2025-05-22T08:00:37","guid":{"rendered":"https:\/\/meripelastus.fi\/viitasaari-vedos\/?page_id=62"},"modified":"2025-05-25T21:33:53","modified_gmt":"2025-05-25T18:33:53","slug":"halytysohje","status":"publish","type":"page","link":"https:\/\/meripelastus.fi\/viitasaari\/toiminta\/halytysohje\/","title":{"rendered":"H\u00e4lytysohje"},"content":{"rendered":"\n<p>Sis\u00e4vesill\u00e4 yleinen h\u00e4t\u00e4numero <strong>112<\/strong><\/p>\n\n\n\n<ol class=\"wp-block-list\">\n<li>Kerro (aluksesi) nimi ja yhteystiedot<\/li>\n\n\n\n<li>Kerro tarkka tapahtumapaikka<\/li>\n\n\n\n<li>Kerro mit\u00e4 on tapahtunut<\/li>\n\n\n\n<li>Montako ihmist\u00e4 on vaarassa, onko loukkaantuneita?<\/li>\n\n\n\n<li>Kerro mit\u00e4 apua tarvitaan<\/li>\n\n\n\n<li>\u00c4l\u00e4 katkaise yhteytt\u00e4 ennen kuin saat luvan<\/li>\n<\/ol>\n\n\n\n<h2 class=\"wp-block-heading\" id=\"h-kiireettomat-avustustehtavat\">Kiireett\u00f6m\u00e4t avustusteht\u00e4v\u00e4t<\/h2>\n\n\n\n<p>Trossi-palvelunumero (1.5.-31.10.)<br>0800 30 22 30<\/p>\n\n\n\n<p><\/p>\n","protected":false},"excerpt":{"rendered":"<p>Sis\u00e4vesill\u00e4 yleinen h\u00e4t\u00e4numero 112 Kiireett\u00f6m\u00e4t avustusteht\u00e4v\u00e4t Trossi-palvelunumero (1.5.-31.10.)0800 30 22 30<\/p>\n","protected":false},"author":1,"featured_media":0,"parent":60,"menu_order":0,"comment_status":"closed","ping_status":"closed","template":"","meta":{"_acf_changed":false,"inline_featured_image":false,"footnotes":""},"class_list":["post-62","page","type-page","status-publish","hentry"],"acf":[],"yoast_head":"<!-- This site is optimized with the Yoast SEO Premium plugin v27.2 (Yoast SEO v27.2) - https:\/\/yoast.com\/product\/yoast-seo-premium-wordpress\/ -->\n<title>H\u00e4lytysohje - Viitasaaren J\u00e4rvipelastajat ry<\/title>\n<meta name=\"robots\" content=\"noindex, follow, max-snippet:-1, max-image-preview:large, max-video-preview:-1\" \/>\n<meta property=\"og:locale\" content=\"fi_FI\" \/>\n<meta property=\"og:type\" content=\"article\" \/>\n<meta property=\"og:title\" content=\"H\u00e4lytysohje\" \/>\n<meta property=\"og:description\" content=\"Sis\u00e4vesill\u00e4 yleinen h\u00e4t\u00e4numero 112 Kiireett\u00f6m\u00e4t avustusteht\u00e4v\u00e4t Trossi-palvelunumero (1.5.-31.10.)0800 30 22 30\" \/>\n<meta property=\"og:url\" content=\"https:\/\/meripelastus.fi\/viitasaari\/toiminta\/halytysohje\/\" \/>\n<meta property=\"og:site_name\" content=\"Viitasaaren J\u00e4rvipelastajat ry\" \/>\n<meta property=\"article:modified_time\" content=\"2025-05-25T18:33:53+00:00\" \/>\n<meta name=\"twitter:card\" content=\"summary_large_image\" \/>\n<meta name=\"twitter:label1\" content=\"Arvioitu lukuaika\" \/>\n\t<meta name=\"twitter:data1\" content=\"1 minuutti\" \/>\n<script type=\"application\/ld+json\" class=\"yoast-schema-graph\">{\"@context\":\"https:\/\/schema.org\",\"@graph\":[{\"@type\":\"WebPage\",\"@id\":\"https:\/\/meripelastus.fi\/viitasaari\/toiminta\/halytysohje\/\",\"url\":\"https:\/\/meripelastus.fi\/viitasaari\/toiminta\/halytysohje\/\",\"name\":\"H\u00e4lytysohje - Viitasaaren J\u00e4rvipelastajat ry\",\"isPartOf\":{\"@id\":\"https:\/\/meripelastus.fi\/viitasaari\/#website\"},\"datePublished\":\"2025-05-22T08:00:37+00:00\",\"dateModified\":\"2025-05-25T18:33:53+00:00\",\"breadcrumb\":{\"@id\":\"https:\/\/meripelastus.fi\/viitasaari\/toiminta\/halytysohje\/#breadcrumb\"},\"inLanguage\":\"fi\",\"potentialAction\":[{\"@type\":\"ReadAction\",\"target\":[\"https:\/\/meripelastus.fi\/viitasaari\/toiminta\/halytysohje\/\"]}]},{\"@type\":\"BreadcrumbList\",\"@id\":\"https:\/\/meripelastus.fi\/viitasaari\/toiminta\/halytysohje\/#breadcrumb\",\"itemListElement\":[{\"@type\":\"ListItem\",\"position\":1,\"name\":\"Etusivu\",\"item\":\"https:\/\/meripelastus.fi\/viitasaari\/\"},{\"@type\":\"ListItem\",\"position\":2,\"name\":\"Toiminta\",\"item\":\"https:\/\/meripelastus.fi\/viitasaari\/toiminta\/\"},{\"@type\":\"ListItem\",\"position\":3,\"name\":\"H\u00e4lytysohje\"}]},{\"@type\":\"WebSite\",\"@id\":\"https:\/\/meripelastus.fi\/viitasaari\/#website\",\"url\":\"https:\/\/meripelastus.fi\/viitasaari\/\",\"name\":\"Viitasaaren J\u00e4rvipelastajat ry\",\"description\":\"Vapaaehtoiset apunasi vesill\u00e4\",\"potentialAction\":[{\"@type\":\"SearchAction\",\"target\":{\"@type\":\"EntryPoint\",\"urlTemplate\":\"https:\/\/meripelastus.fi\/viitasaari\/?s={search_term_string}\"},\"query-input\":{\"@type\":\"PropertyValueSpecification\",\"valueRequired\":true,\"valueName\":\"search_term_string\"}}],\"inLanguage\":\"fi\"}]}<\/script>\n<!-- \/ Yoast SEO Premium plugin. -->","yoast_head_json":{"title":"H\u00e4lytysohje - Viitasaaren J\u00e4rvipelastajat ry","robots":{"index":"noindex","follow":"follow","max-snippet":"max-snippet:-1","max-image-preview":"max-image-preview:large","max-video-preview":"max-video-preview:-1"},"og_locale":"fi_FI","og_type":"article","og_title":"H\u00e4lytysohje","og_description":"Sis\u00e4vesill\u00e4 yleinen h\u00e4t\u00e4numero 112 Kiireett\u00f6m\u00e4t avustusteht\u00e4v\u00e4t Trossi-palvelunumero (1.5.-31.10.)0800 30 22 30","og_url":"https:\/\/meripelastus.fi\/viitasaari\/toiminta\/halytysohje\/","og_site_name":"Viitasaaren J\u00e4rvipelastajat ry","article_modified_time":"2025-05-25T18:33:53+00:00","twitter_card":"summary_large_image","twitter_misc":{"Arvioitu lukuaika":"1 minuutti"},"schema":{"@context":"https:\/\/schema.org","@graph":[{"@type":"WebPage","@id":"https:\/\/meripelastus.fi\/viitasaari\/toiminta\/halytysohje\/","url":"https:\/\/meripelastus.fi\/viitasaari\/toiminta\/halytysohje\/","name":"H\u00e4lytysohje - Viitasaaren J\u00e4rvipelastajat ry","isPartOf":{"@id":"https:\/\/meripelastus.fi\/viitasaari\/#website"},"datePublished":"2025-05-22T08:00:37+00:00","dateModified":"2025-05-25T18:33:53+00:00","breadcrumb":{"@id":"https:\/\/meripelastus.fi\/viitasaari\/toiminta\/halytysohje\/#breadcrumb"},"inLanguage":"fi","potentialAction":[{"@type":"ReadAction","target":["https:\/\/meripelastus.fi\/viitasaari\/toiminta\/halytysohje\/"]}]},{"@type":"BreadcrumbList","@id":"https:\/\/meripelastus.fi\/viitasaari\/toiminta\/halytysohje\/#breadcrumb","itemListElement":[{"@type":"ListItem","position":1,"name":"Etusivu","item":"https:\/\/meripelastus.fi\/viitasaari\/"},{"@type":"ListItem","position":2,"name":"Toiminta","item":"https:\/\/meripelastus.fi\/viitasaari\/toiminta\/"},{"@type":"ListItem","position":3,"name":"H\u00e4lytysohje"}]},{"@type":"WebSite","@id":"https:\/\/meripelastus.fi\/viitasaari\/#website","url":"https:\/\/meripelastus.fi\/viitasaari\/","name":"Viitasaaren J\u00e4rvipelastajat ry","description":"Vapaaehtoiset apunasi vesill\u00e4","potentialAction":[{"@type":"SearchAction","target":{"@type":"EntryPoint","urlTemplate":"https:\/\/meripelastus.fi\/viitasaari\/?s={search_term_string}"},"query-input":{"@type":"PropertyValueSpecification","valueRequired":true,"valueName":"search_term_string"}}],"inLanguage":"fi"}]}},"_links":{"self":[{"href":"https:\/\/meripelastus.fi\/viitasaari\/wp-json\/wp\/v2\/pages\/62","targetHints":{"allow":["GET"]}}],"collection":[{"href":"https:\/\/meripelastus.fi\/viitasaari\/wp-json\/wp\/v2\/pages"}],"about":[{"href":"https:\/\/meripelastus.fi\/viitasaari\/wp-json\/wp\/v2\/types\/page"}],"author":[{"embeddable":true,"href":"https:\/\/meripelastus.fi\/viitasaari\/wp-json\/wp\/v2\/users\/1"}],"replies":[{"embeddable":true,"href":"https:\/\/meripelastus.fi\/viitasaari\/wp-json\/wp\/v2\/comments?post=62"}],"version-history":[{"count":2,"href":"https:\/\/meripelastus.fi\/viitasaari\/wp-json\/wp\/v2\/pages\/62\/revisions"}],"predecessor-version":[{"id":118,"href":"https:\/\/meripelastus.fi\/viitasaari\/wp-json\/wp\/v2\/pages\/62\/revisions\/118"}],"up":[{"embeddable":true,"href":"https:\/\/meripelastus.fi\/viitasaari\/wp-json\/wp\/v2\/pages\/60"}],"wp:attachment":[{"href":"https:\/\/meripelastus.fi\/viitasaari\/wp-json\/wp\/v2\/media?parent=62"}],"curies":[{"name":"wp","href":"https:\/\/api.w.org\/{rel}","templated":true}]}}