{"id":8,"date":"2018-03-19T09:16:29","date_gmt":"2018-03-19T07:16:29","guid":{"rendered":"http:\/\/basetemplate.smpsyhdistykset.16.testivedos.com\/?page_id=8"},"modified":"2025-07-22T17:29:53","modified_gmt":"2025-07-22T14:29:53","slug":"tietoa-meista","status":"publish","type":"page","link":"https:\/\/meripelastus.fi\/vaasa\/vaasan-meripelastusyhdistys\/tietoa-meista\/","title":{"rendered":"Tietoa meist\u00e4"},"content":{"rendered":"<p>Vaasan Meripelastusyhdistys on Suomen Meripelastusseuran j\u00e4senyhdistys, joka huolehtii Meripelastusseuran toiminnasta keskisess\u00e4 Merenkurkussa. Vapaaehtoiset miehist\u00f6mme l\u00e4htev\u00e4t apuun saaristoalueelle ymp\u00e4ri vuorokauden avovesikaudella.<\/p>\n<h2><strong>ME TULEMME APUUN. YMP\u00c4RI VUOROKAUDEN.<\/strong><\/h2>\n<p>Meripelastusseuran yksik\u00f6t toimivat teht\u00e4viss\u00e4 viranomaisten apuna. Vaasan aseman toimintaa johtaa meripelastusteht\u00e4viss\u00e4 Meripelastuskeskus Turku. Ensivaste- ja sammutusteht\u00e4v\u00e4t v\u00e4litt\u00e4\u00e4 Vaasan h\u00e4t\u00e4keskus. Johtovastuu pelastustoimen teht\u00e4viss\u00e4 on Pohjanmaan pelastuslaitoksella. Ensihoidon teht\u00e4vi\u00e4 johtaa Pohjanmaan hyvinvointialueen Ensihoitokeskus. Kiireett\u00f6m\u00e4t avustusteht\u00e4v\u00e4t eiv\u00e4t ole viranomaisjohtoista toimintaa.<\/p>\n<p>Tervetuloa mukaan toimintaamme. Vuosittain syyskauden alussa alkaa tulokaskurssimme. Kurssin kautta sinulla on mahdollisuus p\u00e4\u00e4st\u00e4 mukaan pelastusmiehist\u00f6\u00f6n tai tukitoimintoihimme. Lue lis\u00e4\u00e4 n\u00e4ilt\u00e4 sivuilta!<\/p>\n","protected":false},"excerpt":{"rendered":"<p>Vaasan Meripelastusyhdistys on Suomen Meripelastusseuran j\u00e4senyhdistys, joka huolehtii Meripelastusseuran toiminnasta keskisess\u00e4 Merenkurkussa. Vapaaehtoiset miehist\u00f6mme l\u00e4htev\u00e4t apuun saaristoalueelle ymp\u00e4ri vuorokauden avovesikaudella. ME TULEMME APUUN. YMP\u00c4RI VUOROKAUDEN. Meripelastusseuran yksik\u00f6t toimivat teht\u00e4viss\u00e4 viranomaisten apuna. Vaasan aseman toimintaa johtaa meripelastusteht\u00e4viss\u00e4 Meripelastuskeskus Turku. Ensivaste- ja sammutusteht\u00e4v\u00e4t v\u00e4litt\u00e4\u00e4 Vaasan h\u00e4t\u00e4keskus. Johtovastuu pelastustoimen teht\u00e4viss\u00e4 on Pohjanmaan pelastuslaitoksella. Ensihoidon teht\u00e4vi\u00e4 johtaa Pohjanmaan hyvinvointialueen [&hellip;]<\/p>\n","protected":false},"author":1,"featured_media":0,"parent":6,"menu_order":0,"comment_status":"closed","ping_status":"closed","template":"","meta":{"_acf_changed":false,"inline_featured_image":false,"footnotes":""},"class_list":["post-8","page","type-page","status-publish","hentry"],"acf":[],"yoast_head":"<!-- This site is optimized with the Yoast SEO Premium plugin v27.2 (Yoast SEO v27.2) - https:\/\/yoast.com\/product\/yoast-seo-premium-wordpress\/ -->\n<title>Tietoa meist\u00e4 - Vaasan Meripelastusyhdistys<\/title>\n<meta name=\"robots\" content=\"index, follow, max-snippet:-1, max-image-preview:large, max-video-preview:-1\" \/>\n<link rel=\"canonical\" href=\"https:\/\/meripelastus.fi\/vaasa\/vaasan-meripelastusyhdistys\/tietoa-meista\/\" \/>\n<meta property=\"og:locale\" content=\"fi_FI\" \/>\n<meta property=\"og:type\" content=\"article\" \/>\n<meta property=\"og:title\" content=\"Tietoa meist\u00e4\" \/>\n<meta property=\"og:description\" content=\"Vaasan Meripelastusyhdistys on Suomen Meripelastusseuran j\u00e4senyhdistys, joka huolehtii Meripelastusseuran toiminnasta keskisess\u00e4 Merenkurkussa. Vapaaehtoiset miehist\u00f6mme l\u00e4htev\u00e4t apuun saaristoalueelle ymp\u00e4ri vuorokauden avovesikaudella. ME TULEMME APUUN. YMP\u00c4RI VUOROKAUDEN. Meripelastusseuran yksik\u00f6t toimivat teht\u00e4viss\u00e4 viranomaisten apuna. Vaasan aseman toimintaa johtaa meripelastusteht\u00e4viss\u00e4 Meripelastuskeskus Turku. Ensivaste- ja sammutusteht\u00e4v\u00e4t v\u00e4litt\u00e4\u00e4 Vaasan h\u00e4t\u00e4keskus. Johtovastuu pelastustoimen teht\u00e4viss\u00e4 on Pohjanmaan pelastuslaitoksella. Ensihoidon teht\u00e4vi\u00e4 johtaa Pohjanmaan hyvinvointialueen [&hellip;]\" \/>\n<meta property=\"og:url\" content=\"https:\/\/meripelastus.fi\/vaasa\/vaasan-meripelastusyhdistys\/tietoa-meista\/\" \/>\n<meta property=\"og:site_name\" content=\"Vaasan Meripelastusyhdistys\" \/>\n<meta property=\"article:modified_time\" content=\"2025-07-22T14:29:53+00:00\" \/>\n<meta name=\"twitter:card\" content=\"summary_large_image\" \/>\n<meta name=\"twitter:label1\" content=\"Arvioitu lukuaika\" \/>\n\t<meta name=\"twitter:data1\" content=\"1 minuutti\" \/>\n<script type=\"application\/ld+json\" class=\"yoast-schema-graph\">{\"@context\":\"https:\/\/schema.org\",\"@graph\":[{\"@type\":\"WebPage\",\"@id\":\"https:\/\/meripelastus.fi\/vaasa\/vaasan-meripelastusyhdistys\/tietoa-meista\/\",\"url\":\"https:\/\/meripelastus.fi\/vaasa\/vaasan-meripelastusyhdistys\/tietoa-meista\/\",\"name\":\"Tietoa meist\u00e4 - Vaasan Meripelastusyhdistys\",\"isPartOf\":{\"@id\":\"https:\/\/meripelastus.fi\/vaasa\/#website\"},\"datePublished\":\"2018-03-19T07:16:29+00:00\",\"dateModified\":\"2025-07-22T14:29:53+00:00\",\"breadcrumb\":{\"@id\":\"https:\/\/meripelastus.fi\/vaasa\/vaasan-meripelastusyhdistys\/tietoa-meista\/#breadcrumb\"},\"inLanguage\":\"fi\",\"potentialAction\":[{\"@type\":\"ReadAction\",\"target\":[\"https:\/\/meripelastus.fi\/vaasa\/vaasan-meripelastusyhdistys\/tietoa-meista\/\"]}]},{\"@type\":\"BreadcrumbList\",\"@id\":\"https:\/\/meripelastus.fi\/vaasa\/vaasan-meripelastusyhdistys\/tietoa-meista\/#breadcrumb\",\"itemListElement\":[{\"@type\":\"ListItem\",\"position\":1,\"name\":\"Etusivu\",\"item\":\"https:\/\/meripelastus.fi\/vaasa\/\"},{\"@type\":\"ListItem\",\"position\":2,\"name\":\"Yhdistys\",\"item\":\"https:\/\/meripelastus.fi\/vaasa\/?page_id=6\"},{\"@type\":\"ListItem\",\"position\":3,\"name\":\"Tietoa meist\u00e4\"}]},{\"@type\":\"WebSite\",\"@id\":\"https:\/\/meripelastus.fi\/vaasa\/#website\",\"url\":\"https:\/\/meripelastus.fi\/vaasa\/\",\"name\":\"Vaasan Meripelastusyhdistys\",\"description\":\"Vapaaehtoiset apunasi vesill\u00e4\",\"potentialAction\":[{\"@type\":\"SearchAction\",\"target\":{\"@type\":\"EntryPoint\",\"urlTemplate\":\"https:\/\/meripelastus.fi\/vaasa\/?s={search_term_string}\"},\"query-input\":{\"@type\":\"PropertyValueSpecification\",\"valueRequired\":true,\"valueName\":\"search_term_string\"}}],\"inLanguage\":\"fi\"}]}<\/script>\n<!-- \/ Yoast SEO Premium plugin. -->","yoast_head_json":{"title":"Tietoa meist\u00e4 - Vaasan Meripelastusyhdistys","robots":{"index":"index","follow":"follow","max-snippet":"max-snippet:-1","max-image-preview":"max-image-preview:large","max-video-preview":"max-video-preview:-1"},"canonical":"https:\/\/meripelastus.fi\/vaasa\/vaasan-meripelastusyhdistys\/tietoa-meista\/","og_locale":"fi_FI","og_type":"article","og_title":"Tietoa meist\u00e4","og_description":"Vaasan Meripelastusyhdistys on Suomen Meripelastusseuran j\u00e4senyhdistys, joka huolehtii Meripelastusseuran toiminnasta keskisess\u00e4 Merenkurkussa. Vapaaehtoiset miehist\u00f6mme l\u00e4htev\u00e4t apuun saaristoalueelle ymp\u00e4ri vuorokauden avovesikaudella. ME TULEMME APUUN. YMP\u00c4RI VUOROKAUDEN. Meripelastusseuran yksik\u00f6t toimivat teht\u00e4viss\u00e4 viranomaisten apuna. Vaasan aseman toimintaa johtaa meripelastusteht\u00e4viss\u00e4 Meripelastuskeskus Turku. Ensivaste- ja sammutusteht\u00e4v\u00e4t v\u00e4litt\u00e4\u00e4 Vaasan h\u00e4t\u00e4keskus. Johtovastuu pelastustoimen teht\u00e4viss\u00e4 on Pohjanmaan pelastuslaitoksella. Ensihoidon teht\u00e4vi\u00e4 johtaa Pohjanmaan hyvinvointialueen [&hellip;]","og_url":"https:\/\/meripelastus.fi\/vaasa\/vaasan-meripelastusyhdistys\/tietoa-meista\/","og_site_name":"Vaasan Meripelastusyhdistys","article_modified_time":"2025-07-22T14:29:53+00:00","twitter_card":"summary_large_image","twitter_misc":{"Arvioitu lukuaika":"1 minuutti"},"schema":{"@context":"https:\/\/schema.org","@graph":[{"@type":"WebPage","@id":"https:\/\/meripelastus.fi\/vaasa\/vaasan-meripelastusyhdistys\/tietoa-meista\/","url":"https:\/\/meripelastus.fi\/vaasa\/vaasan-meripelastusyhdistys\/tietoa-meista\/","name":"Tietoa meist\u00e4 - Vaasan Meripelastusyhdistys","isPartOf":{"@id":"https:\/\/meripelastus.fi\/vaasa\/#website"},"datePublished":"2018-03-19T07:16:29+00:00","dateModified":"2025-07-22T14:29:53+00:00","breadcrumb":{"@id":"https:\/\/meripelastus.fi\/vaasa\/vaasan-meripelastusyhdistys\/tietoa-meista\/#breadcrumb"},"inLanguage":"fi","potentialAction":[{"@type":"ReadAction","target":["https:\/\/meripelastus.fi\/vaasa\/vaasan-meripelastusyhdistys\/tietoa-meista\/"]}]},{"@type":"BreadcrumbList","@id":"https:\/\/meripelastus.fi\/vaasa\/vaasan-meripelastusyhdistys\/tietoa-meista\/#breadcrumb","itemListElement":[{"@type":"ListItem","position":1,"name":"Etusivu","item":"https:\/\/meripelastus.fi\/vaasa\/"},{"@type":"ListItem","position":2,"name":"Yhdistys","item":"https:\/\/meripelastus.fi\/vaasa\/?page_id=6"},{"@type":"ListItem","position":3,"name":"Tietoa meist\u00e4"}]},{"@type":"WebSite","@id":"https:\/\/meripelastus.fi\/vaasa\/#website","url":"https:\/\/meripelastus.fi\/vaasa\/","name":"Vaasan Meripelastusyhdistys","description":"Vapaaehtoiset apunasi vesill\u00e4","potentialAction":[{"@type":"SearchAction","target":{"@type":"EntryPoint","urlTemplate":"https:\/\/meripelastus.fi\/vaasa\/?s={search_term_string}"},"query-input":{"@type":"PropertyValueSpecification","valueRequired":true,"valueName":"search_term_string"}}],"inLanguage":"fi"}]}},"_links":{"self":[{"href":"https:\/\/meripelastus.fi\/vaasa\/wp-json\/wp\/v2\/pages\/8","targetHints":{"allow":["GET"]}}],"collection":[{"href":"https:\/\/meripelastus.fi\/vaasa\/wp-json\/wp\/v2\/pages"}],"about":[{"href":"https:\/\/meripelastus.fi\/vaasa\/wp-json\/wp\/v2\/types\/page"}],"author":[{"embeddable":true,"href":"https:\/\/meripelastus.fi\/vaasa\/wp-json\/wp\/v2\/users\/1"}],"replies":[{"embeddable":true,"href":"https:\/\/meripelastus.fi\/vaasa\/wp-json\/wp\/v2\/comments?post=8"}],"version-history":[{"count":8,"href":"https:\/\/meripelastus.fi\/vaasa\/wp-json\/wp\/v2\/pages\/8\/revisions"}],"predecessor-version":[{"id":789,"href":"https:\/\/meripelastus.fi\/vaasa\/wp-json\/wp\/v2\/pages\/8\/revisions\/789"}],"up":[{"embeddable":true,"href":"https:\/\/meripelastus.fi\/vaasa\/wp-json\/wp\/v2\/pages\/6"}],"wp:attachment":[{"href":"https:\/\/meripelastus.fi\/vaasa\/wp-json\/wp\/v2\/media?parent=8"}],"curies":[{"name":"wp","href":"https:\/\/api.w.org\/{rel}","templated":true}]}}