{"id":22,"date":"2018-03-19T09:18:43","date_gmt":"2018-03-19T07:18:43","guid":{"rendered":"http:\/\/basetemplate.smpsyhdistykset.16.testivedos.com\/?page_id=22"},"modified":"2019-01-21T16:55:35","modified_gmt":"2019-01-21T14:55:35","slug":"halytysohje","status":"publish","type":"page","link":"https:\/\/meripelastus.fi\/uusikaupunki\/toiminta\/halytysohje\/","title":{"rendered":"H\u00e4lytysohje"},"content":{"rendered":"<p>Merell\u00e4 meripelastuksen h\u00e4lytysnumero 0294 1000<br \/>\nTai VHF-kanava 16 \/ VHF-DSC 70<br \/>\nSis\u00e4vesill\u00e4 yleinen h\u00e4t\u00e4numero 112<br \/>\n1. Kerro (aluksesi) nimi ja yhteystiedot<br \/>\n2. Kerro tarkka tapahtumapaikka<br \/>\n3. Kerro mit\u00e4 on tapahtunut<br \/>\n4. Montako ihmist\u00e4 on vaarassa, onko loukkaantuneita?<br \/>\n5. Kerro mit\u00e4 apua tarvitaan<br \/>\n6. \u00c4l\u00e4 katkaise yhteytt\u00e4 ennen kuin saat luvan<\/p>\n<p><span>Kiireett\u00f6m\u00e4t Trossi-palvelupyynn\u00f6t numerosta <\/span><strong>0800 30 22 30<\/strong><span> (1.5.-31.10.).<\/span><\/p>\n<p>Alarmanvisning<br \/>\nSj\u00f6r\u00e4ddningens alarmnummer 0294 1000<br \/>\nEller VHF-kanal 16 \/ VHF-DSC 70<br \/>\nAllm\u00e4nt n\u00f6dnummer 112<br \/>\n1. Ber\u00e4tta (fartygets) namn och kontaktuppgifter<br \/>\n2. Ber\u00e4tta exakt var olyckan skett<br \/>\n3. Ber\u00e4tta vad som har h\u00e4nt<br \/>\n4. Hur m\u00e5nga m\u00e4nniskor \u00e4r i fara, finns det skadade?<br \/>\n5. Ber\u00e4tta hurudan hj\u00e4lp det beh\u00f6vs<br \/>\n6. Avbryt inte kontakten f\u00f6rr\u00e4n du f\u00e5tt lov<\/p>\n<p>Emergency instructions<br \/>\nDistress calls to the Maritime Rescue Centre via VHF ch 16 \/ VHF-DSC 70<br \/>\nor by telephone +358-294 1000 (international) 0294 1000 (national)<br \/>\n1. Tell your (ships) name and contact information<br \/>\n2. Tell your position<br \/>\n3. Tell what has happened<br \/>\n4. How many people are in danger, how many are injured ?<br \/>\n5. Tell what kind of help is needed<br \/>\n6. Do not hang up before you get premission to do so<\/p>\n","protected":false},"excerpt":{"rendered":"<p>Merell\u00e4 meripelastuksen h\u00e4lytysnumero 0294 1000 Tai VHF-kanava 16 \/ VHF-DSC 70 Sis\u00e4vesill\u00e4 yleinen h\u00e4t\u00e4numero 112 1. Kerro (aluksesi) nimi ja yhteystiedot 2. Kerro tarkka tapahtumapaikka 3. Kerro mit\u00e4 on tapahtunut 4. Montako ihmist\u00e4 on vaarassa, onko loukkaantuneita? 5. Kerro mit\u00e4 apua tarvitaan 6. \u00c4l\u00e4 katkaise yhteytt\u00e4 ennen kuin saat luvan Kiireett\u00f6m\u00e4t Trossi-palvelupyynn\u00f6t numerosta 0800 30 [&hellip;]<\/p>\n","protected":false},"author":1,"featured_media":0,"parent":20,"menu_order":0,"comment_status":"closed","ping_status":"closed","template":"","meta":{"_acf_changed":false,"inline_featured_image":false,"footnotes":""},"class_list":["post-22","page","type-page","status-publish","hentry"],"acf":[],"yoast_head":"<!-- This site is optimized with the Yoast SEO Premium plugin v27.2 (Yoast SEO v27.2) - https:\/\/yoast.com\/product\/yoast-seo-premium-wordpress\/ -->\n<title>H\u00e4lytysohje - Uudenkaupungin Meripelastajat<\/title>\n<meta name=\"robots\" content=\"index, follow, max-snippet:-1, max-image-preview:large, max-video-preview:-1\" \/>\n<link rel=\"canonical\" href=\"https:\/\/meripelastus.fi\/uusikaupunki\/toiminta\/halytysohje\/\" \/>\n<meta property=\"og:locale\" content=\"fi_FI\" \/>\n<meta property=\"og:type\" content=\"article\" \/>\n<meta property=\"og:title\" content=\"H\u00e4lytysohje\" \/>\n<meta property=\"og:description\" content=\"Merell\u00e4 meripelastuksen h\u00e4lytysnumero 0294 1000 Tai VHF-kanava 16 \/ VHF-DSC 70 Sis\u00e4vesill\u00e4 yleinen h\u00e4t\u00e4numero 112 1. Kerro (aluksesi) nimi ja yhteystiedot 2. Kerro tarkka tapahtumapaikka 3. Kerro mit\u00e4 on tapahtunut 4. Montako ihmist\u00e4 on vaarassa, onko loukkaantuneita? 5. Kerro mit\u00e4 apua tarvitaan 6. \u00c4l\u00e4 katkaise yhteytt\u00e4 ennen kuin saat luvan Kiireett\u00f6m\u00e4t Trossi-palvelupyynn\u00f6t numerosta 0800 30 [&hellip;]\" \/>\n<meta property=\"og:url\" content=\"https:\/\/meripelastus.fi\/uusikaupunki\/toiminta\/halytysohje\/\" \/>\n<meta property=\"og:site_name\" content=\"Uudenkaupungin Meripelastajat\" \/>\n<meta property=\"article:modified_time\" content=\"2019-01-21T14:55:35+00:00\" \/>\n<meta name=\"twitter:card\" content=\"summary_large_image\" \/>\n<meta name=\"twitter:label1\" content=\"Arvioitu lukuaika\" \/>\n\t<meta name=\"twitter:data1\" content=\"1 minuutti\" \/>\n<script type=\"application\/ld+json\" class=\"yoast-schema-graph\">{\"@context\":\"https:\/\/schema.org\",\"@graph\":[{\"@type\":\"WebPage\",\"@id\":\"https:\/\/meripelastus.fi\/uusikaupunki\/toiminta\/halytysohje\/\",\"url\":\"https:\/\/meripelastus.fi\/uusikaupunki\/toiminta\/halytysohje\/\",\"name\":\"H\u00e4lytysohje - Uudenkaupungin Meripelastajat\",\"isPartOf\":{\"@id\":\"https:\/\/meripelastus.fi\/uusikaupunki\/#website\"},\"datePublished\":\"2018-03-19T07:18:43+00:00\",\"dateModified\":\"2019-01-21T14:55:35+00:00\",\"breadcrumb\":{\"@id\":\"https:\/\/meripelastus.fi\/uusikaupunki\/toiminta\/halytysohje\/#breadcrumb\"},\"inLanguage\":\"fi\",\"potentialAction\":[{\"@type\":\"ReadAction\",\"target\":[\"https:\/\/meripelastus.fi\/uusikaupunki\/toiminta\/halytysohje\/\"]}]},{\"@type\":\"BreadcrumbList\",\"@id\":\"https:\/\/meripelastus.fi\/uusikaupunki\/toiminta\/halytysohje\/#breadcrumb\",\"itemListElement\":[{\"@type\":\"ListItem\",\"position\":1,\"name\":\"Etusivu\",\"item\":\"https:\/\/meripelastus.fi\/uusikaupunki\/\"},{\"@type\":\"ListItem\",\"position\":2,\"name\":\"Toiminta\",\"item\":\"https:\/\/meripelastus.fi\/uusikaupunki\/toiminta\/\"},{\"@type\":\"ListItem\",\"position\":3,\"name\":\"H\u00e4lytysohje\"}]},{\"@type\":\"WebSite\",\"@id\":\"https:\/\/meripelastus.fi\/uusikaupunki\/#website\",\"url\":\"https:\/\/meripelastus.fi\/uusikaupunki\/\",\"name\":\"Uudenkaupungin Meripelastajat\",\"description\":\"Vapaaehtoiset apunasi vesill\u00e4\",\"potentialAction\":[{\"@type\":\"SearchAction\",\"target\":{\"@type\":\"EntryPoint\",\"urlTemplate\":\"https:\/\/meripelastus.fi\/uusikaupunki\/?s={search_term_string}\"},\"query-input\":{\"@type\":\"PropertyValueSpecification\",\"valueRequired\":true,\"valueName\":\"search_term_string\"}}],\"inLanguage\":\"fi\"}]}<\/script>\n<!-- \/ Yoast SEO Premium plugin. -->","yoast_head_json":{"title":"H\u00e4lytysohje - Uudenkaupungin Meripelastajat","robots":{"index":"index","follow":"follow","max-snippet":"max-snippet:-1","max-image-preview":"max-image-preview:large","max-video-preview":"max-video-preview:-1"},"canonical":"https:\/\/meripelastus.fi\/uusikaupunki\/toiminta\/halytysohje\/","og_locale":"fi_FI","og_type":"article","og_title":"H\u00e4lytysohje","og_description":"Merell\u00e4 meripelastuksen h\u00e4lytysnumero 0294 1000 Tai VHF-kanava 16 \/ VHF-DSC 70 Sis\u00e4vesill\u00e4 yleinen h\u00e4t\u00e4numero 112 1. Kerro (aluksesi) nimi ja yhteystiedot 2. Kerro tarkka tapahtumapaikka 3. Kerro mit\u00e4 on tapahtunut 4. Montako ihmist\u00e4 on vaarassa, onko loukkaantuneita? 5. Kerro mit\u00e4 apua tarvitaan 6. \u00c4l\u00e4 katkaise yhteytt\u00e4 ennen kuin saat luvan Kiireett\u00f6m\u00e4t Trossi-palvelupyynn\u00f6t numerosta 0800 30 [&hellip;]","og_url":"https:\/\/meripelastus.fi\/uusikaupunki\/toiminta\/halytysohje\/","og_site_name":"Uudenkaupungin Meripelastajat","article_modified_time":"2019-01-21T14:55:35+00:00","twitter_card":"summary_large_image","twitter_misc":{"Arvioitu lukuaika":"1 minuutti"},"schema":{"@context":"https:\/\/schema.org","@graph":[{"@type":"WebPage","@id":"https:\/\/meripelastus.fi\/uusikaupunki\/toiminta\/halytysohje\/","url":"https:\/\/meripelastus.fi\/uusikaupunki\/toiminta\/halytysohje\/","name":"H\u00e4lytysohje - Uudenkaupungin Meripelastajat","isPartOf":{"@id":"https:\/\/meripelastus.fi\/uusikaupunki\/#website"},"datePublished":"2018-03-19T07:18:43+00:00","dateModified":"2019-01-21T14:55:35+00:00","breadcrumb":{"@id":"https:\/\/meripelastus.fi\/uusikaupunki\/toiminta\/halytysohje\/#breadcrumb"},"inLanguage":"fi","potentialAction":[{"@type":"ReadAction","target":["https:\/\/meripelastus.fi\/uusikaupunki\/toiminta\/halytysohje\/"]}]},{"@type":"BreadcrumbList","@id":"https:\/\/meripelastus.fi\/uusikaupunki\/toiminta\/halytysohje\/#breadcrumb","itemListElement":[{"@type":"ListItem","position":1,"name":"Etusivu","item":"https:\/\/meripelastus.fi\/uusikaupunki\/"},{"@type":"ListItem","position":2,"name":"Toiminta","item":"https:\/\/meripelastus.fi\/uusikaupunki\/toiminta\/"},{"@type":"ListItem","position":3,"name":"H\u00e4lytysohje"}]},{"@type":"WebSite","@id":"https:\/\/meripelastus.fi\/uusikaupunki\/#website","url":"https:\/\/meripelastus.fi\/uusikaupunki\/","name":"Uudenkaupungin Meripelastajat","description":"Vapaaehtoiset apunasi vesill\u00e4","potentialAction":[{"@type":"SearchAction","target":{"@type":"EntryPoint","urlTemplate":"https:\/\/meripelastus.fi\/uusikaupunki\/?s={search_term_string}"},"query-input":{"@type":"PropertyValueSpecification","valueRequired":true,"valueName":"search_term_string"}}],"inLanguage":"fi"}]}},"_links":{"self":[{"href":"https:\/\/meripelastus.fi\/uusikaupunki\/wp-json\/wp\/v2\/pages\/22","targetHints":{"allow":["GET"]}}],"collection":[{"href":"https:\/\/meripelastus.fi\/uusikaupunki\/wp-json\/wp\/v2\/pages"}],"about":[{"href":"https:\/\/meripelastus.fi\/uusikaupunki\/wp-json\/wp\/v2\/types\/page"}],"author":[{"embeddable":true,"href":"https:\/\/meripelastus.fi\/uusikaupunki\/wp-json\/wp\/v2\/users\/1"}],"replies":[{"embeddable":true,"href":"https:\/\/meripelastus.fi\/uusikaupunki\/wp-json\/wp\/v2\/comments?post=22"}],"version-history":[{"count":4,"href":"https:\/\/meripelastus.fi\/uusikaupunki\/wp-json\/wp\/v2\/pages\/22\/revisions"}],"predecessor-version":[{"id":252,"href":"https:\/\/meripelastus.fi\/uusikaupunki\/wp-json\/wp\/v2\/pages\/22\/revisions\/252"}],"up":[{"embeddable":true,"href":"https:\/\/meripelastus.fi\/uusikaupunki\/wp-json\/wp\/v2\/pages\/20"}],"wp:attachment":[{"href":"https:\/\/meripelastus.fi\/uusikaupunki\/wp-json\/wp\/v2\/media?parent=22"}],"curies":[{"name":"wp","href":"https:\/\/api.w.org\/{rel}","templated":true}]}}