{"id":246,"date":"2019-05-22T18:51:01","date_gmt":"2019-05-22T15:51:01","guid":{"rendered":"https:\/\/meripelastus.fi\/turku-vedos\/?page_id=246"},"modified":"2025-08-25T08:57:59","modified_gmt":"2025-08-25T05:57:59","slug":"nuorisotoiminta","status":"publish","type":"page","link":"https:\/\/meripelastus.fi\/turku\/toiminta\/nuorisotoiminta\/","title":{"rendered":"Nuorisotoiminta"},"content":{"rendered":"<p><strong>Meripelastusseuran j\u00e4senyhdistykset tarjoavat nuorille j\u00e4senilleen tekemist\u00e4 ja koulutusta nuorisotoiminnan muodossa. Turun Meripelastusyhdistyksess\u00e4 nuorisotoiminnan voi aloittaa nelj\u00e4ntoista vuoden i\u00e4ss\u00e4. Miehist\u00f6\u00f6n siirryt\u00e4\u00e4n virallisesti 18-vuotiaina, mutta jo 16-vuotiaana nuori voi aloittaa miehist\u00f6puolen harjoituksiin osallistumisen.<\/strong><\/p>\n<p>Nuorisotoimintaa j\u00e4rjestet\u00e4\u00e4n Turun Meripelastusyhdistyksess\u00e4 joka toinen viikko maanantaisin klo 18 alkaen. Talvikaudella koulutukset j\u00e4rjestet\u00e4\u00e4n koulutustiloissa L\u00e4ntisell\u00e4 Pitk\u00e4kadulla ja veneilykaudella harjoitukset pyrit\u00e4\u00e4n j\u00e4rjest\u00e4m\u00e4\u00e4n aluksilla. Nuorisotoiminnan koulutukset ovat keskim\u00e4\u00e4rin noin kahden tunnin mittaisia, mutta merelle l\u00e4hdett\u00e4ess\u00e4 harjoitusillat saattavat kest\u00e4\u00e4 kolme tuntia.<\/p>\n<p>Syksyisin nuoret viett\u00e4v\u00e4t viikonlopun mittaisen nuorisopurjehduksen aluksilla harjoitellen ja syvent\u00e4en vuoden mittaan opittuja taitoja. Nuorilla on my\u00f6s halutessaan mahdollisuus osallistua valtakunnallisten meripelastustaitokilpailujen yhteydess\u00e4 pidett\u00e4viin nuorten meripelastustaitokilpailuihin.<\/p>\n<p>Nuoret harjoittelevat yleisi\u00e4 merimiestaitoja, kuten solmuja, navigointia, meriteiden s\u00e4\u00e4nt\u00f6j\u00e4 sek\u00e4 aluksen ohjailua. Nuorisotoiminnan puitteissa p\u00e4\u00e4see harjoittelemaan my\u00f6s meripelastustaitoja, kuten pintapelastusta, aluksen hinaamista ja ensiapua. Nuorisokoulutus opettaa t\u00e4rkeit\u00e4 vesill\u00e4 liikkumisen taitoja ja luo hyv\u00e4n pohjan my\u00f6hemm\u00e4lle toiminnalle vapaaehtoisena meripelastajana.<\/p>\n<p><strong>Haluatko mukaan?\u00a0<\/strong><\/p>\n<p>Ota yhteytt\u00e4 nuorisovastaavaan: nuoriso(a)tmpy.fi<\/p>\n","protected":false},"excerpt":{"rendered":"<p>Meripelastusseuran j\u00e4senyhdistykset tarjoavat nuorille j\u00e4senilleen tekemist\u00e4 ja koulutusta nuorisotoiminnan muodossa. Turun Meripelastusyhdistyksess\u00e4 nuorisotoiminnan voi aloittaa nelj\u00e4ntoista vuoden i\u00e4ss\u00e4. Miehist\u00f6\u00f6n siirryt\u00e4\u00e4n virallisesti 18-vuotiaina, mutta jo 16-vuotiaana nuori voi aloittaa miehist\u00f6puolen harjoituksiin osallistumisen. Nuorisotoimintaa j\u00e4rjestet\u00e4\u00e4n Turun Meripelastusyhdistyksess\u00e4 joka toinen viikko maanantaisin klo 18 alkaen. Talvikaudella koulutukset j\u00e4rjestet\u00e4\u00e4n koulutustiloissa L\u00e4ntisell\u00e4 Pitk\u00e4kadulla ja veneilykaudella harjoitukset pyrit\u00e4\u00e4n j\u00e4rjest\u00e4m\u00e4\u00e4n aluksilla. Nuorisotoiminnan [&hellip;]<\/p>\n","protected":false},"author":115,"featured_media":491,"parent":20,"menu_order":0,"comment_status":"closed","ping_status":"closed","template":"","meta":{"_acf_changed":false,"inline_featured_image":false,"footnotes":""},"class_list":["post-246","page","type-page","status-publish","has-post-thumbnail","hentry"],"acf":[],"yoast_head":"<!-- This site is optimized with the Yoast SEO Premium plugin v27.2 (Yoast SEO v27.2) - https:\/\/yoast.com\/product\/yoast-seo-premium-wordpress\/ -->\n<title>Nuorisotoiminta - Turun Meripelastusyhdistys<\/title>\n<meta name=\"robots\" content=\"index, follow, max-snippet:-1, max-image-preview:large, max-video-preview:-1\" \/>\n<link rel=\"canonical\" href=\"https:\/\/meripelastus.fi\/turku\/toiminta\/nuorisotoiminta\/\" \/>\n<meta property=\"og:locale\" content=\"fi_FI\" \/>\n<meta property=\"og:type\" content=\"article\" \/>\n<meta property=\"og:title\" content=\"Nuorisotoiminta\" \/>\n<meta property=\"og:description\" content=\"Meripelastusseuran j\u00e4senyhdistykset tarjoavat nuorille j\u00e4senilleen tekemist\u00e4 ja koulutusta nuorisotoiminnan muodossa. Turun Meripelastusyhdistyksess\u00e4 nuorisotoiminnan voi aloittaa nelj\u00e4ntoista vuoden i\u00e4ss\u00e4. Miehist\u00f6\u00f6n siirryt\u00e4\u00e4n virallisesti 18-vuotiaina, mutta jo 16-vuotiaana nuori voi aloittaa miehist\u00f6puolen harjoituksiin osallistumisen. Nuorisotoimintaa j\u00e4rjestet\u00e4\u00e4n Turun Meripelastusyhdistyksess\u00e4 joka toinen viikko maanantaisin klo 18 alkaen. Talvikaudella koulutukset j\u00e4rjestet\u00e4\u00e4n koulutustiloissa L\u00e4ntisell\u00e4 Pitk\u00e4kadulla ja veneilykaudella harjoitukset pyrit\u00e4\u00e4n j\u00e4rjest\u00e4m\u00e4\u00e4n aluksilla. Nuorisotoiminnan [&hellip;]\" \/>\n<meta property=\"og:url\" content=\"https:\/\/meripelastus.fi\/turku\/toiminta\/nuorisotoiminta\/\" \/>\n<meta property=\"og:site_name\" content=\"Turun Meripelastusyhdistys\" \/>\n<meta property=\"article:modified_time\" content=\"2025-08-25T05:57:59+00:00\" \/>\n<meta property=\"og:image\" content=\"https:\/\/meripelastus.fi\/turku\/wp-content\/uploads\/sites\/22\/2019\/06\/13_1.jpg\" \/>\n\t<meta property=\"og:image:width\" content=\"2666\" \/>\n\t<meta property=\"og:image:height\" content=\"1500\" \/>\n\t<meta property=\"og:image:type\" content=\"image\/jpeg\" \/>\n<meta name=\"twitter:card\" content=\"summary_large_image\" \/>\n<meta name=\"twitter:label1\" content=\"Arvioitu lukuaika\" \/>\n\t<meta name=\"twitter:data1\" content=\"2 minuuttia\" \/>\n<script type=\"application\/ld+json\" class=\"yoast-schema-graph\">{\"@context\":\"https:\/\/schema.org\",\"@graph\":[{\"@type\":\"WebPage\",\"@id\":\"https:\/\/meripelastus.fi\/turku\/toiminta\/nuorisotoiminta\/\",\"url\":\"https:\/\/meripelastus.fi\/turku\/toiminta\/nuorisotoiminta\/\",\"name\":\"Nuorisotoiminta - Turun Meripelastusyhdistys\",\"isPartOf\":{\"@id\":\"https:\/\/meripelastus.fi\/turku\/#website\"},\"primaryImageOfPage\":{\"@id\":\"https:\/\/meripelastus.fi\/turku\/toiminta\/nuorisotoiminta\/#primaryimage\"},\"image\":{\"@id\":\"https:\/\/meripelastus.fi\/turku\/toiminta\/nuorisotoiminta\/#primaryimage\"},\"thumbnailUrl\":\"https:\/\/meripelastus.fi\/turku\/wp-content\/uploads\/sites\/22\/2019\/06\/13_1.jpg\",\"datePublished\":\"2019-05-22T15:51:01+00:00\",\"dateModified\":\"2025-08-25T05:57:59+00:00\",\"breadcrumb\":{\"@id\":\"https:\/\/meripelastus.fi\/turku\/toiminta\/nuorisotoiminta\/#breadcrumb\"},\"inLanguage\":\"fi\",\"potentialAction\":[{\"@type\":\"ReadAction\",\"target\":[\"https:\/\/meripelastus.fi\/turku\/toiminta\/nuorisotoiminta\/\"]}]},{\"@type\":\"ImageObject\",\"inLanguage\":\"fi\",\"@id\":\"https:\/\/meripelastus.fi\/turku\/toiminta\/nuorisotoiminta\/#primaryimage\",\"url\":\"https:\/\/meripelastus.fi\/turku\/wp-content\/uploads\/sites\/22\/2019\/06\/13_1.jpg\",\"contentUrl\":\"https:\/\/meripelastus.fi\/turku\/wp-content\/uploads\/sites\/22\/2019\/06\/13_1.jpg\",\"width\":2666,\"height\":1500},{\"@type\":\"BreadcrumbList\",\"@id\":\"https:\/\/meripelastus.fi\/turku\/toiminta\/nuorisotoiminta\/#breadcrumb\",\"itemListElement\":[{\"@type\":\"ListItem\",\"position\":1,\"name\":\"Etusivu\",\"item\":\"https:\/\/meripelastus.fi\/turku\/\"},{\"@type\":\"ListItem\",\"position\":2,\"name\":\"Toiminta\",\"item\":\"https:\/\/meripelastus.fi\/turku\/toiminta\/\"},{\"@type\":\"ListItem\",\"position\":3,\"name\":\"Nuorisotoiminta\"}]},{\"@type\":\"WebSite\",\"@id\":\"https:\/\/meripelastus.fi\/turku\/#website\",\"url\":\"https:\/\/meripelastus.fi\/turku\/\",\"name\":\"Turun Meripelastusyhdistys\",\"description\":\"Vapaaehtoiset apunasi vesill\u00e4\",\"potentialAction\":[{\"@type\":\"SearchAction\",\"target\":{\"@type\":\"EntryPoint\",\"urlTemplate\":\"https:\/\/meripelastus.fi\/turku\/?s={search_term_string}\"},\"query-input\":{\"@type\":\"PropertyValueSpecification\",\"valueRequired\":true,\"valueName\":\"search_term_string\"}}],\"inLanguage\":\"fi\"}]}<\/script>\n<!-- \/ Yoast SEO Premium plugin. -->","yoast_head_json":{"title":"Nuorisotoiminta - Turun Meripelastusyhdistys","robots":{"index":"index","follow":"follow","max-snippet":"max-snippet:-1","max-image-preview":"max-image-preview:large","max-video-preview":"max-video-preview:-1"},"canonical":"https:\/\/meripelastus.fi\/turku\/toiminta\/nuorisotoiminta\/","og_locale":"fi_FI","og_type":"article","og_title":"Nuorisotoiminta","og_description":"Meripelastusseuran j\u00e4senyhdistykset tarjoavat nuorille j\u00e4senilleen tekemist\u00e4 ja koulutusta nuorisotoiminnan muodossa. Turun Meripelastusyhdistyksess\u00e4 nuorisotoiminnan voi aloittaa nelj\u00e4ntoista vuoden i\u00e4ss\u00e4. Miehist\u00f6\u00f6n siirryt\u00e4\u00e4n virallisesti 18-vuotiaina, mutta jo 16-vuotiaana nuori voi aloittaa miehist\u00f6puolen harjoituksiin osallistumisen. Nuorisotoimintaa j\u00e4rjestet\u00e4\u00e4n Turun Meripelastusyhdistyksess\u00e4 joka toinen viikko maanantaisin klo 18 alkaen. Talvikaudella koulutukset j\u00e4rjestet\u00e4\u00e4n koulutustiloissa L\u00e4ntisell\u00e4 Pitk\u00e4kadulla ja veneilykaudella harjoitukset pyrit\u00e4\u00e4n j\u00e4rjest\u00e4m\u00e4\u00e4n aluksilla. Nuorisotoiminnan [&hellip;]","og_url":"https:\/\/meripelastus.fi\/turku\/toiminta\/nuorisotoiminta\/","og_site_name":"Turun Meripelastusyhdistys","article_modified_time":"2025-08-25T05:57:59+00:00","og_image":[{"width":2666,"height":1500,"url":"https:\/\/meripelastus.fi\/turku\/wp-content\/uploads\/sites\/22\/2019\/06\/13_1.jpg","type":"image\/jpeg"}],"twitter_card":"summary_large_image","twitter_misc":{"Arvioitu lukuaika":"2 minuuttia"},"schema":{"@context":"https:\/\/schema.org","@graph":[{"@type":"WebPage","@id":"https:\/\/meripelastus.fi\/turku\/toiminta\/nuorisotoiminta\/","url":"https:\/\/meripelastus.fi\/turku\/toiminta\/nuorisotoiminta\/","name":"Nuorisotoiminta - Turun Meripelastusyhdistys","isPartOf":{"@id":"https:\/\/meripelastus.fi\/turku\/#website"},"primaryImageOfPage":{"@id":"https:\/\/meripelastus.fi\/turku\/toiminta\/nuorisotoiminta\/#primaryimage"},"image":{"@id":"https:\/\/meripelastus.fi\/turku\/toiminta\/nuorisotoiminta\/#primaryimage"},"thumbnailUrl":"https:\/\/meripelastus.fi\/turku\/wp-content\/uploads\/sites\/22\/2019\/06\/13_1.jpg","datePublished":"2019-05-22T15:51:01+00:00","dateModified":"2025-08-25T05:57:59+00:00","breadcrumb":{"@id":"https:\/\/meripelastus.fi\/turku\/toiminta\/nuorisotoiminta\/#breadcrumb"},"inLanguage":"fi","potentialAction":[{"@type":"ReadAction","target":["https:\/\/meripelastus.fi\/turku\/toiminta\/nuorisotoiminta\/"]}]},{"@type":"ImageObject","inLanguage":"fi","@id":"https:\/\/meripelastus.fi\/turku\/toiminta\/nuorisotoiminta\/#primaryimage","url":"https:\/\/meripelastus.fi\/turku\/wp-content\/uploads\/sites\/22\/2019\/06\/13_1.jpg","contentUrl":"https:\/\/meripelastus.fi\/turku\/wp-content\/uploads\/sites\/22\/2019\/06\/13_1.jpg","width":2666,"height":1500},{"@type":"BreadcrumbList","@id":"https:\/\/meripelastus.fi\/turku\/toiminta\/nuorisotoiminta\/#breadcrumb","itemListElement":[{"@type":"ListItem","position":1,"name":"Etusivu","item":"https:\/\/meripelastus.fi\/turku\/"},{"@type":"ListItem","position":2,"name":"Toiminta","item":"https:\/\/meripelastus.fi\/turku\/toiminta\/"},{"@type":"ListItem","position":3,"name":"Nuorisotoiminta"}]},{"@type":"WebSite","@id":"https:\/\/meripelastus.fi\/turku\/#website","url":"https:\/\/meripelastus.fi\/turku\/","name":"Turun Meripelastusyhdistys","description":"Vapaaehtoiset apunasi vesill\u00e4","potentialAction":[{"@type":"SearchAction","target":{"@type":"EntryPoint","urlTemplate":"https:\/\/meripelastus.fi\/turku\/?s={search_term_string}"},"query-input":{"@type":"PropertyValueSpecification","valueRequired":true,"valueName":"search_term_string"}}],"inLanguage":"fi"}]}},"_links":{"self":[{"href":"https:\/\/meripelastus.fi\/turku\/wp-json\/wp\/v2\/pages\/246","targetHints":{"allow":["GET"]}}],"collection":[{"href":"https:\/\/meripelastus.fi\/turku\/wp-json\/wp\/v2\/pages"}],"about":[{"href":"https:\/\/meripelastus.fi\/turku\/wp-json\/wp\/v2\/types\/page"}],"author":[{"embeddable":true,"href":"https:\/\/meripelastus.fi\/turku\/wp-json\/wp\/v2\/users\/115"}],"replies":[{"embeddable":true,"href":"https:\/\/meripelastus.fi\/turku\/wp-json\/wp\/v2\/comments?post=246"}],"version-history":[{"count":5,"href":"https:\/\/meripelastus.fi\/turku\/wp-json\/wp\/v2\/pages\/246\/revisions"}],"predecessor-version":[{"id":1004,"href":"https:\/\/meripelastus.fi\/turku\/wp-json\/wp\/v2\/pages\/246\/revisions\/1004"}],"up":[{"embeddable":true,"href":"https:\/\/meripelastus.fi\/turku\/wp-json\/wp\/v2\/pages\/20"}],"wp:featuredmedia":[{"embeddable":true,"href":"https:\/\/meripelastus.fi\/turku\/wp-json\/wp\/v2\/media\/491"}],"wp:attachment":[{"href":"https:\/\/meripelastus.fi\/turku\/wp-json\/wp\/v2\/media?parent=246"}],"curies":[{"name":"wp","href":"https:\/\/api.w.org\/{rel}","templated":true}]}}