{"version":"1.0","provider_name":"Turun Meripelastusyhdistys","provider_url":"https:\/\/meripelastus.fi\/turku","title":"Maajoukkuemaalivahti Lukas Hradecky Caritas -toiminnan kummiksi\u00a0","type":"rich","width":600,"height":338,"html":"<blockquote class=\"wp-embedded-content\" data-secret=\"KzpPexmFQn\"><a href=\"https:\/\/meripelastus.fi\/turku\/maajoukkuemaalivahti-lukas-hradecky-caritas-toiminnan-kummiksi\/\">Maajoukkuemaalivahti Lukas Hradecky Caritas -toiminnan kummiksi\u00a0<\/a><\/blockquote><iframe sandbox=\"allow-scripts\" security=\"restricted\" src=\"https:\/\/meripelastus.fi\/turku\/maajoukkuemaalivahti-lukas-hradecky-caritas-toiminnan-kummiksi\/embed\/#?secret=KzpPexmFQn\" width=\"600\" height=\"338\" title=\"&#8221;Maajoukkuemaalivahti Lukas Hradecky Caritas -toiminnan kummiksi\u00a0&#8221; &#8212; Turun Meripelastusyhdistys\" data-secret=\"KzpPexmFQn\" frameborder=\"0\" marginwidth=\"0\" marginheight=\"0\" scrolling=\"no\" class=\"wp-embedded-content\"><\/iframe><script>\n\/*! This file is auto-generated *\/\n!function(d,l){\"use strict\";l.querySelector&&d.addEventListener&&\"undefined\"!=typeof URL&&(d.wp=d.wp||{},d.wp.receiveEmbedMessage||(d.wp.receiveEmbedMessage=function(e){var t=e.data;if((t||t.secret||t.message||t.value)&&!\/[^a-zA-Z0-9]\/.test(t.secret)){for(var s,r,n,a=l.querySelectorAll('iframe[data-secret=\"'+t.secret+'\"]'),o=l.querySelectorAll('blockquote[data-secret=\"'+t.secret+'\"]'),c=new RegExp(\"^https?:$\",\"i\"),i=0;i<o.length;i++)o[i].style.display=\"none\";for(i=0;i<a.length;i++)s=a[i],e.source===s.contentWindow&&(s.removeAttribute(\"style\"),\"height\"===t.message?(1e3<(r=parseInt(t.value,10))?r=1e3:~~r<200&&(r=200),s.height=r):\"link\"===t.message&&(r=new URL(s.getAttribute(\"src\")),n=new URL(t.value),c.test(n.protocol))&&n.host===r.host&&l.activeElement===s&&(d.top.location.href=t.value))}},d.addEventListener(\"message\",d.wp.receiveEmbedMessage,!1),l.addEventListener(\"DOMContentLoaded\",function(){for(var e,t,s=l.querySelectorAll(\"iframe.wp-embedded-content\"),r=0;r<s.length;r++)(t=(e=s[r]).getAttribute(\"data-secret\"))||(t=Math.random().toString(36).substring(2,12),e.src+=\"#?secret=\"+t,e.setAttribute(\"data-secret\",t)),e.contentWindow.postMessage({message:\"ready\",secret:t},\"*\")},!1)))}(window,document);\n\/\/# sourceURL=https:\/\/meripelastus.fi\/turku\/wp-includes\/js\/wp-embed.min.js\n<\/script>\n","thumbnail_url":"https:\/\/meripelastus.fi\/turku\/wp-content\/uploads\/sites\/22\/2019\/05\/IMG_1939.jpg","thumbnail_width":2100,"thumbnail_height":1400,"description":"Suomen Punaisella Ristill\u00e4 ja Suomen Meripelastusseuralla on Saaristomerell\u00e4 yhteistoimintana organisoitu meripelastus- ja ensivastevene ABSO. Punaisen Ristin Caritas -toimintaa on Turun saaristossa ollut 30 vuoden ajan, nykymuotoisena vuodesta 2014, jolloin kahden yhdistyksen v\u00e4linen yhteisty\u00f6 alkoi. Aluksen suorittamat ensivastetoiminnot ovat aina autettavalle maksuttomia ja toimijat ovat kaikki vapaaehtoisty\u00f6ntekij\u00f6it\u00e4. Kaudelle 2019 toiminta on saanut kummin, Suomen A-maajoukkueen ja [&hellip;]"}

Suomen Punaisella Ristillä ja Suomen Meripelastusseuralla on Saaristomerellä yhteistoimintana organisoitu meripelastus- ja ensivastevene ABSO. Punaisen Ristin Caritas -toimintaa on Turun saaristossa ollut 30 vuoden ajan, nykymuotoisena vuodesta 2014, jolloin kahden yhdistyksen välinen yhteistyö alkoi. Aluksen suorittamat ensivastetoiminnot ovat aina autettavalle maksuttomia ja toimijat ovat kaikki vapaaehtoistyöntekijöitä. Kaudelle 2019 toiminta on saanut kummin, Suomen A-maajoukkueen ja [&hellip;]
