{"id":51,"date":"2018-03-19T09:24:37","date_gmt":"2018-03-19T07:24:37","guid":{"rendered":"http:\/\/basetemplate.smpsyhdistykset.16.testivedos.com\/?page_id=51"},"modified":"2026-02-05T20:15:18","modified_gmt":"2026-02-05T18:15:18","slug":"yhteystiedot","status":"publish","type":"page","link":"https:\/\/meripelastus.fi\/tammisaari\/fi\/yhteystiedot\/","title":{"rendered":"Yhteystiedot"},"content":{"rendered":"\n<p>S-posti:<br>info@ekenassjoraddare.org<\/p>\n\n\n\n<p>Postiosoite:<br>SMPS Tammisaaren Meripelastajat r.y.<br>Norra strandgatan 19<br>10600 Tammisaari<\/p>\n\n\n\n<p>K\u00e4yntiosoite:<br>N\u00e4seuddenin Meripelastusasema, N\u00e4seuddintie 15, 10620 Tammisaari. <\/p>\n\n\n\n<p>Huomioi ett\u00e4 luvaton oleskelu asema-alueella on kielletty\u00e4.<\/p>\n\n\n\n<h2 class=\"wp-block-heading\" id=\"h-hallitus-2026\">Hallitus 2026<\/h2>\n\n\n\n<figure class=\"wp-block-table\"><table><tbody><tr><td>Puheenjohtaja Oskar Sj\u00f6berg<\/td><td>Vara puheenjohtaja Jessica Silfver<\/td><\/tr><tr><td>Sihteeri Johan B\u00e4ckman<\/td><td>Kassanhoitaja Henning Swiboda<\/td><\/tr><tr><td>Venevastaava Mikael B\u00e4ckman<\/td><td>J\u00e4sen Patrik B\u00e4ckman<\/td><\/tr><tr><td>J\u00e4sen Markus Korpela<\/td><td>J\u00e4sen Erik S\u00f6derstr\u00f6m<\/td><\/tr><tr><td>Varaj\u00e4sen Andreas Hindr\u00e9n<\/td><td>Varaj\u00e4sen Teija Sirko-Lev\u00e4aho<\/td><\/tr><\/tbody><\/table><\/figure>\n\n\n\n<div style=\"height:2rem\" aria-hidden=\"true\" class=\"wp-block-spacer\"><\/div>\n\n\n\n<p>Kaikki hallituksessa tavoittaa s-postitse, etunimi.sukunimi@ekenassjoraddare.org.<\/p>\n\n\n\n<h2 class=\"wp-block-heading\" id=\"h-toimihenkilot-2024\">Toimihenkil\u00f6t 2024 \u2013<\/h2>\n\n\n\n<p>Koulutusvastaava Mikael B\u00e4ckman<br>Nuorisovastaava Mikael B\u00e4ckman<br>Valmiusvastaava Henning Swiboda<br>P\u00e4ivystysvastaava Henning Swiboda<br>Asemavastaava Johan B\u00e4ckman<br>J\u00e4senvastaava Andreas Hindr\u00e9n<br>Turvallisuusvastaava Daniel Strandell<br>Tiedotusvastaava Tove Werner<br>Markkinointivastaavat Andreas Hindr\u00e9n, Amanda Silfver ja Lina Pihlstr\u00f6m<br>Verkkosivuvastaava Andreas Hindr\u00e9n<br>Materiaali- ja inventointivastaavat Jessica Silfver ja Daniel Strandell<br>Ensiapu vastaavat Jessica Silfver, Amanda Silfver ja Lina Pihlstr\u00f6m<\/p>\n","protected":false},"excerpt":{"rendered":"<p>S-posti:info@ekenassjoraddare.org Postiosoite:SMPS Tammisaaren Meripelastajat r.y.Norra strandgatan 1910600 Tammisaari K\u00e4yntiosoite:N\u00e4seuddenin Meripelastusasema, N\u00e4seuddintie 15, 10620 Tammisaari. Huomioi ett\u00e4 luvaton oleskelu asema-alueella on kielletty\u00e4. Hallitus 2026 Puheenjohtaja Oskar Sj\u00f6berg Vara puheenjohtaja Jessica Silfver Sihteeri Johan B\u00e4ckman Kassanhoitaja Henning Swiboda Venevastaava Mikael B\u00e4ckman J\u00e4sen Patrik B\u00e4ckman J\u00e4sen Markus Korpela J\u00e4sen Erik S\u00f6derstr\u00f6m Varaj\u00e4sen Andreas Hindr\u00e9n Varaj\u00e4sen Teija Sirko-Lev\u00e4aho Kaikki [&hellip;]<\/p>\n","protected":false},"author":1,"featured_media":291,"parent":0,"menu_order":4,"comment_status":"closed","ping_status":"closed","template":"","meta":{"_acf_changed":false,"inline_featured_image":false,"footnotes":""},"class_list":["post-51","page","type-page","status-publish","has-post-thumbnail","hentry"],"acf":[],"yoast_head":"<!-- This site is optimized with the Yoast SEO Premium plugin v27.2 (Yoast SEO v27.2) - https:\/\/yoast.com\/product\/yoast-seo-premium-wordpress\/ -->\n<title>Yhteystiedot - FSRS Eken\u00e4s Sj\u00f6r\u00e4ddare r.f. - SMPS Tammisaaren Meripelastajat r.y.<\/title>\n<meta name=\"robots\" content=\"index, follow, max-snippet:-1, max-image-preview:large, max-video-preview:-1\" \/>\n<link rel=\"canonical\" href=\"https:\/\/meripelastus.fi\/tammisaari\/fi\/yhteystiedot\/\" \/>\n<meta property=\"og:locale\" content=\"sv_SE\" \/>\n<meta property=\"og:type\" content=\"article\" \/>\n<meta property=\"og:title\" content=\"Yhteystiedot\" \/>\n<meta property=\"og:description\" content=\"S-posti:info@ekenassjoraddare.org Postiosoite:SMPS Tammisaaren Meripelastajat r.y.Norra strandgatan 1910600 Tammisaari K\u00e4yntiosoite:N\u00e4seuddenin Meripelastusasema, N\u00e4seuddintie 15, 10620 Tammisaari. Huomioi ett\u00e4 luvaton oleskelu asema-alueella on kielletty\u00e4. Hallitus 2026 Puheenjohtaja Oskar Sj\u00f6berg Vara puheenjohtaja Jessica Silfver Sihteeri Johan B\u00e4ckman Kassanhoitaja Henning Swiboda Venevastaava Mikael B\u00e4ckman J\u00e4sen Patrik B\u00e4ckman J\u00e4sen Markus Korpela J\u00e4sen Erik S\u00f6derstr\u00f6m Varaj\u00e4sen Andreas Hindr\u00e9n Varaj\u00e4sen Teija Sirko-Lev\u00e4aho Kaikki [&hellip;]\" \/>\n<meta property=\"og:url\" content=\"https:\/\/meripelastus.fi\/tammisaari\/fi\/yhteystiedot\/\" \/>\n<meta property=\"og:site_name\" content=\"FSRS Eken\u00e4s Sj\u00f6r\u00e4ddare r.f. - SMPS Tammisaaren Meripelastajat r.y.\" \/>\n<meta property=\"article:modified_time\" content=\"2026-02-05T18:15:18+00:00\" \/>\n<meta property=\"og:image\" content=\"https:\/\/meripelastus.fi\/tammisaari\/wp-content\/uploads\/sites\/35\/2021\/06\/tammisaari.jpg\" \/>\n\t<meta property=\"og:image:width\" content=\"1920\" \/>\n\t<meta property=\"og:image:height\" content=\"375\" \/>\n\t<meta property=\"og:image:type\" content=\"image\/jpeg\" \/>\n<meta name=\"twitter:card\" content=\"summary_large_image\" \/>\n<meta name=\"twitter:label1\" content=\"Ber\u00e4knad l\u00e4stid\" \/>\n\t<meta name=\"twitter:data1\" content=\"1 minut\" \/>\n<script type=\"application\/ld+json\" class=\"yoast-schema-graph\">{\"@context\":\"https:\/\/schema.org\",\"@graph\":[{\"@type\":\"WebPage\",\"@id\":\"https:\/\/meripelastus.fi\/tammisaari\/fi\/yhteystiedot\/\",\"url\":\"https:\/\/meripelastus.fi\/tammisaari\/fi\/yhteystiedot\/\",\"name\":\"Yhteystiedot - FSRS Eken\u00e4s Sj\u00f6r\u00e4ddare r.f. - SMPS Tammisaaren Meripelastajat r.y.\",\"isPartOf\":{\"@id\":\"https:\/\/meripelastus.fi\/tammisaari\/#website\"},\"primaryImageOfPage\":{\"@id\":\"https:\/\/meripelastus.fi\/tammisaari\/fi\/yhteystiedot\/#primaryimage\"},\"image\":{\"@id\":\"https:\/\/meripelastus.fi\/tammisaari\/fi\/yhteystiedot\/#primaryimage\"},\"thumbnailUrl\":\"https:\/\/meripelastus.fi\/tammisaari\/wp-content\/uploads\/sites\/35\/2021\/06\/tammisaari.jpg\",\"datePublished\":\"2018-03-19T07:24:37+00:00\",\"dateModified\":\"2026-02-05T18:15:18+00:00\",\"breadcrumb\":{\"@id\":\"https:\/\/meripelastus.fi\/tammisaari\/fi\/yhteystiedot\/#breadcrumb\"},\"inLanguage\":\"sv-SE\",\"potentialAction\":[{\"@type\":\"ReadAction\",\"target\":[\"https:\/\/meripelastus.fi\/tammisaari\/fi\/yhteystiedot\/\"]}]},{\"@type\":\"ImageObject\",\"inLanguage\":\"sv-SE\",\"@id\":\"https:\/\/meripelastus.fi\/tammisaari\/fi\/yhteystiedot\/#primaryimage\",\"url\":\"https:\/\/meripelastus.fi\/tammisaari\/wp-content\/uploads\/sites\/35\/2021\/06\/tammisaari.jpg\",\"contentUrl\":\"https:\/\/meripelastus.fi\/tammisaari\/wp-content\/uploads\/sites\/35\/2021\/06\/tammisaari.jpg\",\"width\":1920,\"height\":375},{\"@type\":\"BreadcrumbList\",\"@id\":\"https:\/\/meripelastus.fi\/tammisaari\/fi\/yhteystiedot\/#breadcrumb\",\"itemListElement\":[{\"@type\":\"ListItem\",\"position\":1,\"name\":\"Etusivu\",\"item\":\"https:\/\/meripelastus.fi\/tammisaari\/fi\/\"},{\"@type\":\"ListItem\",\"position\":2,\"name\":\"Yhteystiedot\"}]},{\"@type\":\"WebSite\",\"@id\":\"https:\/\/meripelastus.fi\/tammisaari\/#website\",\"url\":\"https:\/\/meripelastus.fi\/tammisaari\/\",\"name\":\"FSRS Eken\u00e4s Sj\u00f6r\u00e4ddare r.f. - SMPS Tammisaaren Meripelastajat r.y.\",\"description\":\"Vapaaehtoiset apunasi vesill\u00e4\",\"potentialAction\":[{\"@type\":\"SearchAction\",\"target\":{\"@type\":\"EntryPoint\",\"urlTemplate\":\"https:\/\/meripelastus.fi\/tammisaari\/?s={search_term_string}\"},\"query-input\":{\"@type\":\"PropertyValueSpecification\",\"valueRequired\":true,\"valueName\":\"search_term_string\"}}],\"inLanguage\":\"sv-SE\"}]}<\/script>\n<!-- \/ Yoast SEO Premium plugin. -->","yoast_head_json":{"title":"Yhteystiedot - FSRS Eken\u00e4s Sj\u00f6r\u00e4ddare r.f. - SMPS Tammisaaren Meripelastajat r.y.","robots":{"index":"index","follow":"follow","max-snippet":"max-snippet:-1","max-image-preview":"max-image-preview:large","max-video-preview":"max-video-preview:-1"},"canonical":"https:\/\/meripelastus.fi\/tammisaari\/fi\/yhteystiedot\/","og_locale":"sv_SE","og_type":"article","og_title":"Yhteystiedot","og_description":"S-posti:info@ekenassjoraddare.org Postiosoite:SMPS Tammisaaren Meripelastajat r.y.Norra strandgatan 1910600 Tammisaari K\u00e4yntiosoite:N\u00e4seuddenin Meripelastusasema, N\u00e4seuddintie 15, 10620 Tammisaari. Huomioi ett\u00e4 luvaton oleskelu asema-alueella on kielletty\u00e4. Hallitus 2026 Puheenjohtaja Oskar Sj\u00f6berg Vara puheenjohtaja Jessica Silfver Sihteeri Johan B\u00e4ckman Kassanhoitaja Henning Swiboda Venevastaava Mikael B\u00e4ckman J\u00e4sen Patrik B\u00e4ckman J\u00e4sen Markus Korpela J\u00e4sen Erik S\u00f6derstr\u00f6m Varaj\u00e4sen Andreas Hindr\u00e9n Varaj\u00e4sen Teija Sirko-Lev\u00e4aho Kaikki [&hellip;]","og_url":"https:\/\/meripelastus.fi\/tammisaari\/fi\/yhteystiedot\/","og_site_name":"FSRS Eken\u00e4s Sj\u00f6r\u00e4ddare r.f. - SMPS Tammisaaren Meripelastajat r.y.","article_modified_time":"2026-02-05T18:15:18+00:00","og_image":[{"width":1920,"height":375,"url":"https:\/\/meripelastus.fi\/tammisaari\/wp-content\/uploads\/sites\/35\/2021\/06\/tammisaari.jpg","type":"image\/jpeg"}],"twitter_card":"summary_large_image","twitter_misc":{"Ber\u00e4knad l\u00e4stid":"1 minut"},"schema":{"@context":"https:\/\/schema.org","@graph":[{"@type":"WebPage","@id":"https:\/\/meripelastus.fi\/tammisaari\/fi\/yhteystiedot\/","url":"https:\/\/meripelastus.fi\/tammisaari\/fi\/yhteystiedot\/","name":"Yhteystiedot - FSRS Eken\u00e4s Sj\u00f6r\u00e4ddare r.f. - SMPS Tammisaaren Meripelastajat r.y.","isPartOf":{"@id":"https:\/\/meripelastus.fi\/tammisaari\/#website"},"primaryImageOfPage":{"@id":"https:\/\/meripelastus.fi\/tammisaari\/fi\/yhteystiedot\/#primaryimage"},"image":{"@id":"https:\/\/meripelastus.fi\/tammisaari\/fi\/yhteystiedot\/#primaryimage"},"thumbnailUrl":"https:\/\/meripelastus.fi\/tammisaari\/wp-content\/uploads\/sites\/35\/2021\/06\/tammisaari.jpg","datePublished":"2018-03-19T07:24:37+00:00","dateModified":"2026-02-05T18:15:18+00:00","breadcrumb":{"@id":"https:\/\/meripelastus.fi\/tammisaari\/fi\/yhteystiedot\/#breadcrumb"},"inLanguage":"sv-SE","potentialAction":[{"@type":"ReadAction","target":["https:\/\/meripelastus.fi\/tammisaari\/fi\/yhteystiedot\/"]}]},{"@type":"ImageObject","inLanguage":"sv-SE","@id":"https:\/\/meripelastus.fi\/tammisaari\/fi\/yhteystiedot\/#primaryimage","url":"https:\/\/meripelastus.fi\/tammisaari\/wp-content\/uploads\/sites\/35\/2021\/06\/tammisaari.jpg","contentUrl":"https:\/\/meripelastus.fi\/tammisaari\/wp-content\/uploads\/sites\/35\/2021\/06\/tammisaari.jpg","width":1920,"height":375},{"@type":"BreadcrumbList","@id":"https:\/\/meripelastus.fi\/tammisaari\/fi\/yhteystiedot\/#breadcrumb","itemListElement":[{"@type":"ListItem","position":1,"name":"Etusivu","item":"https:\/\/meripelastus.fi\/tammisaari\/fi\/"},{"@type":"ListItem","position":2,"name":"Yhteystiedot"}]},{"@type":"WebSite","@id":"https:\/\/meripelastus.fi\/tammisaari\/#website","url":"https:\/\/meripelastus.fi\/tammisaari\/","name":"FSRS Eken\u00e4s Sj\u00f6r\u00e4ddare r.f. - SMPS Tammisaaren Meripelastajat r.y.","description":"Vapaaehtoiset apunasi vesill\u00e4","potentialAction":[{"@type":"SearchAction","target":{"@type":"EntryPoint","urlTemplate":"https:\/\/meripelastus.fi\/tammisaari\/?s={search_term_string}"},"query-input":{"@type":"PropertyValueSpecification","valueRequired":true,"valueName":"search_term_string"}}],"inLanguage":"sv-SE"}]}},"_links":{"self":[{"href":"https:\/\/meripelastus.fi\/tammisaari\/wp-json\/wp\/v2\/pages\/51","targetHints":{"allow":["GET"]}}],"collection":[{"href":"https:\/\/meripelastus.fi\/tammisaari\/wp-json\/wp\/v2\/pages"}],"about":[{"href":"https:\/\/meripelastus.fi\/tammisaari\/wp-json\/wp\/v2\/types\/page"}],"author":[{"embeddable":true,"href":"https:\/\/meripelastus.fi\/tammisaari\/wp-json\/wp\/v2\/users\/1"}],"replies":[{"embeddable":true,"href":"https:\/\/meripelastus.fi\/tammisaari\/wp-json\/wp\/v2\/comments?post=51"}],"version-history":[{"count":9,"href":"https:\/\/meripelastus.fi\/tammisaari\/wp-json\/wp\/v2\/pages\/51\/revisions"}],"predecessor-version":[{"id":806,"href":"https:\/\/meripelastus.fi\/tammisaari\/wp-json\/wp\/v2\/pages\/51\/revisions\/806"}],"wp:featuredmedia":[{"embeddable":true,"href":"https:\/\/meripelastus.fi\/tammisaari\/wp-json\/wp\/v2\/media\/291"}],"wp:attachment":[{"href":"https:\/\/meripelastus.fi\/tammisaari\/wp-json\/wp\/v2\/media?parent=51"}],"curies":[{"name":"wp","href":"https:\/\/api.w.org\/{rel}","templated":true}]}}