{"id":235,"date":"2018-03-19T09:20:36","date_gmt":"2018-03-19T07:20:36","guid":{"rendered":"https:\/\/meripelastus.fi\/tammisaari-vedos\/verksamhet\/tilaa-uutiskirje\/"},"modified":"2025-12-14T16:14:57","modified_gmt":"2025-12-14T14:14:57","slug":"ungdomsavdelningen","status":"publish","type":"page","link":"https:\/\/meripelastus.fi\/tammisaari\/verksamhet\/ungdomsavdelningen\/","title":{"rendered":"Ungdomsavdelningen"},"content":{"rendered":"\n<p>F\u00f6reningen har en aktiv ungdomsverksamhet, som har varit en viktig del av f\u00f6reningens verksamhet sedan \u00e5r 2006. Till verksamheten kan man s\u00f6ka med, d\u00e5 man fyllt 10 \u00e5r. D\u00e5 man fyllt 16 \u00e5r, har man m\u00f6jlighet att delta som bes\u00e4ttningsmedlem, och d\u00e5 man blivit myndig (18 \u00e5r), har man m\u00f6jlighet att ans\u00f6ka om att f\u00e5 bli medlem i alarmbes\u00e4ttningen. <\/p>\n\n\n\n<p>Alla intresserade av att komma med, uppmanas att kontakta ungdomsansvariga. Det enda man beh\u00f6ver, \u00e4r fysisk kondition och simkunnighet. <\/p>\n","protected":false},"excerpt":{"rendered":"<p>F\u00f6reningen har en aktiv ungdomsverksamhet, som har varit en viktig del av f\u00f6reningens verksamhet sedan \u00e5r 2006. Till verksamheten kan man s\u00f6ka med, d\u00e5 man fyllt 10 \u00e5r. D\u00e5 man fyllt 16 \u00e5r, har man m\u00f6jlighet att delta som bes\u00e4ttningsmedlem, och d\u00e5 man blivit myndig (18 \u00e5r), har man m\u00f6jlighet att ans\u00f6ka om att f\u00e5 [&hellip;]<\/p>\n","protected":false},"author":1,"featured_media":0,"parent":216,"menu_order":2,"comment_status":"closed","ping_status":"closed","template":"","meta":{"_acf_changed":false,"inline_featured_image":false,"footnotes":""},"class_list":["post-235","page","type-page","status-publish","hentry"],"acf":[],"yoast_head":"<!-- This site is optimized with the Yoast SEO Premium plugin v27.2 (Yoast SEO v27.2) - https:\/\/yoast.com\/product\/yoast-seo-premium-wordpress\/ -->\n<title>Ungdomsavdelningen - FSRS Eken\u00e4s Sj\u00f6r\u00e4ddare r.f. - SMPS Tammisaaren Meripelastajat r.y.<\/title>\n<meta name=\"robots\" content=\"index, follow, max-snippet:-1, max-image-preview:large, max-video-preview:-1\" \/>\n<link rel=\"canonical\" href=\"https:\/\/meripelastus.fi\/tammisaari\/verksamhet\/ungdomsavdelningen\/\" \/>\n<meta property=\"og:locale\" content=\"sv_SE\" \/>\n<meta property=\"og:type\" content=\"article\" \/>\n<meta property=\"og:title\" content=\"Ungdomsavdelningen\" \/>\n<meta property=\"og:description\" content=\"F\u00f6reningen har en aktiv ungdomsverksamhet, som har varit en viktig del av f\u00f6reningens verksamhet sedan \u00e5r 2006. Till verksamheten kan man s\u00f6ka med, d\u00e5 man fyllt 10 \u00e5r. D\u00e5 man fyllt 16 \u00e5r, har man m\u00f6jlighet att delta som bes\u00e4ttningsmedlem, och d\u00e5 man blivit myndig (18 \u00e5r), har man m\u00f6jlighet att ans\u00f6ka om att f\u00e5 [&hellip;]\" \/>\n<meta property=\"og:url\" content=\"https:\/\/meripelastus.fi\/tammisaari\/verksamhet\/ungdomsavdelningen\/\" \/>\n<meta property=\"og:site_name\" content=\"FSRS Eken\u00e4s Sj\u00f6r\u00e4ddare r.f. - SMPS Tammisaaren Meripelastajat r.y.\" \/>\n<meta property=\"article:modified_time\" content=\"2025-12-14T14:14:57+00:00\" \/>\n<meta name=\"twitter:card\" content=\"summary_large_image\" \/>\n<meta name=\"twitter:label1\" content=\"Ber\u00e4knad l\u00e4stid\" \/>\n\t<meta name=\"twitter:data1\" content=\"1 minut\" \/>\n<script type=\"application\/ld+json\" class=\"yoast-schema-graph\">{\"@context\":\"https:\/\/schema.org\",\"@graph\":[{\"@type\":\"WebPage\",\"@id\":\"https:\/\/meripelastus.fi\/tammisaari\/verksamhet\/ungdomsavdelningen\/\",\"url\":\"https:\/\/meripelastus.fi\/tammisaari\/verksamhet\/ungdomsavdelningen\/\",\"name\":\"Ungdomsavdelningen - FSRS Eken\u00e4s Sj\u00f6r\u00e4ddare r.f. - SMPS Tammisaaren Meripelastajat r.y.\",\"isPartOf\":{\"@id\":\"https:\/\/meripelastus.fi\/tammisaari\/#website\"},\"datePublished\":\"2018-03-19T07:20:36+00:00\",\"dateModified\":\"2025-12-14T14:14:57+00:00\",\"breadcrumb\":{\"@id\":\"https:\/\/meripelastus.fi\/tammisaari\/verksamhet\/ungdomsavdelningen\/#breadcrumb\"},\"inLanguage\":\"sv-SE\",\"potentialAction\":[{\"@type\":\"ReadAction\",\"target\":[\"https:\/\/meripelastus.fi\/tammisaari\/verksamhet\/ungdomsavdelningen\/\"]}]},{\"@type\":\"BreadcrumbList\",\"@id\":\"https:\/\/meripelastus.fi\/tammisaari\/verksamhet\/ungdomsavdelningen\/#breadcrumb\",\"itemListElement\":[{\"@type\":\"ListItem\",\"position\":1,\"name\":\"Etusivu\",\"item\":\"https:\/\/meripelastus.fi\/tammisaari\/fi\/\"},{\"@type\":\"ListItem\",\"position\":2,\"name\":\"Verksamhet\",\"item\":\"https:\/\/meripelastus.fi\/tammisaari\/verksamhet\/\"},{\"@type\":\"ListItem\",\"position\":3,\"name\":\"Ungdomsavdelningen\"}]},{\"@type\":\"WebSite\",\"@id\":\"https:\/\/meripelastus.fi\/tammisaari\/#website\",\"url\":\"https:\/\/meripelastus.fi\/tammisaari\/\",\"name\":\"FSRS Eken\u00e4s Sj\u00f6r\u00e4ddare r.f. - SMPS Tammisaaren Meripelastajat r.y.\",\"description\":\"Vapaaehtoiset apunasi vesill\u00e4\",\"potentialAction\":[{\"@type\":\"SearchAction\",\"target\":{\"@type\":\"EntryPoint\",\"urlTemplate\":\"https:\/\/meripelastus.fi\/tammisaari\/?s={search_term_string}\"},\"query-input\":{\"@type\":\"PropertyValueSpecification\",\"valueRequired\":true,\"valueName\":\"search_term_string\"}}],\"inLanguage\":\"sv-SE\"}]}<\/script>\n<!-- \/ Yoast SEO Premium plugin. -->","yoast_head_json":{"title":"Ungdomsavdelningen - FSRS Eken\u00e4s Sj\u00f6r\u00e4ddare r.f. - SMPS Tammisaaren Meripelastajat r.y.","robots":{"index":"index","follow":"follow","max-snippet":"max-snippet:-1","max-image-preview":"max-image-preview:large","max-video-preview":"max-video-preview:-1"},"canonical":"https:\/\/meripelastus.fi\/tammisaari\/verksamhet\/ungdomsavdelningen\/","og_locale":"sv_SE","og_type":"article","og_title":"Ungdomsavdelningen","og_description":"F\u00f6reningen har en aktiv ungdomsverksamhet, som har varit en viktig del av f\u00f6reningens verksamhet sedan \u00e5r 2006. Till verksamheten kan man s\u00f6ka med, d\u00e5 man fyllt 10 \u00e5r. D\u00e5 man fyllt 16 \u00e5r, har man m\u00f6jlighet att delta som bes\u00e4ttningsmedlem, och d\u00e5 man blivit myndig (18 \u00e5r), har man m\u00f6jlighet att ans\u00f6ka om att f\u00e5 [&hellip;]","og_url":"https:\/\/meripelastus.fi\/tammisaari\/verksamhet\/ungdomsavdelningen\/","og_site_name":"FSRS Eken\u00e4s Sj\u00f6r\u00e4ddare r.f. - SMPS Tammisaaren Meripelastajat r.y.","article_modified_time":"2025-12-14T14:14:57+00:00","twitter_card":"summary_large_image","twitter_misc":{"Ber\u00e4knad l\u00e4stid":"1 minut"},"schema":{"@context":"https:\/\/schema.org","@graph":[{"@type":"WebPage","@id":"https:\/\/meripelastus.fi\/tammisaari\/verksamhet\/ungdomsavdelningen\/","url":"https:\/\/meripelastus.fi\/tammisaari\/verksamhet\/ungdomsavdelningen\/","name":"Ungdomsavdelningen - FSRS Eken\u00e4s Sj\u00f6r\u00e4ddare r.f. - SMPS Tammisaaren Meripelastajat r.y.","isPartOf":{"@id":"https:\/\/meripelastus.fi\/tammisaari\/#website"},"datePublished":"2018-03-19T07:20:36+00:00","dateModified":"2025-12-14T14:14:57+00:00","breadcrumb":{"@id":"https:\/\/meripelastus.fi\/tammisaari\/verksamhet\/ungdomsavdelningen\/#breadcrumb"},"inLanguage":"sv-SE","potentialAction":[{"@type":"ReadAction","target":["https:\/\/meripelastus.fi\/tammisaari\/verksamhet\/ungdomsavdelningen\/"]}]},{"@type":"BreadcrumbList","@id":"https:\/\/meripelastus.fi\/tammisaari\/verksamhet\/ungdomsavdelningen\/#breadcrumb","itemListElement":[{"@type":"ListItem","position":1,"name":"Etusivu","item":"https:\/\/meripelastus.fi\/tammisaari\/fi\/"},{"@type":"ListItem","position":2,"name":"Verksamhet","item":"https:\/\/meripelastus.fi\/tammisaari\/verksamhet\/"},{"@type":"ListItem","position":3,"name":"Ungdomsavdelningen"}]},{"@type":"WebSite","@id":"https:\/\/meripelastus.fi\/tammisaari\/#website","url":"https:\/\/meripelastus.fi\/tammisaari\/","name":"FSRS Eken\u00e4s Sj\u00f6r\u00e4ddare r.f. - SMPS Tammisaaren Meripelastajat r.y.","description":"Vapaaehtoiset apunasi vesill\u00e4","potentialAction":[{"@type":"SearchAction","target":{"@type":"EntryPoint","urlTemplate":"https:\/\/meripelastus.fi\/tammisaari\/?s={search_term_string}"},"query-input":{"@type":"PropertyValueSpecification","valueRequired":true,"valueName":"search_term_string"}}],"inLanguage":"sv-SE"}]}},"_links":{"self":[{"href":"https:\/\/meripelastus.fi\/tammisaari\/wp-json\/wp\/v2\/pages\/235","targetHints":{"allow":["GET"]}}],"collection":[{"href":"https:\/\/meripelastus.fi\/tammisaari\/wp-json\/wp\/v2\/pages"}],"about":[{"href":"https:\/\/meripelastus.fi\/tammisaari\/wp-json\/wp\/v2\/types\/page"}],"author":[{"embeddable":true,"href":"https:\/\/meripelastus.fi\/tammisaari\/wp-json\/wp\/v2\/users\/1"}],"replies":[{"embeddable":true,"href":"https:\/\/meripelastus.fi\/tammisaari\/wp-json\/wp\/v2\/comments?post=235"}],"version-history":[{"count":4,"href":"https:\/\/meripelastus.fi\/tammisaari\/wp-json\/wp\/v2\/pages\/235\/revisions"}],"predecessor-version":[{"id":773,"href":"https:\/\/meripelastus.fi\/tammisaari\/wp-json\/wp\/v2\/pages\/235\/revisions\/773"}],"up":[{"embeddable":true,"href":"https:\/\/meripelastus.fi\/tammisaari\/wp-json\/wp\/v2\/pages\/216"}],"wp:attachment":[{"href":"https:\/\/meripelastus.fi\/tammisaari\/wp-json\/wp\/v2\/media?parent=235"}],"curies":[{"name":"wp","href":"https:\/\/api.w.org\/{rel}","templated":true}]}}