{"id":229,"date":"2018-03-19T09:19:27","date_gmt":"2018-03-19T07:19:27","guid":{"rendered":"https:\/\/meripelastus.fi\/tammisaari-vedos\/verksamhet\/miehisto\/"},"modified":"2023-11-07T16:45:38","modified_gmt":"2023-11-07T14:45:38","slug":"besattning","status":"publish","type":"page","link":"https:\/\/meripelastus.fi\/tammisaari\/verksamhet\/besattning\/","title":{"rendered":"Bes\u00e4ttning"},"content":{"rendered":"\n<h2 class=\"wp-block-heading\">Frivillig bes\u00e4ttning r\u00e4ddar liv<\/h2>\n\n\n\n<p>Bes\u00e4ttningen i f\u00f6reningen best\u00e5r av frivilliga sj\u00f6r\u00e4ddare. Att vara bes\u00e4ttningsmedlem inneb\u00e4r att man frivilligt, utan ekonomisk vinning, vill hj\u00e4lpa folk i n\u00f6d. Inga f\u00f6rhandskunskaper kr\u00e4vs f\u00f6r att bli sj\u00f6r\u00e4ddare, utan det \u00e4nda vi f\u00f6rv\u00e4ntar oss \u00e4r en god grundkondition, simkunnighet och en god attityd. I verksamheten finns en bred representation , av olika k\u00f6n, fr\u00e5n olika yrkesgrupper bl.a. lektorer, IT-experter, studerande, tullinspekt\u00f6rer, skogsingeng\u00f6rer, sjuksk\u00f6tare, elektriker, konsulter och f\u00f6retagare. Oberoende av bakgrund och tidigare erfarenheter, utbildar vi v\u00e5r bes\u00e4ttning.<\/p>\n\n\n\n<figure class=\"wp-block-image alignnone wp-image-324 size-large\"><img loading=\"lazy\" decoding=\"async\" width=\"1024\" height=\"681\" src=\"https:\/\/meripelastus.fi\/tammisaari-vedos\/wp-content\/uploads\/sites\/35\/2021\/07\/Corinne_resque_multifoto-36-1024x681.jpg\" alt=\"\" class=\"wp-image-324\" srcset=\"https:\/\/meripelastus.fi\/tammisaari\/wp-content\/uploads\/sites\/35\/2021\/07\/Corinne_resque_multifoto-36-1024x681.jpg 1024w, https:\/\/meripelastus.fi\/tammisaari\/wp-content\/uploads\/sites\/35\/2021\/07\/Corinne_resque_multifoto-36-300x200.jpg 300w, https:\/\/meripelastus.fi\/tammisaari\/wp-content\/uploads\/sites\/35\/2021\/07\/Corinne_resque_multifoto-36-768x511.jpg 768w, https:\/\/meripelastus.fi\/tammisaari\/wp-content\/uploads\/sites\/35\/2021\/07\/Corinne_resque_multifoto-36-1536x1022.jpg 1536w, https:\/\/meripelastus.fi\/tammisaari\/wp-content\/uploads\/sites\/35\/2021\/07\/Corinne_resque_multifoto-36-2048x1363.jpg 2048w\" sizes=\"auto, (max-width: 1024px) 100vw, 1024px\" \/><figcaption class=\"wp-element-caption\">F\u00f6reningens aktiva vid dopet av RB Corinne Rescue 19.6.2021. Foto: Multifoto.fi<\/figcaption><\/figure>\n\n\n\n<h2 class=\"wp-block-heading\">En h\u00f6gklassig utbildning<\/h2>\n\n\n\n<p>Bes\u00e4ttningen utbildas s\u00e5v\u00e4l inom f\u00f6reningen, via Finlands Sj\u00f6r\u00e4ddningss\u00e4llskaps kurser samt via externa utbildningar.<\/p>\n\n\n\n<h3 class=\"wp-block-heading\">F\u00f6reningens utbildningar och grundkursen<\/h3>\n\n\n\n<p>F\u00f6reningen utbildar bes\u00e4ttningen i samband med lokala \u00f6vningar och patrulleringar. Vid behov ordnas en grundkurs, oftast under v\u00e5ren. Till grundkursen kan man s\u00f6ka om man \u00e4r minst 16 \u00e5r gammal och \u00e4r intresserad av att komma med i f\u00f6reningens bes\u00e4ttning. I grundkursen som f\u00f6reningen ordnar, ing\u00e5r bl.a. f\u00f6ljande \u00e4mnen: s\u00e4kerhet ombord, personlig s\u00e4kerhet, n\u00f6dsignaler, r\u00e4ddningsdr\u00e4kter, man \u00f6ver bord (MOB) m.m.<\/p>\n\n\n\n<h2 class=\"wp-block-heading\">Tag g\u00e4rna kontakt om du vill komma med i v\u00e5r nyttiga och sp\u00e4nnande verksamhet och bli en SJ\u00d6R\u00c4DDARE!<\/h2>\n","protected":false},"excerpt":{"rendered":"<p>Frivillig bes\u00e4ttning r\u00e4ddar liv Bes\u00e4ttningen i f\u00f6reningen best\u00e5r av frivilliga sj\u00f6r\u00e4ddare. Att vara bes\u00e4ttningsmedlem inneb\u00e4r att man frivilligt, utan ekonomisk vinning, vill hj\u00e4lpa folk i n\u00f6d. Inga f\u00f6rhandskunskaper kr\u00e4vs f\u00f6r att bli sj\u00f6r\u00e4ddare, utan det \u00e4nda vi f\u00f6rv\u00e4ntar oss \u00e4r en god grundkondition, simkunnighet och en god attityd. I verksamheten finns en bred representation , [&hellip;]<\/p>\n","protected":false},"author":1,"featured_media":434,"parent":216,"menu_order":1,"comment_status":"closed","ping_status":"closed","template":"","meta":{"_acf_changed":false,"inline_featured_image":false,"footnotes":""},"class_list":["post-229","page","type-page","status-publish","has-post-thumbnail","hentry"],"acf":[],"yoast_head":"<!-- This site is optimized with the Yoast SEO Premium plugin v27.4 (Yoast SEO v27.4) - https:\/\/yoast.com\/product\/yoast-seo-premium-wordpress\/ -->\n<title>Bes\u00e4ttning - FSRS Eken\u00e4s Sj\u00f6r\u00e4ddare r.f. - SMPS Tammisaaren Meripelastajat r.y.<\/title>\n<meta name=\"robots\" content=\"index, follow, max-snippet:-1, max-image-preview:large, max-video-preview:-1\" \/>\n<link rel=\"canonical\" href=\"https:\/\/meripelastus.fi\/tammisaari\/verksamhet\/besattning\/\" \/>\n<meta property=\"og:locale\" content=\"sv_SE\" \/>\n<meta property=\"og:type\" content=\"article\" \/>\n<meta property=\"og:title\" content=\"Bes\u00e4ttning\" \/>\n<meta property=\"og:description\" content=\"Frivillig bes\u00e4ttning r\u00e4ddar liv Bes\u00e4ttningen i f\u00f6reningen best\u00e5r av frivilliga sj\u00f6r\u00e4ddare. Att vara bes\u00e4ttningsmedlem inneb\u00e4r att man frivilligt, utan ekonomisk vinning, vill hj\u00e4lpa folk i n\u00f6d. Inga f\u00f6rhandskunskaper kr\u00e4vs f\u00f6r att bli sj\u00f6r\u00e4ddare, utan det \u00e4nda vi f\u00f6rv\u00e4ntar oss \u00e4r en god grundkondition, simkunnighet och en god attityd. I verksamheten finns en bred representation , [&hellip;]\" \/>\n<meta property=\"og:url\" content=\"https:\/\/meripelastus.fi\/tammisaari\/verksamhet\/besattning\/\" \/>\n<meta property=\"og:site_name\" content=\"FSRS Eken\u00e4s Sj\u00f6r\u00e4ddare r.f. - SMPS Tammisaaren Meripelastajat r.y.\" \/>\n<meta property=\"article:modified_time\" content=\"2023-11-07T14:45:38+00:00\" \/>\n<meta property=\"og:image\" content=\"https:\/\/meripelastus.fi\/tammisaari\/wp-content\/uploads\/sites\/35\/2023\/01\/20180512_173524_w2000_light.jpg\" \/>\n\t<meta property=\"og:image:width\" content=\"2000\" \/>\n\t<meta property=\"og:image:height\" content=\"1500\" \/>\n\t<meta property=\"og:image:type\" content=\"image\/jpeg\" \/>\n<meta name=\"twitter:card\" content=\"summary_large_image\" \/>\n<meta name=\"twitter:label1\" content=\"Ber\u00e4knad l\u00e4stid\" \/>\n\t<meta name=\"twitter:data1\" content=\"2 minuter\" \/>\n<script type=\"application\/ld+json\" class=\"yoast-schema-graph\">{\"@context\":\"https:\\\/\\\/schema.org\",\"@graph\":[{\"@type\":\"WebPage\",\"@id\":\"https:\\\/\\\/meripelastus.fi\\\/tammisaari\\\/verksamhet\\\/besattning\\\/\",\"url\":\"https:\\\/\\\/meripelastus.fi\\\/tammisaari\\\/verksamhet\\\/besattning\\\/\",\"name\":\"Bes\u00e4ttning - FSRS Eken\u00e4s Sj\u00f6r\u00e4ddare r.f. - SMPS Tammisaaren Meripelastajat r.y.\",\"isPartOf\":{\"@id\":\"https:\\\/\\\/meripelastus.fi\\\/tammisaari\\\/#website\"},\"primaryImageOfPage\":{\"@id\":\"https:\\\/\\\/meripelastus.fi\\\/tammisaari\\\/verksamhet\\\/besattning\\\/#primaryimage\"},\"image\":{\"@id\":\"https:\\\/\\\/meripelastus.fi\\\/tammisaari\\\/verksamhet\\\/besattning\\\/#primaryimage\"},\"thumbnailUrl\":\"https:\\\/\\\/meripelastus.fi\\\/tammisaari\\\/wp-content\\\/uploads\\\/sites\\\/35\\\/2023\\\/01\\\/20180512_173524_w2000_light.jpg\",\"datePublished\":\"2018-03-19T07:19:27+00:00\",\"dateModified\":\"2023-11-07T14:45:38+00:00\",\"breadcrumb\":{\"@id\":\"https:\\\/\\\/meripelastus.fi\\\/tammisaari\\\/verksamhet\\\/besattning\\\/#breadcrumb\"},\"inLanguage\":\"sv-SE\",\"potentialAction\":[{\"@type\":\"ReadAction\",\"target\":[\"https:\\\/\\\/meripelastus.fi\\\/tammisaari\\\/verksamhet\\\/besattning\\\/\"]}]},{\"@type\":\"ImageObject\",\"inLanguage\":\"sv-SE\",\"@id\":\"https:\\\/\\\/meripelastus.fi\\\/tammisaari\\\/verksamhet\\\/besattning\\\/#primaryimage\",\"url\":\"https:\\\/\\\/meripelastus.fi\\\/tammisaari\\\/wp-content\\\/uploads\\\/sites\\\/35\\\/2023\\\/01\\\/20180512_173524_w2000_light.jpg\",\"contentUrl\":\"https:\\\/\\\/meripelastus.fi\\\/tammisaari\\\/wp-content\\\/uploads\\\/sites\\\/35\\\/2023\\\/01\\\/20180512_173524_w2000_light.jpg\",\"width\":2000,\"height\":1500},{\"@type\":\"BreadcrumbList\",\"@id\":\"https:\\\/\\\/meripelastus.fi\\\/tammisaari\\\/verksamhet\\\/besattning\\\/#breadcrumb\",\"itemListElement\":[{\"@type\":\"ListItem\",\"position\":1,\"name\":\"Etusivu\",\"item\":\"https:\\\/\\\/meripelastus.fi\\\/tammisaari\\\/fi\\\/\"},{\"@type\":\"ListItem\",\"position\":2,\"name\":\"Verksamhet\",\"item\":\"https:\\\/\\\/meripelastus.fi\\\/tammisaari\\\/verksamhet\\\/\"},{\"@type\":\"ListItem\",\"position\":3,\"name\":\"Bes\u00e4ttning\"}]},{\"@type\":\"WebSite\",\"@id\":\"https:\\\/\\\/meripelastus.fi\\\/tammisaari\\\/#website\",\"url\":\"https:\\\/\\\/meripelastus.fi\\\/tammisaari\\\/\",\"name\":\"FSRS Eken\u00e4s Sj\u00f6r\u00e4ddare r.f. - SMPS Tammisaaren Meripelastajat r.y.\",\"description\":\"Vapaaehtoiset apunasi vesill\u00e4\",\"potentialAction\":[{\"@type\":\"SearchAction\",\"target\":{\"@type\":\"EntryPoint\",\"urlTemplate\":\"https:\\\/\\\/meripelastus.fi\\\/tammisaari\\\/?s={search_term_string}\"},\"query-input\":{\"@type\":\"PropertyValueSpecification\",\"valueRequired\":true,\"valueName\":\"search_term_string\"}}],\"inLanguage\":\"sv-SE\"}]}<\/script>\n<!-- \/ Yoast SEO Premium plugin. -->","yoast_head_json":{"title":"Bes\u00e4ttning - FSRS Eken\u00e4s Sj\u00f6r\u00e4ddare r.f. - SMPS Tammisaaren Meripelastajat r.y.","robots":{"index":"index","follow":"follow","max-snippet":"max-snippet:-1","max-image-preview":"max-image-preview:large","max-video-preview":"max-video-preview:-1"},"canonical":"https:\/\/meripelastus.fi\/tammisaari\/verksamhet\/besattning\/","og_locale":"sv_SE","og_type":"article","og_title":"Bes\u00e4ttning","og_description":"Frivillig bes\u00e4ttning r\u00e4ddar liv Bes\u00e4ttningen i f\u00f6reningen best\u00e5r av frivilliga sj\u00f6r\u00e4ddare. Att vara bes\u00e4ttningsmedlem inneb\u00e4r att man frivilligt, utan ekonomisk vinning, vill hj\u00e4lpa folk i n\u00f6d. Inga f\u00f6rhandskunskaper kr\u00e4vs f\u00f6r att bli sj\u00f6r\u00e4ddare, utan det \u00e4nda vi f\u00f6rv\u00e4ntar oss \u00e4r en god grundkondition, simkunnighet och en god attityd. I verksamheten finns en bred representation , [&hellip;]","og_url":"https:\/\/meripelastus.fi\/tammisaari\/verksamhet\/besattning\/","og_site_name":"FSRS Eken\u00e4s Sj\u00f6r\u00e4ddare r.f. - SMPS Tammisaaren Meripelastajat r.y.","article_modified_time":"2023-11-07T14:45:38+00:00","og_image":[{"width":2000,"height":1500,"url":"https:\/\/meripelastus.fi\/tammisaari\/wp-content\/uploads\/sites\/35\/2023\/01\/20180512_173524_w2000_light.jpg","type":"image\/jpeg"}],"twitter_card":"summary_large_image","twitter_misc":{"Ber\u00e4knad l\u00e4stid":"2 minuter"},"schema":{"@context":"https:\/\/schema.org","@graph":[{"@type":"WebPage","@id":"https:\/\/meripelastus.fi\/tammisaari\/verksamhet\/besattning\/","url":"https:\/\/meripelastus.fi\/tammisaari\/verksamhet\/besattning\/","name":"Bes\u00e4ttning - FSRS Eken\u00e4s Sj\u00f6r\u00e4ddare r.f. - SMPS Tammisaaren Meripelastajat r.y.","isPartOf":{"@id":"https:\/\/meripelastus.fi\/tammisaari\/#website"},"primaryImageOfPage":{"@id":"https:\/\/meripelastus.fi\/tammisaari\/verksamhet\/besattning\/#primaryimage"},"image":{"@id":"https:\/\/meripelastus.fi\/tammisaari\/verksamhet\/besattning\/#primaryimage"},"thumbnailUrl":"https:\/\/meripelastus.fi\/tammisaari\/wp-content\/uploads\/sites\/35\/2023\/01\/20180512_173524_w2000_light.jpg","datePublished":"2018-03-19T07:19:27+00:00","dateModified":"2023-11-07T14:45:38+00:00","breadcrumb":{"@id":"https:\/\/meripelastus.fi\/tammisaari\/verksamhet\/besattning\/#breadcrumb"},"inLanguage":"sv-SE","potentialAction":[{"@type":"ReadAction","target":["https:\/\/meripelastus.fi\/tammisaari\/verksamhet\/besattning\/"]}]},{"@type":"ImageObject","inLanguage":"sv-SE","@id":"https:\/\/meripelastus.fi\/tammisaari\/verksamhet\/besattning\/#primaryimage","url":"https:\/\/meripelastus.fi\/tammisaari\/wp-content\/uploads\/sites\/35\/2023\/01\/20180512_173524_w2000_light.jpg","contentUrl":"https:\/\/meripelastus.fi\/tammisaari\/wp-content\/uploads\/sites\/35\/2023\/01\/20180512_173524_w2000_light.jpg","width":2000,"height":1500},{"@type":"BreadcrumbList","@id":"https:\/\/meripelastus.fi\/tammisaari\/verksamhet\/besattning\/#breadcrumb","itemListElement":[{"@type":"ListItem","position":1,"name":"Etusivu","item":"https:\/\/meripelastus.fi\/tammisaari\/fi\/"},{"@type":"ListItem","position":2,"name":"Verksamhet","item":"https:\/\/meripelastus.fi\/tammisaari\/verksamhet\/"},{"@type":"ListItem","position":3,"name":"Bes\u00e4ttning"}]},{"@type":"WebSite","@id":"https:\/\/meripelastus.fi\/tammisaari\/#website","url":"https:\/\/meripelastus.fi\/tammisaari\/","name":"FSRS Eken\u00e4s Sj\u00f6r\u00e4ddare r.f. - SMPS Tammisaaren Meripelastajat r.y.","description":"Vapaaehtoiset apunasi vesill\u00e4","potentialAction":[{"@type":"SearchAction","target":{"@type":"EntryPoint","urlTemplate":"https:\/\/meripelastus.fi\/tammisaari\/?s={search_term_string}"},"query-input":{"@type":"PropertyValueSpecification","valueRequired":true,"valueName":"search_term_string"}}],"inLanguage":"sv-SE"}]}},"_links":{"self":[{"href":"https:\/\/meripelastus.fi\/tammisaari\/wp-json\/wp\/v2\/pages\/229","targetHints":{"allow":["GET"]}}],"collection":[{"href":"https:\/\/meripelastus.fi\/tammisaari\/wp-json\/wp\/v2\/pages"}],"about":[{"href":"https:\/\/meripelastus.fi\/tammisaari\/wp-json\/wp\/v2\/types\/page"}],"author":[{"embeddable":true,"href":"https:\/\/meripelastus.fi\/tammisaari\/wp-json\/wp\/v2\/users\/1"}],"replies":[{"embeddable":true,"href":"https:\/\/meripelastus.fi\/tammisaari\/wp-json\/wp\/v2\/comments?post=229"}],"version-history":[{"count":7,"href":"https:\/\/meripelastus.fi\/tammisaari\/wp-json\/wp\/v2\/pages\/229\/revisions"}],"predecessor-version":[{"id":480,"href":"https:\/\/meripelastus.fi\/tammisaari\/wp-json\/wp\/v2\/pages\/229\/revisions\/480"}],"up":[{"embeddable":true,"href":"https:\/\/meripelastus.fi\/tammisaari\/wp-json\/wp\/v2\/pages\/216"}],"wp:featuredmedia":[{"embeddable":true,"href":"https:\/\/meripelastus.fi\/tammisaari\/wp-json\/wp\/v2\/media\/434"}],"wp:attachment":[{"href":"https:\/\/meripelastus.fi\/tammisaari\/wp-json\/wp\/v2\/media?parent=229"}],"curies":[{"name":"wp","href":"https:\/\/api.w.org\/{rel}","templated":true}]}}