{"id":226,"date":"2018-03-19T09:19:10","date_gmt":"2018-03-19T07:19:10","guid":{"rendered":"https:\/\/meripelastus.fi\/tammisaari-vedos\/verksamhet\/alukset\/"},"modified":"2023-11-07T16:45:31","modified_gmt":"2023-11-07T14:45:31","slug":"raddningsbatar","status":"publish","type":"page","link":"https:\/\/meripelastus.fi\/tammisaari\/verksamhet\/raddningsbatar\/","title":{"rendered":"R\u00e4ddningsb\u00e5tar"},"content":{"rendered":"\n<p>FSRS Eken\u00e4s Sj\u00f6r\u00e4ddare r.f. har tv\u00e5 b\u00e5tar till sitt f\u00f6rfogande. B\u00e5da \u00e4r stationerade vid N\u00e4seuddens Sj\u00f6r\u00e4ddningsstation, Eken\u00e4s.<\/p>\n\n\n\n<h2 class=\"wp-block-heading\">RB Corinne Rescue<\/h2>\n\n\n\n<figure class=\"wp-block-image\"><img loading=\"lazy\" decoding=\"async\" width=\"300\" height=\"225\" src=\"https:\/\/meripelastus.fi\/tammisaari-vedos\/wp-content\/uploads\/sites\/35\/2023\/01\/20221105_143854_crop_w2000_light-300x225.jpg\" alt=\"\" class=\"wp-image-424\" srcset=\"https:\/\/meripelastus.fi\/tammisaari\/wp-content\/uploads\/sites\/35\/2023\/01\/20221105_143854_crop_w2000_light-300x225.jpg 300w, https:\/\/meripelastus.fi\/tammisaari\/wp-content\/uploads\/sites\/35\/2023\/01\/20221105_143854_crop_w2000_light-768x576.jpg 768w, https:\/\/meripelastus.fi\/tammisaari\/wp-content\/uploads\/sites\/35\/2023\/01\/20221105_143854_crop_w2000_light-1024x768.jpg 1024w, https:\/\/meripelastus.fi\/tammisaari\/wp-content\/uploads\/sites\/35\/2023\/01\/20221105_143854_crop_w2000_light-1536x1152.jpg 1536w, https:\/\/meripelastus.fi\/tammisaari\/wp-content\/uploads\/sites\/35\/2023\/01\/20221105_143854_crop_w2000_light-1600x1200.jpg 1600w, https:\/\/meripelastus.fi\/tammisaari\/wp-content\/uploads\/sites\/35\/2023\/01\/20221105_143854_crop_w2000_light.jpg 2000w\" sizes=\"auto, (max-width: 300px) 100vw, 300px\" \/><\/figure>\n\n\n\n<p>Tillverkare: OY Kewatec Aluboat AB<br>M\u00e4rke: Kewatec<br>Typ: Patroll 1000 SAR<br>Ibruktagnings\u00e5r: 2021<br>Byggnadsmaterial: aluminium<br>Max.hastighet: 35 kn<br>L\u00e4ngd: 10,02 m<br>Bredd: 3,21 m<br>H\u00f6jd: 4,10 m<br>Djupg\u00e5ende: 0,60 m<br>Vikt: 6,50 tn<br>Motorstyrka: 405 kW<br>Drivlina: vattenjet<br>Bes\u00e4ttning: min. 1 + 1<br>Namnsponsor: Nylund&#8217;s Boathouse<\/p>\n\n\n\n<h2 class=\"wp-block-heading\">RB Interpersona Rescue<\/h2>\n\n\n\n<figure class=\"wp-block-image\"><img loading=\"lazy\" decoding=\"async\" width=\"300\" height=\"225\" src=\"https:\/\/meripelastus.fi\/tammisaari-vedos\/wp-content\/uploads\/sites\/35\/2023\/01\/20180512_171848_w2000_light-300x225.jpg\" alt=\"\" class=\"wp-image-438\" srcset=\"https:\/\/meripelastus.fi\/tammisaari\/wp-content\/uploads\/sites\/35\/2023\/01\/20180512_171848_w2000_light-300x225.jpg 300w, https:\/\/meripelastus.fi\/tammisaari\/wp-content\/uploads\/sites\/35\/2023\/01\/20180512_171848_w2000_light-768x576.jpg 768w, https:\/\/meripelastus.fi\/tammisaari\/wp-content\/uploads\/sites\/35\/2023\/01\/20180512_171848_w2000_light-1024x768.jpg 1024w, https:\/\/meripelastus.fi\/tammisaari\/wp-content\/uploads\/sites\/35\/2023\/01\/20180512_171848_w2000_light-1536x1152.jpg 1536w, https:\/\/meripelastus.fi\/tammisaari\/wp-content\/uploads\/sites\/35\/2023\/01\/20180512_171848_w2000_light-1600x1200.jpg 1600w, https:\/\/meripelastus.fi\/tammisaari\/wp-content\/uploads\/sites\/35\/2023\/01\/20180512_171848_w2000_light.jpg 2000w\" sizes=\"auto, (max-width: 300px) 100vw, 300px\" \/><\/figure>\n\n\n\n<p>Tillverkare: HT Engineering Oy<br>M\u00e4rke: HTech<br>Typ: A25 SAR<br>Ibruktagnings\u00e5r: 2011<br>Byggnadsmaterial: aluminium<br>Max.hastighet: 32 kn<br>L\u00e4ngd: 7,95 m<br>Bredd: 2,85 m<br>H\u00f6jd: 3,46 m<br>Djupg\u00e5ende: 0,45 m<br>Vikt: 2,85 tn<br>Motorstyrka: 217 kW<br>Drivlina: vattenjet<br>Bes\u00e4ttning: min. 1 + 1<br>Namnsponsor: Interpersona Oy Ab<\/p>\n","protected":false},"excerpt":{"rendered":"<p>FSRS Eken\u00e4s Sj\u00f6r\u00e4ddare r.f. har tv\u00e5 b\u00e5tar till sitt f\u00f6rfogande. B\u00e5da \u00e4r stationerade vid N\u00e4seuddens Sj\u00f6r\u00e4ddningsstation, Eken\u00e4s. RB Corinne Rescue Tillverkare: OY Kewatec Aluboat ABM\u00e4rke: KewatecTyp: Patroll 1000 SARIbruktagnings\u00e5r: 2021Byggnadsmaterial: aluminiumMax.hastighet: 35 knL\u00e4ngd: 10,02 mBredd: 3,21 mH\u00f6jd: 4,10 mDjupg\u00e5ende: 0,60 mVikt: 6,50 tnMotorstyrka: 405 kWDrivlina: vattenjetBes\u00e4ttning: min. 1 + 1Namnsponsor: Nylund&#8217;s Boathouse RB Interpersona Rescue [&hellip;]<\/p>\n","protected":false},"author":1,"featured_media":377,"parent":216,"menu_order":0,"comment_status":"closed","ping_status":"closed","template":"","meta":{"_acf_changed":false,"inline_featured_image":false,"footnotes":""},"class_list":["post-226","page","type-page","status-publish","has-post-thumbnail","hentry"],"acf":[],"yoast_head":"<!-- This site is optimized with the Yoast SEO Premium plugin v27.2 (Yoast SEO v27.2) - https:\/\/yoast.com\/product\/yoast-seo-premium-wordpress\/ -->\n<title>R\u00e4ddningsb\u00e5tar - FSRS Eken\u00e4s Sj\u00f6r\u00e4ddare r.f. - SMPS Tammisaaren Meripelastajat r.y.<\/title>\n<meta name=\"robots\" content=\"index, follow, max-snippet:-1, max-image-preview:large, max-video-preview:-1\" \/>\n<link rel=\"canonical\" href=\"https:\/\/meripelastus.fi\/tammisaari\/verksamhet\/raddningsbatar\/\" \/>\n<meta property=\"og:locale\" content=\"sv_SE\" \/>\n<meta property=\"og:type\" content=\"article\" \/>\n<meta property=\"og:title\" content=\"R\u00e4ddningsb\u00e5tar\" \/>\n<meta property=\"og:description\" content=\"FSRS Eken\u00e4s Sj\u00f6r\u00e4ddare r.f. har tv\u00e5 b\u00e5tar till sitt f\u00f6rfogande. B\u00e5da \u00e4r stationerade vid N\u00e4seuddens Sj\u00f6r\u00e4ddningsstation, Eken\u00e4s. RB Corinne Rescue Tillverkare: OY Kewatec Aluboat ABM\u00e4rke: KewatecTyp: Patroll 1000 SARIbruktagnings\u00e5r: 2021Byggnadsmaterial: aluminiumMax.hastighet: 35 knL\u00e4ngd: 10,02 mBredd: 3,21 mH\u00f6jd: 4,10 mDjupg\u00e5ende: 0,60 mVikt: 6,50 tnMotorstyrka: 405 kWDrivlina: vattenjetBes\u00e4ttning: min. 1 + 1Namnsponsor: Nylund&#8217;s Boathouse RB Interpersona Rescue [&hellip;]\" \/>\n<meta property=\"og:url\" content=\"https:\/\/meripelastus.fi\/tammisaari\/verksamhet\/raddningsbatar\/\" \/>\n<meta property=\"og:site_name\" content=\"FSRS Eken\u00e4s Sj\u00f6r\u00e4ddare r.f. - SMPS Tammisaaren Meripelastajat r.y.\" \/>\n<meta property=\"article:modified_time\" content=\"2023-11-07T14:45:31+00:00\" \/>\n<meta property=\"og:image\" content=\"https:\/\/meripelastus.fi\/tammisaari\/wp-content\/uploads\/sites\/35\/2022\/06\/RB_Corinne_Rescue_RB_Interpersona_Rescue_Naseudden_Ekenas_Raseborg_Foto_Andreas_Hindren_20220527_123025-scaled.jpg\" \/>\n\t<meta property=\"og:image:width\" content=\"2560\" \/>\n\t<meta property=\"og:image:height\" content=\"1409\" \/>\n\t<meta property=\"og:image:type\" content=\"image\/jpeg\" \/>\n<meta name=\"twitter:card\" content=\"summary_large_image\" \/>\n<meta name=\"twitter:label1\" content=\"Ber\u00e4knad l\u00e4stid\" \/>\n\t<meta name=\"twitter:data1\" content=\"2 minuter\" \/>\n<script type=\"application\/ld+json\" class=\"yoast-schema-graph\">{\"@context\":\"https:\/\/schema.org\",\"@graph\":[{\"@type\":\"WebPage\",\"@id\":\"https:\/\/meripelastus.fi\/tammisaari\/verksamhet\/raddningsbatar\/\",\"url\":\"https:\/\/meripelastus.fi\/tammisaari\/verksamhet\/raddningsbatar\/\",\"name\":\"R\u00e4ddningsb\u00e5tar - FSRS Eken\u00e4s Sj\u00f6r\u00e4ddare r.f. - SMPS Tammisaaren Meripelastajat r.y.\",\"isPartOf\":{\"@id\":\"https:\/\/meripelastus.fi\/tammisaari\/#website\"},\"primaryImageOfPage\":{\"@id\":\"https:\/\/meripelastus.fi\/tammisaari\/verksamhet\/raddningsbatar\/#primaryimage\"},\"image\":{\"@id\":\"https:\/\/meripelastus.fi\/tammisaari\/verksamhet\/raddningsbatar\/#primaryimage\"},\"thumbnailUrl\":\"https:\/\/meripelastus.fi\/tammisaari\/wp-content\/uploads\/sites\/35\/2022\/06\/RB_Corinne_Rescue_RB_Interpersona_Rescue_Naseudden_Ekenas_Raseborg_Foto_Andreas_Hindren_20220527_123025-scaled.jpg\",\"datePublished\":\"2018-03-19T07:19:10+00:00\",\"dateModified\":\"2023-11-07T14:45:31+00:00\",\"breadcrumb\":{\"@id\":\"https:\/\/meripelastus.fi\/tammisaari\/verksamhet\/raddningsbatar\/#breadcrumb\"},\"inLanguage\":\"sv-SE\",\"potentialAction\":[{\"@type\":\"ReadAction\",\"target\":[\"https:\/\/meripelastus.fi\/tammisaari\/verksamhet\/raddningsbatar\/\"]}]},{\"@type\":\"ImageObject\",\"inLanguage\":\"sv-SE\",\"@id\":\"https:\/\/meripelastus.fi\/tammisaari\/verksamhet\/raddningsbatar\/#primaryimage\",\"url\":\"https:\/\/meripelastus.fi\/tammisaari\/wp-content\/uploads\/sites\/35\/2022\/06\/RB_Corinne_Rescue_RB_Interpersona_Rescue_Naseudden_Ekenas_Raseborg_Foto_Andreas_Hindren_20220527_123025-scaled.jpg\",\"contentUrl\":\"https:\/\/meripelastus.fi\/tammisaari\/wp-content\/uploads\/sites\/35\/2022\/06\/RB_Corinne_Rescue_RB_Interpersona_Rescue_Naseudden_Ekenas_Raseborg_Foto_Andreas_Hindren_20220527_123025-scaled.jpg\",\"width\":3589,\"height\":1975},{\"@type\":\"BreadcrumbList\",\"@id\":\"https:\/\/meripelastus.fi\/tammisaari\/verksamhet\/raddningsbatar\/#breadcrumb\",\"itemListElement\":[{\"@type\":\"ListItem\",\"position\":1,\"name\":\"Etusivu\",\"item\":\"https:\/\/meripelastus.fi\/tammisaari\/fi\/\"},{\"@type\":\"ListItem\",\"position\":2,\"name\":\"Verksamhet\",\"item\":\"https:\/\/meripelastus.fi\/tammisaari\/verksamhet\/\"},{\"@type\":\"ListItem\",\"position\":3,\"name\":\"R\u00e4ddningsb\u00e5tar\"}]},{\"@type\":\"WebSite\",\"@id\":\"https:\/\/meripelastus.fi\/tammisaari\/#website\",\"url\":\"https:\/\/meripelastus.fi\/tammisaari\/\",\"name\":\"FSRS Eken\u00e4s Sj\u00f6r\u00e4ddare r.f. - SMPS Tammisaaren Meripelastajat r.y.\",\"description\":\"Vapaaehtoiset apunasi vesill\u00e4\",\"potentialAction\":[{\"@type\":\"SearchAction\",\"target\":{\"@type\":\"EntryPoint\",\"urlTemplate\":\"https:\/\/meripelastus.fi\/tammisaari\/?s={search_term_string}\"},\"query-input\":{\"@type\":\"PropertyValueSpecification\",\"valueRequired\":true,\"valueName\":\"search_term_string\"}}],\"inLanguage\":\"sv-SE\"}]}<\/script>\n<!-- \/ Yoast SEO Premium plugin. -->","yoast_head_json":{"title":"R\u00e4ddningsb\u00e5tar - FSRS Eken\u00e4s Sj\u00f6r\u00e4ddare r.f. - SMPS Tammisaaren Meripelastajat r.y.","robots":{"index":"index","follow":"follow","max-snippet":"max-snippet:-1","max-image-preview":"max-image-preview:large","max-video-preview":"max-video-preview:-1"},"canonical":"https:\/\/meripelastus.fi\/tammisaari\/verksamhet\/raddningsbatar\/","og_locale":"sv_SE","og_type":"article","og_title":"R\u00e4ddningsb\u00e5tar","og_description":"FSRS Eken\u00e4s Sj\u00f6r\u00e4ddare r.f. har tv\u00e5 b\u00e5tar till sitt f\u00f6rfogande. B\u00e5da \u00e4r stationerade vid N\u00e4seuddens Sj\u00f6r\u00e4ddningsstation, Eken\u00e4s. RB Corinne Rescue Tillverkare: OY Kewatec Aluboat ABM\u00e4rke: KewatecTyp: Patroll 1000 SARIbruktagnings\u00e5r: 2021Byggnadsmaterial: aluminiumMax.hastighet: 35 knL\u00e4ngd: 10,02 mBredd: 3,21 mH\u00f6jd: 4,10 mDjupg\u00e5ende: 0,60 mVikt: 6,50 tnMotorstyrka: 405 kWDrivlina: vattenjetBes\u00e4ttning: min. 1 + 1Namnsponsor: Nylund&#8217;s Boathouse RB Interpersona Rescue [&hellip;]","og_url":"https:\/\/meripelastus.fi\/tammisaari\/verksamhet\/raddningsbatar\/","og_site_name":"FSRS Eken\u00e4s Sj\u00f6r\u00e4ddare r.f. - SMPS Tammisaaren Meripelastajat r.y.","article_modified_time":"2023-11-07T14:45:31+00:00","og_image":[{"width":2560,"height":1409,"url":"https:\/\/meripelastus.fi\/tammisaari\/wp-content\/uploads\/sites\/35\/2022\/06\/RB_Corinne_Rescue_RB_Interpersona_Rescue_Naseudden_Ekenas_Raseborg_Foto_Andreas_Hindren_20220527_123025-scaled.jpg","type":"image\/jpeg"}],"twitter_card":"summary_large_image","twitter_misc":{"Ber\u00e4knad l\u00e4stid":"2 minuter"},"schema":{"@context":"https:\/\/schema.org","@graph":[{"@type":"WebPage","@id":"https:\/\/meripelastus.fi\/tammisaari\/verksamhet\/raddningsbatar\/","url":"https:\/\/meripelastus.fi\/tammisaari\/verksamhet\/raddningsbatar\/","name":"R\u00e4ddningsb\u00e5tar - FSRS Eken\u00e4s Sj\u00f6r\u00e4ddare r.f. - SMPS Tammisaaren Meripelastajat r.y.","isPartOf":{"@id":"https:\/\/meripelastus.fi\/tammisaari\/#website"},"primaryImageOfPage":{"@id":"https:\/\/meripelastus.fi\/tammisaari\/verksamhet\/raddningsbatar\/#primaryimage"},"image":{"@id":"https:\/\/meripelastus.fi\/tammisaari\/verksamhet\/raddningsbatar\/#primaryimage"},"thumbnailUrl":"https:\/\/meripelastus.fi\/tammisaari\/wp-content\/uploads\/sites\/35\/2022\/06\/RB_Corinne_Rescue_RB_Interpersona_Rescue_Naseudden_Ekenas_Raseborg_Foto_Andreas_Hindren_20220527_123025-scaled.jpg","datePublished":"2018-03-19T07:19:10+00:00","dateModified":"2023-11-07T14:45:31+00:00","breadcrumb":{"@id":"https:\/\/meripelastus.fi\/tammisaari\/verksamhet\/raddningsbatar\/#breadcrumb"},"inLanguage":"sv-SE","potentialAction":[{"@type":"ReadAction","target":["https:\/\/meripelastus.fi\/tammisaari\/verksamhet\/raddningsbatar\/"]}]},{"@type":"ImageObject","inLanguage":"sv-SE","@id":"https:\/\/meripelastus.fi\/tammisaari\/verksamhet\/raddningsbatar\/#primaryimage","url":"https:\/\/meripelastus.fi\/tammisaari\/wp-content\/uploads\/sites\/35\/2022\/06\/RB_Corinne_Rescue_RB_Interpersona_Rescue_Naseudden_Ekenas_Raseborg_Foto_Andreas_Hindren_20220527_123025-scaled.jpg","contentUrl":"https:\/\/meripelastus.fi\/tammisaari\/wp-content\/uploads\/sites\/35\/2022\/06\/RB_Corinne_Rescue_RB_Interpersona_Rescue_Naseudden_Ekenas_Raseborg_Foto_Andreas_Hindren_20220527_123025-scaled.jpg","width":3589,"height":1975},{"@type":"BreadcrumbList","@id":"https:\/\/meripelastus.fi\/tammisaari\/verksamhet\/raddningsbatar\/#breadcrumb","itemListElement":[{"@type":"ListItem","position":1,"name":"Etusivu","item":"https:\/\/meripelastus.fi\/tammisaari\/fi\/"},{"@type":"ListItem","position":2,"name":"Verksamhet","item":"https:\/\/meripelastus.fi\/tammisaari\/verksamhet\/"},{"@type":"ListItem","position":3,"name":"R\u00e4ddningsb\u00e5tar"}]},{"@type":"WebSite","@id":"https:\/\/meripelastus.fi\/tammisaari\/#website","url":"https:\/\/meripelastus.fi\/tammisaari\/","name":"FSRS Eken\u00e4s Sj\u00f6r\u00e4ddare r.f. - SMPS Tammisaaren Meripelastajat r.y.","description":"Vapaaehtoiset apunasi vesill\u00e4","potentialAction":[{"@type":"SearchAction","target":{"@type":"EntryPoint","urlTemplate":"https:\/\/meripelastus.fi\/tammisaari\/?s={search_term_string}"},"query-input":{"@type":"PropertyValueSpecification","valueRequired":true,"valueName":"search_term_string"}}],"inLanguage":"sv-SE"}]}},"_links":{"self":[{"href":"https:\/\/meripelastus.fi\/tammisaari\/wp-json\/wp\/v2\/pages\/226","targetHints":{"allow":["GET"]}}],"collection":[{"href":"https:\/\/meripelastus.fi\/tammisaari\/wp-json\/wp\/v2\/pages"}],"about":[{"href":"https:\/\/meripelastus.fi\/tammisaari\/wp-json\/wp\/v2\/types\/page"}],"author":[{"embeddable":true,"href":"https:\/\/meripelastus.fi\/tammisaari\/wp-json\/wp\/v2\/users\/1"}],"replies":[{"embeddable":true,"href":"https:\/\/meripelastus.fi\/tammisaari\/wp-json\/wp\/v2\/comments?post=226"}],"version-history":[{"count":6,"href":"https:\/\/meripelastus.fi\/tammisaari\/wp-json\/wp\/v2\/pages\/226\/revisions"}],"predecessor-version":[{"id":478,"href":"https:\/\/meripelastus.fi\/tammisaari\/wp-json\/wp\/v2\/pages\/226\/revisions\/478"}],"up":[{"embeddable":true,"href":"https:\/\/meripelastus.fi\/tammisaari\/wp-json\/wp\/v2\/pages\/216"}],"wp:featuredmedia":[{"embeddable":true,"href":"https:\/\/meripelastus.fi\/tammisaari\/wp-json\/wp\/v2\/media\/377"}],"wp:attachment":[{"href":"https:\/\/meripelastus.fi\/tammisaari\/wp-json\/wp\/v2\/media?parent=226"}],"curies":[{"name":"wp","href":"https:\/\/api.w.org\/{rel}","templated":true}]}}