{"id":213,"date":"2018-03-19T09:16:29","date_gmt":"2018-03-19T07:16:29","guid":{"rendered":"https:\/\/meripelastus.fi\/tammisaari-vedos\/ekenas-sjoraddare\/tietoa-meista\/"},"modified":"2025-12-14T07:46:23","modified_gmt":"2025-12-14T05:46:23","slug":"om-oss","status":"publish","type":"page","link":"https:\/\/meripelastus.fi\/tammisaari\/ekenas-sjoraddare\/om-oss\/","title":{"rendered":"Om oss"},"content":{"rendered":"\n<p>FSRS Eken\u00e4s Sj\u00f6r\u00e4ddare r.f. \u00e4r en ideell sj\u00f6r\u00e4ddningsf\u00f6rening med verksamhet fr\u00e4mst i Raseborg. F\u00f6reningen har cirka 470 medlemmar (statistiken fr\u00e5n december 2025), varav cirka 390 av dem \u00e4r medlemmar med Trossen medlemsservice.<\/p>\n\n\n\n<h2 class=\"wp-block-heading\" id=\"h-foreningen-och-verksamheten-med-hjalp-av-frivilliga-krafter\">F\u00f6reningen och verksamheten med hj\u00e4lp av frivilliga krafter<\/h2>\n\n\n\n<p>Alla i f\u00f6reningen \u00e4r frivilliga. Detta inneb\u00e4r att s\u00e5v\u00e4l utbildningen och f\u00f6rebyggande verksamheten samt den operativa verksamheten bedrivs p\u00e5 frivilliga krafter som helt \u00e4r bereoende av medlemmsavgifter och underst\u00f6d av privat personer, f\u00f6retag samt stiftelser.<\/p>\n\n\n\n<p>F\u00f6reningens \u00e4ndam\u00e5l \u00e4r bl.a.<\/p>\n\n\n\n<ul class=\"wp-block-list\">\n<li>att aktivt utf\u00f6ra sj\u00f6r\u00e4ddningsarbete inom sitt verksamhetsomr\u00e5de i samarbete med myndigheter och \u00f6vriga akt\u00f6rer.<\/li>\n\n\n\n<li>att befordra intresse f\u00f6r och f\u00f6rkovra kunskap i sj\u00f6r\u00e4ddning.<\/li>\n\n\n\n<li>att st\u00f6da \u00f6vriga f\u00f6reningar i deras arbete f\u00f6r sj\u00f6s\u00e4kerheten.<\/li>\n<\/ul>\n\n\n\n<p>Man kan kort s\u00e4ga<\/p>\n\n\n\n<ul class=\"wp-block-list\">\n<li>att verka f\u00f6r att faror, och skador inte uppst\u00e5r f\u00f6r sj\u00f6farare.<\/li>\n<\/ul>\n\n\n\n<p>Men om s\u00e5dana uppst\u00e5tt<\/p>\n\n\n\n<ul class=\"wp-block-list\">\n<li>att minimera f\u00f6ljderna d\u00e5 skada intr\u00e4ffat.<\/li>\n<\/ul>\n\n\n\n<h2 class=\"wp-block-heading\" id=\"h-en-forening-med-historia\">En f\u00f6rening med historia<\/h2>\n\n\n\n<p>F\u00f6reningen grundades \u00e5r 1965 men redan \u00e5ret innan s\u00e5 fanns planerna l\u00e5ngt g\u00e5ngna. Den f\u00f6rsta tiden s\u00e5 kretsade verksamheten kring efters\u00f6kningsflottiljerna. Den 23 oktober 1967 antogs f\u00f6reningen som medlem i Finlands Sj\u00f6r\u00e4ddningss\u00e4llskap. F\u00f6reningen hette vid den h\u00e4r tiden Sj\u00f6r\u00e4ddningsf\u00f6reningen i V\u00e4stra Nyland r.f.<\/p>\n\n\n\n<p>Vid millenieskiftet hade f\u00f6reningen 128 medlemmar, varav 14 var familjemedlemmar.<\/p>\n\n\n\n<p>Under \u00e5r 2000 fick f\u00f6reningen dispositionsr\u00e4tt av \u201cKiosken\u201d i S\u00f6dra viken i Eken\u00e4s gamla stan. Den lilla byggnaden fungerade som f\u00f6rr\u00e5d f\u00f6r bl.a. utrustning som inte rymdes ombord sj\u00f6r\u00e4ddningsb\u00e5tarna. <\/p>\n\n\n\n<p>Under h\u00f6sten 2001 b\u00f6t f\u00f6reningen f\u00f6reningens namn, fr\u00e5n &#8221;Sj\u00f6r\u00e4ddningsf\u00f6reningen i V\u00e4stra Nyland r.f.&#8221; till &#8221;Finlands Sj\u00f6r\u00e4ddningss\u00e4llskap &#8211; Suomen Meripelastusseura Eken\u00e4s Sj\u00f6r\u00e4ddare Tammisaaren Meripelastajat r.f.&#8221;.<\/p>\n\n\n\n<p>\u00c5r 2014 startade planerna p\u00e5 allvar att hitta ett alternativ till Kiosken, och \u00e5r 2015 d\u00e5 f\u00f6reningen firade 50 \u00e5r, invigdes sj\u00f6r\u00e4ddningsstationen p\u00e5 N\u00e4seudden. <\/p>\n\n\n\n<h2 class=\"wp-block-heading\" id=\"h-sjoraddningsbatarna-i-ekenas\">SJ\u00d6R\u00c4DDNINGSB\u00c5TARNA I eKEN\u00c4S<\/h2>\n\n\n\n<p>Den f\u00f6rsta egna b\u00e5ten erh\u00f6ll f\u00f6reningen 1978. F\u00f6reningen hade 3 st sj\u00f6r\u00e4ddningsb\u00e5tar, vid namn Ajax. Ajax namnet gavs efter den sista klockbojen i Finska viken, som stod s\u00f6der om Tv\u00e4rminne, l\u00e4ngs med Koverhar faret. Idag finns ett sj\u00f6m\u00e4rke &#8221;Ajax&#8221; d\u00e4r Ajax klockbojen st\u00e5tt.<\/p>\n\n\n\n<details class=\"wp-block-details is-layout-flow wp-block-details-is-layout-flow\"><summary>RB Ajax<\/summary>\n<p><\/p>\n<\/details>\n\n\n\n<details class=\"wp-block-details is-layout-flow wp-block-details-is-layout-flow\"><summary>RB Ajax II<\/summary>\n<p><\/p>\n<\/details>\n\n\n\n<details class=\"wp-block-details is-layout-flow wp-block-details-is-layout-flow\"><summary>RB Ajax III<\/summary>\n\n\n<p>R\u00e4ddningsb\u00e5ten Ajax III var en Targa 33, som togs ibruk av f\u00f6reningen \u00e5r 1995. Sj\u00f6r\u00e4ddningsb\u00e5ten tj\u00e4nstgjorde i f\u00f6reningen fram till \u00e5r 2020 d\u00e5 den s\u00e5ldes.<\/p>\n<\/details>\n\n\n\n<details class=\"wp-block-details is-layout-flow wp-block-details-is-layout-flow\"><summary>RB Savox<\/summary>\n<p>En RIB.<\/p>\n<\/details>\n\n\n\n<details class=\"wp-block-details is-layout-flow wp-block-details-is-layout-flow\"><summary>RB Interpersona Rescue<\/summary>\n<figure class=\"wp-block-image size-large\"><img loading=\"lazy\" decoding=\"async\" width=\"1024\" height=\"768\" src=\"https:\/\/meripelastus.fi\/tammisaari\/wp-content\/uploads\/sites\/35\/2023\/01\/20180512_171848_w2000_light-1024x768.jpg\" alt=\"\" class=\"wp-image-438\" srcset=\"https:\/\/meripelastus.fi\/tammisaari\/wp-content\/uploads\/sites\/35\/2023\/01\/20180512_171848_w2000_light-1024x768.jpg 1024w, https:\/\/meripelastus.fi\/tammisaari\/wp-content\/uploads\/sites\/35\/2023\/01\/20180512_171848_w2000_light-300x225.jpg 300w, https:\/\/meripelastus.fi\/tammisaari\/wp-content\/uploads\/sites\/35\/2023\/01\/20180512_171848_w2000_light-768x576.jpg 768w, https:\/\/meripelastus.fi\/tammisaari\/wp-content\/uploads\/sites\/35\/2023\/01\/20180512_171848_w2000_light-1536x1152.jpg 1536w, https:\/\/meripelastus.fi\/tammisaari\/wp-content\/uploads\/sites\/35\/2023\/01\/20180512_171848_w2000_light-1600x1200.jpg 1600w, https:\/\/meripelastus.fi\/tammisaari\/wp-content\/uploads\/sites\/35\/2023\/01\/20180512_171848_w2000_light.jpg 2000w\" sizes=\"auto, (max-width: 1024px) 100vw, 1024px\" \/><\/figure>\n\n\n\n<p>Sj\u00f6r\u00e4ddningsb\u00e5ten togs ibruk av f\u00f6reningen 2011 som en ers\u00e4ttare av RB Savox.<\/p>\n<\/details>\n\n\n\n<details class=\"wp-block-details is-layout-flow wp-block-details-is-layout-flow\"><summary>RB Corinne Rescue<\/summary>\n<figure class=\"wp-block-image size-large\"><img loading=\"lazy\" decoding=\"async\" width=\"1024\" height=\"768\" src=\"https:\/\/meripelastus.fi\/tammisaari\/wp-content\/uploads\/sites\/35\/2023\/01\/20220527_142659_w2000_light-1024x768.jpg\" alt=\"\" class=\"wp-image-422\" srcset=\"https:\/\/meripelastus.fi\/tammisaari\/wp-content\/uploads\/sites\/35\/2023\/01\/20220527_142659_w2000_light-1024x768.jpg 1024w, https:\/\/meripelastus.fi\/tammisaari\/wp-content\/uploads\/sites\/35\/2023\/01\/20220527_142659_w2000_light-300x225.jpg 300w, https:\/\/meripelastus.fi\/tammisaari\/wp-content\/uploads\/sites\/35\/2023\/01\/20220527_142659_w2000_light-768x576.jpg 768w, https:\/\/meripelastus.fi\/tammisaari\/wp-content\/uploads\/sites\/35\/2023\/01\/20220527_142659_w2000_light-1536x1152.jpg 1536w, https:\/\/meripelastus.fi\/tammisaari\/wp-content\/uploads\/sites\/35\/2023\/01\/20220527_142659_w2000_light-1600x1200.jpg 1600w, https:\/\/meripelastus.fi\/tammisaari\/wp-content\/uploads\/sites\/35\/2023\/01\/20220527_142659_w2000_light.jpg 2000w\" sizes=\"auto, (max-width: 1024px) 100vw, 1024px\" \/><\/figure>\n\n\n\n<p>R\u00e4ddningsb\u00e5ten Corinne Rescue d\u00f6ptes 2021 i Eken\u00e4s Norra hamn. B\u00e5ten ersatte RB Ajax III.<\/p>\n<\/details>\n\n\n\n<p> <\/p>\n\n\n\n<p><a href=\"https:\/\/meripelastus.fi\/tammisaari\/verksamhet\/raddningsbatar\/\">L\u00e4s mer om f\u00f6reningens nuvarande sj\u00f6r\u00e4ddningsb\u00e5tar &gt;&gt;<\/a><\/p>\n\n\n\n<h2 class=\"wp-block-heading\" id=\"h-bred-verksamhet-pa-ett-brett-verksamhetsomrade\">Bred verksamhet, p\u00e5 ett brett verksamhetsomr\u00e5de<\/h2>\n\n\n\n<p>Eken\u00e4s Sj\u00f6r\u00e4ddare ordnar informationstillf\u00e4llen och deltar i m\u00e4ssor och motsvarande verksamhet i fr\u00e4mst Raseborg. F\u00f6reningen samarbetar med myndigheter och \u00f6vriga akt\u00f6rer f\u00f6r att trygga sj\u00f6farare och personer som vistas i n\u00e4rheten av vatten. Ett t\u00e4tt samarbete med de n\u00e4rliggande sj\u00f6r\u00e4ddningsf\u00f6reningarna \u00e4r \u00e4ven mycket viktigt.<\/p>\n\n\n\n<p>V\u00e5rt verksamhetsomr\u00e5de str\u00e4cker sig till Pojo i norr (hela Pojoviken), Bar\u00f6sund i \u00f6ster, Hang\u00f6 i v\u00e4ster och Estland i s\u00f6der. Vid behov r\u00f6r sig v\u00e5ra sj\u00f6r\u00e4ddningsb\u00e5tar p\u00e5 ett \u00e4nnu st\u00f6rre omr\u00e5de.<\/p>\n\n\n\n<h2 class=\"wp-block-heading\" id=\"h-ungdomsavdelningen\">Ungdomsavdelningen<\/h2>\n\n\n\n<p>F\u00f6reningens ungdomsverksamhet startade i januari 2006. <a href=\"https:\/\/meripelastus.fi\/tammisaari\/verksamhet\/ungdomsavdelningen\/\">L\u00e4s mer om ungdomsverksamheten &gt;&gt;<\/a>  <\/p>\n\n\n\n<h2 class=\"wp-block-heading\" id=\"h-\"><\/h2>\n","protected":false},"excerpt":{"rendered":"<p>FSRS Eken\u00e4s Sj\u00f6r\u00e4ddare r.f. \u00e4r en ideell sj\u00f6r\u00e4ddningsf\u00f6rening med verksamhet fr\u00e4mst i Raseborg. F\u00f6reningen har cirka 470 medlemmar (statistiken fr\u00e5n december 2025), varav cirka 390 av dem \u00e4r medlemmar med Trossen medlemsservice. F\u00f6reningen och verksamheten med hj\u00e4lp av frivilliga krafter Alla i f\u00f6reningen \u00e4r frivilliga. Detta inneb\u00e4r att s\u00e5v\u00e4l utbildningen och f\u00f6rebyggande verksamheten samt den [&hellip;]<\/p>\n","protected":false},"author":1,"featured_media":410,"parent":210,"menu_order":0,"comment_status":"closed","ping_status":"closed","template":"","meta":{"_acf_changed":false,"inline_featured_image":false,"footnotes":""},"class_list":["post-213","page","type-page","status-publish","has-post-thumbnail","hentry"],"acf":[],"yoast_head":"<!-- This site is optimized with the Yoast SEO Premium plugin v27.2 (Yoast SEO v27.2) - https:\/\/yoast.com\/product\/yoast-seo-premium-wordpress\/ -->\n<title>Om oss - FSRS Eken\u00e4s Sj\u00f6r\u00e4ddare r.f. - SMPS Tammisaaren Meripelastajat r.y.<\/title>\n<meta name=\"robots\" content=\"index, follow, max-snippet:-1, max-image-preview:large, max-video-preview:-1\" \/>\n<link rel=\"canonical\" href=\"https:\/\/meripelastus.fi\/tammisaari\/ekenas-sjoraddare\/om-oss\/\" \/>\n<meta property=\"og:locale\" content=\"sv_SE\" \/>\n<meta property=\"og:type\" content=\"article\" \/>\n<meta property=\"og:title\" content=\"Om oss\" \/>\n<meta property=\"og:description\" content=\"FSRS Eken\u00e4s Sj\u00f6r\u00e4ddare r.f. \u00e4r en ideell sj\u00f6r\u00e4ddningsf\u00f6rening med verksamhet fr\u00e4mst i Raseborg. F\u00f6reningen har cirka 470 medlemmar (statistiken fr\u00e5n december 2025), varav cirka 390 av dem \u00e4r medlemmar med Trossen medlemsservice. F\u00f6reningen och verksamheten med hj\u00e4lp av frivilliga krafter Alla i f\u00f6reningen \u00e4r frivilliga. Detta inneb\u00e4r att s\u00e5v\u00e4l utbildningen och f\u00f6rebyggande verksamheten samt den [&hellip;]\" \/>\n<meta property=\"og:url\" content=\"https:\/\/meripelastus.fi\/tammisaari\/ekenas-sjoraddare\/om-oss\/\" \/>\n<meta property=\"og:site_name\" content=\"FSRS Eken\u00e4s Sj\u00f6r\u00e4ddare r.f. - SMPS Tammisaaren Meripelastajat r.y.\" \/>\n<meta property=\"article:modified_time\" content=\"2025-12-14T05:46:23+00:00\" \/>\n<meta property=\"og:image\" content=\"https:\/\/meripelastus.fi\/tammisaari\/wp-content\/uploads\/sites\/35\/2023\/01\/20210702_200709_w2000_light.jpg\" \/>\n\t<meta property=\"og:image:width\" content=\"2000\" \/>\n\t<meta property=\"og:image:height\" content=\"1500\" \/>\n\t<meta property=\"og:image:type\" content=\"image\/jpeg\" \/>\n<meta name=\"twitter:card\" content=\"summary_large_image\" \/>\n<meta name=\"twitter:label1\" content=\"Ber\u00e4knad l\u00e4stid\" \/>\n\t<meta name=\"twitter:data1\" content=\"3 minuter\" \/>\n<script type=\"application\/ld+json\" class=\"yoast-schema-graph\">{\"@context\":\"https:\/\/schema.org\",\"@graph\":[{\"@type\":\"WebPage\",\"@id\":\"https:\/\/meripelastus.fi\/tammisaari\/ekenas-sjoraddare\/om-oss\/\",\"url\":\"https:\/\/meripelastus.fi\/tammisaari\/ekenas-sjoraddare\/om-oss\/\",\"name\":\"Om oss - FSRS Eken\u00e4s Sj\u00f6r\u00e4ddare r.f. - SMPS Tammisaaren Meripelastajat r.y.\",\"isPartOf\":{\"@id\":\"https:\/\/meripelastus.fi\/tammisaari\/#website\"},\"primaryImageOfPage\":{\"@id\":\"https:\/\/meripelastus.fi\/tammisaari\/ekenas-sjoraddare\/om-oss\/#primaryimage\"},\"image\":{\"@id\":\"https:\/\/meripelastus.fi\/tammisaari\/ekenas-sjoraddare\/om-oss\/#primaryimage\"},\"thumbnailUrl\":\"https:\/\/meripelastus.fi\/tammisaari\/wp-content\/uploads\/sites\/35\/2023\/01\/20210702_200709_w2000_light.jpg\",\"datePublished\":\"2018-03-19T07:16:29+00:00\",\"dateModified\":\"2025-12-14T05:46:23+00:00\",\"breadcrumb\":{\"@id\":\"https:\/\/meripelastus.fi\/tammisaari\/ekenas-sjoraddare\/om-oss\/#breadcrumb\"},\"inLanguage\":\"sv-SE\",\"potentialAction\":[{\"@type\":\"ReadAction\",\"target\":[\"https:\/\/meripelastus.fi\/tammisaari\/ekenas-sjoraddare\/om-oss\/\"]}]},{\"@type\":\"ImageObject\",\"inLanguage\":\"sv-SE\",\"@id\":\"https:\/\/meripelastus.fi\/tammisaari\/ekenas-sjoraddare\/om-oss\/#primaryimage\",\"url\":\"https:\/\/meripelastus.fi\/tammisaari\/wp-content\/uploads\/sites\/35\/2023\/01\/20210702_200709_w2000_light.jpg\",\"contentUrl\":\"https:\/\/meripelastus.fi\/tammisaari\/wp-content\/uploads\/sites\/35\/2023\/01\/20210702_200709_w2000_light.jpg\",\"width\":2000,\"height\":1500},{\"@type\":\"BreadcrumbList\",\"@id\":\"https:\/\/meripelastus.fi\/tammisaari\/ekenas-sjoraddare\/om-oss\/#breadcrumb\",\"itemListElement\":[{\"@type\":\"ListItem\",\"position\":1,\"name\":\"Etusivu\",\"item\":\"https:\/\/meripelastus.fi\/tammisaari\/fi\/\"},{\"@type\":\"ListItem\",\"position\":2,\"name\":\"Eken\u00e4s Sj\u00f6r\u00e4ddare\",\"item\":\"https:\/\/meripelastus.fi\/tammisaari\/ekenas-sjoraddare\/\"},{\"@type\":\"ListItem\",\"position\":3,\"name\":\"Om oss\"}]},{\"@type\":\"WebSite\",\"@id\":\"https:\/\/meripelastus.fi\/tammisaari\/#website\",\"url\":\"https:\/\/meripelastus.fi\/tammisaari\/\",\"name\":\"FSRS Eken\u00e4s Sj\u00f6r\u00e4ddare r.f. - SMPS Tammisaaren Meripelastajat r.y.\",\"description\":\"Vapaaehtoiset apunasi vesill\u00e4\",\"potentialAction\":[{\"@type\":\"SearchAction\",\"target\":{\"@type\":\"EntryPoint\",\"urlTemplate\":\"https:\/\/meripelastus.fi\/tammisaari\/?s={search_term_string}\"},\"query-input\":{\"@type\":\"PropertyValueSpecification\",\"valueRequired\":true,\"valueName\":\"search_term_string\"}}],\"inLanguage\":\"sv-SE\"}]}<\/script>\n<!-- \/ Yoast SEO Premium plugin. -->","yoast_head_json":{"title":"Om oss - FSRS Eken\u00e4s Sj\u00f6r\u00e4ddare r.f. - SMPS Tammisaaren Meripelastajat r.y.","robots":{"index":"index","follow":"follow","max-snippet":"max-snippet:-1","max-image-preview":"max-image-preview:large","max-video-preview":"max-video-preview:-1"},"canonical":"https:\/\/meripelastus.fi\/tammisaari\/ekenas-sjoraddare\/om-oss\/","og_locale":"sv_SE","og_type":"article","og_title":"Om oss","og_description":"FSRS Eken\u00e4s Sj\u00f6r\u00e4ddare r.f. \u00e4r en ideell sj\u00f6r\u00e4ddningsf\u00f6rening med verksamhet fr\u00e4mst i Raseborg. F\u00f6reningen har cirka 470 medlemmar (statistiken fr\u00e5n december 2025), varav cirka 390 av dem \u00e4r medlemmar med Trossen medlemsservice. F\u00f6reningen och verksamheten med hj\u00e4lp av frivilliga krafter Alla i f\u00f6reningen \u00e4r frivilliga. Detta inneb\u00e4r att s\u00e5v\u00e4l utbildningen och f\u00f6rebyggande verksamheten samt den [&hellip;]","og_url":"https:\/\/meripelastus.fi\/tammisaari\/ekenas-sjoraddare\/om-oss\/","og_site_name":"FSRS Eken\u00e4s Sj\u00f6r\u00e4ddare r.f. - SMPS Tammisaaren Meripelastajat r.y.","article_modified_time":"2025-12-14T05:46:23+00:00","og_image":[{"width":2000,"height":1500,"url":"https:\/\/meripelastus.fi\/tammisaari\/wp-content\/uploads\/sites\/35\/2023\/01\/20210702_200709_w2000_light.jpg","type":"image\/jpeg"}],"twitter_card":"summary_large_image","twitter_misc":{"Ber\u00e4knad l\u00e4stid":"3 minuter"},"schema":{"@context":"https:\/\/schema.org","@graph":[{"@type":"WebPage","@id":"https:\/\/meripelastus.fi\/tammisaari\/ekenas-sjoraddare\/om-oss\/","url":"https:\/\/meripelastus.fi\/tammisaari\/ekenas-sjoraddare\/om-oss\/","name":"Om oss - FSRS Eken\u00e4s Sj\u00f6r\u00e4ddare r.f. - SMPS Tammisaaren Meripelastajat r.y.","isPartOf":{"@id":"https:\/\/meripelastus.fi\/tammisaari\/#website"},"primaryImageOfPage":{"@id":"https:\/\/meripelastus.fi\/tammisaari\/ekenas-sjoraddare\/om-oss\/#primaryimage"},"image":{"@id":"https:\/\/meripelastus.fi\/tammisaari\/ekenas-sjoraddare\/om-oss\/#primaryimage"},"thumbnailUrl":"https:\/\/meripelastus.fi\/tammisaari\/wp-content\/uploads\/sites\/35\/2023\/01\/20210702_200709_w2000_light.jpg","datePublished":"2018-03-19T07:16:29+00:00","dateModified":"2025-12-14T05:46:23+00:00","breadcrumb":{"@id":"https:\/\/meripelastus.fi\/tammisaari\/ekenas-sjoraddare\/om-oss\/#breadcrumb"},"inLanguage":"sv-SE","potentialAction":[{"@type":"ReadAction","target":["https:\/\/meripelastus.fi\/tammisaari\/ekenas-sjoraddare\/om-oss\/"]}]},{"@type":"ImageObject","inLanguage":"sv-SE","@id":"https:\/\/meripelastus.fi\/tammisaari\/ekenas-sjoraddare\/om-oss\/#primaryimage","url":"https:\/\/meripelastus.fi\/tammisaari\/wp-content\/uploads\/sites\/35\/2023\/01\/20210702_200709_w2000_light.jpg","contentUrl":"https:\/\/meripelastus.fi\/tammisaari\/wp-content\/uploads\/sites\/35\/2023\/01\/20210702_200709_w2000_light.jpg","width":2000,"height":1500},{"@type":"BreadcrumbList","@id":"https:\/\/meripelastus.fi\/tammisaari\/ekenas-sjoraddare\/om-oss\/#breadcrumb","itemListElement":[{"@type":"ListItem","position":1,"name":"Etusivu","item":"https:\/\/meripelastus.fi\/tammisaari\/fi\/"},{"@type":"ListItem","position":2,"name":"Eken\u00e4s Sj\u00f6r\u00e4ddare","item":"https:\/\/meripelastus.fi\/tammisaari\/ekenas-sjoraddare\/"},{"@type":"ListItem","position":3,"name":"Om oss"}]},{"@type":"WebSite","@id":"https:\/\/meripelastus.fi\/tammisaari\/#website","url":"https:\/\/meripelastus.fi\/tammisaari\/","name":"FSRS Eken\u00e4s Sj\u00f6r\u00e4ddare r.f. - SMPS Tammisaaren Meripelastajat r.y.","description":"Vapaaehtoiset apunasi vesill\u00e4","potentialAction":[{"@type":"SearchAction","target":{"@type":"EntryPoint","urlTemplate":"https:\/\/meripelastus.fi\/tammisaari\/?s={search_term_string}"},"query-input":{"@type":"PropertyValueSpecification","valueRequired":true,"valueName":"search_term_string"}}],"inLanguage":"sv-SE"}]}},"_links":{"self":[{"href":"https:\/\/meripelastus.fi\/tammisaari\/wp-json\/wp\/v2\/pages\/213","targetHints":{"allow":["GET"]}}],"collection":[{"href":"https:\/\/meripelastus.fi\/tammisaari\/wp-json\/wp\/v2\/pages"}],"about":[{"href":"https:\/\/meripelastus.fi\/tammisaari\/wp-json\/wp\/v2\/types\/page"}],"author":[{"embeddable":true,"href":"https:\/\/meripelastus.fi\/tammisaari\/wp-json\/wp\/v2\/users\/1"}],"replies":[{"embeddable":true,"href":"https:\/\/meripelastus.fi\/tammisaari\/wp-json\/wp\/v2\/comments?post=213"}],"version-history":[{"count":19,"href":"https:\/\/meripelastus.fi\/tammisaari\/wp-json\/wp\/v2\/pages\/213\/revisions"}],"predecessor-version":[{"id":771,"href":"https:\/\/meripelastus.fi\/tammisaari\/wp-json\/wp\/v2\/pages\/213\/revisions\/771"}],"up":[{"embeddable":true,"href":"https:\/\/meripelastus.fi\/tammisaari\/wp-json\/wp\/v2\/pages\/210"}],"wp:featuredmedia":[{"embeddable":true,"href":"https:\/\/meripelastus.fi\/tammisaari\/wp-json\/wp\/v2\/media\/410"}],"wp:attachment":[{"href":"https:\/\/meripelastus.fi\/tammisaari\/wp-json\/wp\/v2\/media?parent=213"}],"curies":[{"name":"wp","href":"https:\/\/api.w.org\/{rel}","templated":true}]}}