{"id":185,"date":"2026-03-28T07:39:44","date_gmt":"2026-03-28T05:39:44","guid":{"rendered":"https:\/\/meripelastus.fi\/savonlinna\/?page_id=185"},"modified":"2026-03-31T10:19:19","modified_gmt":"2026-03-31T07:19:19","slug":"koulutus","status":"publish","type":"page","link":"https:\/\/meripelastus.fi\/savonlinna\/koulutus\/","title":{"rendered":"Koulutus"},"content":{"rendered":"\n<p>Savonlinnan J\u00e4rvipelastajien toiminta perustuu koulutettuun, perehdytettyyn ja toimintakykyiseen vapaaehtoishenkil\u00f6st\u00f6\u00f6n. Suomen Meripelastusseura yll\u00e4pit\u00e4\u00e4 valtakunnallista koulutusj\u00e4rjestelm\u00e4\u00e4, jonka mukaisesti kaikki pelastusmiehist\u00f6n j\u00e4senet koulutetaan kattavasti ja riitt\u00e4v\u00e4lle tasolle ennen teht\u00e4viin osallistumista. Koulutuksen tavoitteena on varmistaa, ett\u00e4 jokaisella vapaaehtoisella meripelastajalla on tarvittavat tiedot ja taidot toimia turvallisesti ja tehokkaasti pelastus-, etsint\u00e4- ja avustusteht\u00e4viss\u00e4 Saimaan vaativissa olosuhteissa.<\/p>\n\n\n\n<figure class=\"wp-block-image size-full\"><img loading=\"lazy\" decoding=\"async\" width=\"607\" height=\"646\" src=\"https:\/\/meripelastus.fi\/savonlinna\/wp-content\/uploads\/sites\/50\/2026\/03\/Nayttokuva-2026-03-28-075452.png\" alt=\"\" class=\"wp-image-188\" srcset=\"https:\/\/meripelastus.fi\/savonlinna\/wp-content\/uploads\/sites\/50\/2026\/03\/Nayttokuva-2026-03-28-075452.png 607w, https:\/\/meripelastus.fi\/savonlinna\/wp-content\/uploads\/sites\/50\/2026\/03\/Nayttokuva-2026-03-28-075452-282x300.png 282w\" sizes=\"auto, (max-width: 607px) 100vw, 607px\" \/><\/figure>\n\n\n\n<p>Koulutus antaa miehist\u00f6nj\u00e4senelle yleiset valmiudet, joita t\u00e4ydennet\u00e4\u00e4n aluskohtaisella perehdytyksell\u00e4. Teht\u00e4v\u00e4m\u00e4\u00e4r\u00e4ys pelastusalukselle perustuu koulutusj\u00e4rjestelm\u00e4n mukaiseen osaamiseen sek\u00e4 kyseisen aluksen k\u00e4ytt\u00f6\u00f6n, varusteluun ja toimintatapoihin perehtymiseen. Toiminnassa korostuu my\u00f6s yhdistyksen ja aseman toimintatapojen tuntemus.<\/p>\n\n\n\n<figure class=\"wp-block-image size-full is-resized\"><img loading=\"lazy\" decoding=\"async\" width=\"780\" height=\"724\" src=\"https:\/\/meripelastus.fi\/savonlinna\/wp-content\/uploads\/sites\/50\/2026\/03\/Nayttokuva-2026-03-28-075022.png\" alt=\"\" class=\"wp-image-190\" style=\"aspect-ratio:1.077375519724166;width:609px;height:auto\" srcset=\"https:\/\/meripelastus.fi\/savonlinna\/wp-content\/uploads\/sites\/50\/2026\/03\/Nayttokuva-2026-03-28-075022.png 780w, https:\/\/meripelastus.fi\/savonlinna\/wp-content\/uploads\/sites\/50\/2026\/03\/Nayttokuva-2026-03-28-075022-300x278.png 300w, https:\/\/meripelastus.fi\/savonlinna\/wp-content\/uploads\/sites\/50\/2026\/03\/Nayttokuva-2026-03-28-075022-768x713.png 768w\" sizes=\"auto, (max-width: 780px) 100vw, 780px\" \/><\/figure>\n\n\n\n<p>Savonlinnan J\u00e4rvipelastajat huolehtii siit\u00e4, ett\u00e4 miehist\u00f6n osaaminen, turvallinen toimintatapa ja henkil\u00f6kohtainen toimintakyky t\u00e4ytt\u00e4v\u00e4t teht\u00e4vien vaatimukset. Jokainen miehist\u00f6nj\u00e4sen koulutetaan ja perehdytet\u00e4\u00e4n huolellisesti, ja h\u00e4nen terveydentilansa sek\u00e4 fyysiset ja psyykkiset ominaisuutensa tukevat turvallista toimintaa pelastus-, etsint\u00e4- ja avustusteht\u00e4viss\u00e4.<\/p>\n\n\n\n<p>Lue lis\u00e4\u00e4 Meripelastusseuran auditoidusta koulutusj\u00e4rjestelm\u00e4st\u00e4 <a href=\"https:\/\/meripelastus.fi\/toiminta\/koulutus\/\" id=\"https:\/\/meripelastus.fi\/toiminta\/koulutus\/\" target=\"_blank\" rel=\"noreferrer noopener\">t\u00e4\u00e4lt\u00e4<\/a>.<\/p>\n\n\n\n<figure class=\"wp-block-image size-large is-resized\"><img loading=\"lazy\" decoding=\"async\" width=\"1024\" height=\"405\" src=\"https:\/\/meripelastus.fi\/savonlinna\/wp-content\/uploads\/sites\/50\/2026\/03\/Nayttokuva-2026-03-28-kello-10.53.08-1024x405.png\" alt=\"\" class=\"wp-image-205\" style=\"aspect-ratio:2.528460581650181;width:619px;height:auto\" srcset=\"https:\/\/meripelastus.fi\/savonlinna\/wp-content\/uploads\/sites\/50\/2026\/03\/Nayttokuva-2026-03-28-kello-10.53.08-1024x405.png 1024w, https:\/\/meripelastus.fi\/savonlinna\/wp-content\/uploads\/sites\/50\/2026\/03\/Nayttokuva-2026-03-28-kello-10.53.08-300x119.png 300w, https:\/\/meripelastus.fi\/savonlinna\/wp-content\/uploads\/sites\/50\/2026\/03\/Nayttokuva-2026-03-28-kello-10.53.08-768x304.png 768w, https:\/\/meripelastus.fi\/savonlinna\/wp-content\/uploads\/sites\/50\/2026\/03\/Nayttokuva-2026-03-28-kello-10.53.08.png 1042w\" sizes=\"auto, (max-width: 1024px) 100vw, 1024px\" \/><\/figure>\n","protected":false},"excerpt":{"rendered":"<p>Savonlinnan J\u00e4rvipelastajien toiminta perustuu koulutettuun, perehdytettyyn ja toimintakykyiseen vapaaehtoishenkil\u00f6st\u00f6\u00f6n. Suomen Meripelastusseura yll\u00e4pit\u00e4\u00e4 valtakunnallista koulutusj\u00e4rjestelm\u00e4\u00e4, jonka mukaisesti kaikki pelastusmiehist\u00f6n j\u00e4senet koulutetaan kattavasti ja riitt\u00e4v\u00e4lle tasolle ennen teht\u00e4viin osallistumista. Koulutuksen tavoitteena on varmistaa, ett\u00e4 jokaisella vapaaehtoisella meripelastajalla on tarvittavat tiedot ja taidot toimia turvallisesti ja tehokkaasti pelastus-, etsint\u00e4- ja avustusteht\u00e4viss\u00e4 Saimaan vaativissa olosuhteissa. Koulutus antaa miehist\u00f6nj\u00e4senelle yleiset [&hellip;]<\/p>\n","protected":false},"author":151,"featured_media":0,"parent":0,"menu_order":0,"comment_status":"closed","ping_status":"closed","template":"","meta":{"_acf_changed":false,"inline_featured_image":false,"footnotes":""},"class_list":["post-185","page","type-page","status-publish","hentry"],"acf":[],"yoast_head":"<!-- This site is optimized with the Yoast SEO Premium plugin v27.4 (Yoast SEO v27.4) - https:\/\/yoast.com\/product\/yoast-seo-premium-wordpress\/ -->\n<title>Koulutus - SMPS Savonlinnan J\u00e4rvipelastajat ry<\/title>\n<meta name=\"robots\" content=\"index, follow, max-snippet:-1, max-image-preview:large, max-video-preview:-1\" \/>\n<link rel=\"canonical\" href=\"https:\/\/meripelastus.fi\/savonlinna\/koulutus\/\" \/>\n<meta property=\"og:locale\" content=\"fi_FI\" \/>\n<meta property=\"og:type\" content=\"article\" \/>\n<meta property=\"og:title\" content=\"Koulutus\" \/>\n<meta property=\"og:description\" content=\"Savonlinnan J\u00e4rvipelastajien toiminta perustuu koulutettuun, perehdytettyyn ja toimintakykyiseen vapaaehtoishenkil\u00f6st\u00f6\u00f6n. Suomen Meripelastusseura yll\u00e4pit\u00e4\u00e4 valtakunnallista koulutusj\u00e4rjestelm\u00e4\u00e4, jonka mukaisesti kaikki pelastusmiehist\u00f6n j\u00e4senet koulutetaan kattavasti ja riitt\u00e4v\u00e4lle tasolle ennen teht\u00e4viin osallistumista. Koulutuksen tavoitteena on varmistaa, ett\u00e4 jokaisella vapaaehtoisella meripelastajalla on tarvittavat tiedot ja taidot toimia turvallisesti ja tehokkaasti pelastus-, etsint\u00e4- ja avustusteht\u00e4viss\u00e4 Saimaan vaativissa olosuhteissa. Koulutus antaa miehist\u00f6nj\u00e4senelle yleiset [&hellip;]\" \/>\n<meta property=\"og:url\" content=\"https:\/\/meripelastus.fi\/savonlinna\/koulutus\/\" \/>\n<meta property=\"og:site_name\" content=\"SMPS Savonlinnan J\u00e4rvipelastajat ry\" \/>\n<meta property=\"article:modified_time\" content=\"2026-03-31T07:19:19+00:00\" \/>\n<meta property=\"og:image\" content=\"https:\/\/meripelastus.fi\/savonlinna\/wp-content\/uploads\/sites\/50\/2026\/03\/Nayttokuva-2026-03-28-075452.png\" \/>\n\t<meta property=\"og:image:width\" content=\"607\" \/>\n\t<meta property=\"og:image:height\" content=\"646\" \/>\n\t<meta property=\"og:image:type\" content=\"image\/png\" \/>\n<meta name=\"twitter:card\" content=\"summary_large_image\" \/>\n<meta name=\"twitter:label1\" content=\"Arvioitu lukuaika\" \/>\n\t<meta name=\"twitter:data1\" content=\"2 minuuttia\" \/>\n<script type=\"application\/ld+json\" class=\"yoast-schema-graph\">{\"@context\":\"https:\\\/\\\/schema.org\",\"@graph\":[{\"@type\":\"WebPage\",\"@id\":\"https:\\\/\\\/meripelastus.fi\\\/savonlinna\\\/koulutus\\\/\",\"url\":\"https:\\\/\\\/meripelastus.fi\\\/savonlinna\\\/koulutus\\\/\",\"name\":\"Koulutus - SMPS Savonlinnan J\u00e4rvipelastajat ry\",\"isPartOf\":{\"@id\":\"https:\\\/\\\/meripelastus.fi\\\/savonlinna\\\/#website\"},\"primaryImageOfPage\":{\"@id\":\"https:\\\/\\\/meripelastus.fi\\\/savonlinna\\\/koulutus\\\/#primaryimage\"},\"image\":{\"@id\":\"https:\\\/\\\/meripelastus.fi\\\/savonlinna\\\/koulutus\\\/#primaryimage\"},\"thumbnailUrl\":\"https:\\\/\\\/meripelastus.fi\\\/savonlinna\\\/wp-content\\\/uploads\\\/sites\\\/50\\\/2026\\\/03\\\/Nayttokuva-2026-03-28-075452.png\",\"datePublished\":\"2026-03-28T05:39:44+00:00\",\"dateModified\":\"2026-03-31T07:19:19+00:00\",\"breadcrumb\":{\"@id\":\"https:\\\/\\\/meripelastus.fi\\\/savonlinna\\\/koulutus\\\/#breadcrumb\"},\"inLanguage\":\"fi\",\"potentialAction\":[{\"@type\":\"ReadAction\",\"target\":[\"https:\\\/\\\/meripelastus.fi\\\/savonlinna\\\/koulutus\\\/\"]}]},{\"@type\":\"ImageObject\",\"inLanguage\":\"fi\",\"@id\":\"https:\\\/\\\/meripelastus.fi\\\/savonlinna\\\/koulutus\\\/#primaryimage\",\"url\":\"https:\\\/\\\/meripelastus.fi\\\/savonlinna\\\/wp-content\\\/uploads\\\/sites\\\/50\\\/2026\\\/03\\\/Nayttokuva-2026-03-28-075452.png\",\"contentUrl\":\"https:\\\/\\\/meripelastus.fi\\\/savonlinna\\\/wp-content\\\/uploads\\\/sites\\\/50\\\/2026\\\/03\\\/Nayttokuva-2026-03-28-075452.png\",\"width\":607,\"height\":646},{\"@type\":\"BreadcrumbList\",\"@id\":\"https:\\\/\\\/meripelastus.fi\\\/savonlinna\\\/koulutus\\\/#breadcrumb\",\"itemListElement\":[{\"@type\":\"ListItem\",\"position\":1,\"name\":\"Etusivu\",\"item\":\"https:\\\/\\\/meripelastus.fi\\\/savonlinna\\\/\"},{\"@type\":\"ListItem\",\"position\":2,\"name\":\"Koulutus\"}]},{\"@type\":\"WebSite\",\"@id\":\"https:\\\/\\\/meripelastus.fi\\\/savonlinna\\\/#website\",\"url\":\"https:\\\/\\\/meripelastus.fi\\\/savonlinna\\\/\",\"name\":\"SMPS Savonlinnan J\u00e4rvipelastajat ry\",\"description\":\"Vapaaehtoiset apunasi vesill\u00e4\",\"potentialAction\":[{\"@type\":\"SearchAction\",\"target\":{\"@type\":\"EntryPoint\",\"urlTemplate\":\"https:\\\/\\\/meripelastus.fi\\\/savonlinna\\\/?s={search_term_string}\"},\"query-input\":{\"@type\":\"PropertyValueSpecification\",\"valueRequired\":true,\"valueName\":\"search_term_string\"}}],\"inLanguage\":\"fi\"}]}<\/script>\n<!-- \/ Yoast SEO Premium plugin. -->","yoast_head_json":{"title":"Koulutus - SMPS Savonlinnan J\u00e4rvipelastajat ry","robots":{"index":"index","follow":"follow","max-snippet":"max-snippet:-1","max-image-preview":"max-image-preview:large","max-video-preview":"max-video-preview:-1"},"canonical":"https:\/\/meripelastus.fi\/savonlinna\/koulutus\/","og_locale":"fi_FI","og_type":"article","og_title":"Koulutus","og_description":"Savonlinnan J\u00e4rvipelastajien toiminta perustuu koulutettuun, perehdytettyyn ja toimintakykyiseen vapaaehtoishenkil\u00f6st\u00f6\u00f6n. Suomen Meripelastusseura yll\u00e4pit\u00e4\u00e4 valtakunnallista koulutusj\u00e4rjestelm\u00e4\u00e4, jonka mukaisesti kaikki pelastusmiehist\u00f6n j\u00e4senet koulutetaan kattavasti ja riitt\u00e4v\u00e4lle tasolle ennen teht\u00e4viin osallistumista. Koulutuksen tavoitteena on varmistaa, ett\u00e4 jokaisella vapaaehtoisella meripelastajalla on tarvittavat tiedot ja taidot toimia turvallisesti ja tehokkaasti pelastus-, etsint\u00e4- ja avustusteht\u00e4viss\u00e4 Saimaan vaativissa olosuhteissa. Koulutus antaa miehist\u00f6nj\u00e4senelle yleiset [&hellip;]","og_url":"https:\/\/meripelastus.fi\/savonlinna\/koulutus\/","og_site_name":"SMPS Savonlinnan J\u00e4rvipelastajat ry","article_modified_time":"2026-03-31T07:19:19+00:00","og_image":[{"width":607,"height":646,"url":"https:\/\/meripelastus.fi\/savonlinna\/wp-content\/uploads\/sites\/50\/2026\/03\/Nayttokuva-2026-03-28-075452.png","type":"image\/png"}],"twitter_card":"summary_large_image","twitter_misc":{"Arvioitu lukuaika":"2 minuuttia"},"schema":{"@context":"https:\/\/schema.org","@graph":[{"@type":"WebPage","@id":"https:\/\/meripelastus.fi\/savonlinna\/koulutus\/","url":"https:\/\/meripelastus.fi\/savonlinna\/koulutus\/","name":"Koulutus - SMPS Savonlinnan J\u00e4rvipelastajat ry","isPartOf":{"@id":"https:\/\/meripelastus.fi\/savonlinna\/#website"},"primaryImageOfPage":{"@id":"https:\/\/meripelastus.fi\/savonlinna\/koulutus\/#primaryimage"},"image":{"@id":"https:\/\/meripelastus.fi\/savonlinna\/koulutus\/#primaryimage"},"thumbnailUrl":"https:\/\/meripelastus.fi\/savonlinna\/wp-content\/uploads\/sites\/50\/2026\/03\/Nayttokuva-2026-03-28-075452.png","datePublished":"2026-03-28T05:39:44+00:00","dateModified":"2026-03-31T07:19:19+00:00","breadcrumb":{"@id":"https:\/\/meripelastus.fi\/savonlinna\/koulutus\/#breadcrumb"},"inLanguage":"fi","potentialAction":[{"@type":"ReadAction","target":["https:\/\/meripelastus.fi\/savonlinna\/koulutus\/"]}]},{"@type":"ImageObject","inLanguage":"fi","@id":"https:\/\/meripelastus.fi\/savonlinna\/koulutus\/#primaryimage","url":"https:\/\/meripelastus.fi\/savonlinna\/wp-content\/uploads\/sites\/50\/2026\/03\/Nayttokuva-2026-03-28-075452.png","contentUrl":"https:\/\/meripelastus.fi\/savonlinna\/wp-content\/uploads\/sites\/50\/2026\/03\/Nayttokuva-2026-03-28-075452.png","width":607,"height":646},{"@type":"BreadcrumbList","@id":"https:\/\/meripelastus.fi\/savonlinna\/koulutus\/#breadcrumb","itemListElement":[{"@type":"ListItem","position":1,"name":"Etusivu","item":"https:\/\/meripelastus.fi\/savonlinna\/"},{"@type":"ListItem","position":2,"name":"Koulutus"}]},{"@type":"WebSite","@id":"https:\/\/meripelastus.fi\/savonlinna\/#website","url":"https:\/\/meripelastus.fi\/savonlinna\/","name":"SMPS Savonlinnan J\u00e4rvipelastajat ry","description":"Vapaaehtoiset apunasi vesill\u00e4","potentialAction":[{"@type":"SearchAction","target":{"@type":"EntryPoint","urlTemplate":"https:\/\/meripelastus.fi\/savonlinna\/?s={search_term_string}"},"query-input":{"@type":"PropertyValueSpecification","valueRequired":true,"valueName":"search_term_string"}}],"inLanguage":"fi"}]}},"_links":{"self":[{"href":"https:\/\/meripelastus.fi\/savonlinna\/wp-json\/wp\/v2\/pages\/185","targetHints":{"allow":["GET"]}}],"collection":[{"href":"https:\/\/meripelastus.fi\/savonlinna\/wp-json\/wp\/v2\/pages"}],"about":[{"href":"https:\/\/meripelastus.fi\/savonlinna\/wp-json\/wp\/v2\/types\/page"}],"author":[{"embeddable":true,"href":"https:\/\/meripelastus.fi\/savonlinna\/wp-json\/wp\/v2\/users\/151"}],"replies":[{"embeddable":true,"href":"https:\/\/meripelastus.fi\/savonlinna\/wp-json\/wp\/v2\/comments?post=185"}],"version-history":[{"count":10,"href":"https:\/\/meripelastus.fi\/savonlinna\/wp-json\/wp\/v2\/pages\/185\/revisions"}],"predecessor-version":[{"id":218,"href":"https:\/\/meripelastus.fi\/savonlinna\/wp-json\/wp\/v2\/pages\/185\/revisions\/218"}],"wp:attachment":[{"href":"https:\/\/meripelastus.fi\/savonlinna\/wp-json\/wp\/v2\/media?parent=185"}],"curies":[{"name":"wp","href":"https:\/\/api.w.org\/{rel}","templated":true}]}}