{"id":8,"date":"2018-03-19T09:16:29","date_gmt":"2018-03-19T07:16:29","guid":{"rendered":"http:\/\/basetemplate.smpsyhdistykset.16.testivedos.com\/?page_id=8"},"modified":"2019-06-27T09:29:56","modified_gmt":"2019-06-27T06:29:56","slug":"tietoa-meista","status":"publish","type":"page","link":"https:\/\/meripelastus.fi\/porvoo\/porvoon-meripelastajat\/tietoa-meista\/","title":{"rendered":"Tietoa meist\u00e4"},"content":{"rendered":"<p>Porvoon Meripelastajat \u2013 Borg\u00e5 Sj\u00f6r\u00e4ddare ry on perustettu vuonna 2003 jatkamaan Nesteen venekerhon 1970-luvulla k\u00e4ynnist\u00e4m\u00e4\u00e4 meripelastustoimintaa Porvoossa.<\/p>\n<p>Porvoon meripelastajilla on yli 450 j\u00e4sent\u00e4, joista aktiivisia miehist\u00f6n j\u00e4seni\u00e4 on noin kymmenesosa. Varsinainen toiminta-alueemme on Loviisan ja Helsingin v\u00e4linen merialue. Aluksemme p\u00e4ivyst\u00e4v\u00e4t tyypillisesti Pernajan, Porvoon ja Sipoon saaristossa.<\/p>\n<p>Toimintamme perustuu yksitt\u00e4isten meripelastajien pyyteett\u00f6m\u00e4\u00e4n ja vapaaehtoiseen auttamishaluun sek\u00e4 turvallisuuden ja p\u00e4tevyyden korostamiseen. Koulutamme miehist\u00f6mme alusteht\u00e4viin.<\/p>\n<hr \/>\n<p><strong>Lis\u00e4\u00e4 luettavaa<br \/>\n<\/strong><br \/>\n<a class=\"link-arrow\" href=\"https:\/\/meripelastus.fi\/porvoo\/porvoon-meripelastajat\/historia\/\">Tutustu historiaamme<\/a><br \/>\n<a class=\"link-arrow\" href=\"https:\/\/meripelastus.fi\/porvoo\/toiminta\/koulutus\/\">Lue lis\u00e4\u00e4 koulutuksesta<\/a><br \/>\n<a class=\"link-arrow\" href=\"https:\/\/meripelastus.fi\/porvoo\/tule-mukaan\/\">Liity meripelastajiin<\/a><br \/>\n<a class=\"link-arrow\" href=\"https:\/\/meripelastus.fi\/porvoo\/toiminta\/alukset\/\">Tutustu aluksiimme<\/a><\/p>\n","protected":false},"excerpt":{"rendered":"<p>Porvoon Meripelastajat \u2013 Borg\u00e5 Sj\u00f6r\u00e4ddare ry on perustettu vuonna 2003 jatkamaan Nesteen venekerhon 1970-luvulla k\u00e4ynnist\u00e4m\u00e4\u00e4 meripelastustoimintaa Porvoossa. Porvoon meripelastajilla on yli 450 j\u00e4sent\u00e4, joista aktiivisia miehist\u00f6n j\u00e4seni\u00e4 on noin kymmenesosa. Varsinainen toiminta-alueemme on Loviisan ja Helsingin v\u00e4linen merialue. Aluksemme p\u00e4ivyst\u00e4v\u00e4t tyypillisesti Pernajan, Porvoon ja Sipoon saaristossa. Toimintamme perustuu yksitt\u00e4isten meripelastajien pyyteett\u00f6m\u00e4\u00e4n ja vapaaehtoiseen auttamishaluun sek\u00e4 [&hellip;]<\/p>\n","protected":false},"author":1,"featured_media":207,"parent":6,"menu_order":0,"comment_status":"closed","ping_status":"closed","template":"","meta":{"_acf_changed":false,"inline_featured_image":false,"footnotes":""},"class_list":["post-8","page","type-page","status-publish","has-post-thumbnail","hentry"],"acf":[],"yoast_head":"<!-- This site is optimized with the Yoast SEO Premium plugin v27.2 (Yoast SEO v27.2) - https:\/\/yoast.com\/product\/yoast-seo-premium-wordpress\/ -->\n<title>Tietoa meist\u00e4 - Porvoon Meripelastajat<\/title>\n<meta name=\"robots\" content=\"index, follow, max-snippet:-1, max-image-preview:large, max-video-preview:-1\" \/>\n<link rel=\"canonical\" href=\"https:\/\/meripelastus.fi\/porvoo\/porvoon-meripelastajat\/tietoa-meista\/\" \/>\n<meta property=\"og:locale\" content=\"fi_FI\" \/>\n<meta property=\"og:type\" content=\"article\" \/>\n<meta property=\"og:title\" content=\"Tietoa meist\u00e4\" \/>\n<meta property=\"og:description\" content=\"Porvoon Meripelastajat \u2013 Borg\u00e5 Sj\u00f6r\u00e4ddare ry on perustettu vuonna 2003 jatkamaan Nesteen venekerhon 1970-luvulla k\u00e4ynnist\u00e4m\u00e4\u00e4 meripelastustoimintaa Porvoossa. Porvoon meripelastajilla on yli 450 j\u00e4sent\u00e4, joista aktiivisia miehist\u00f6n j\u00e4seni\u00e4 on noin kymmenesosa. Varsinainen toiminta-alueemme on Loviisan ja Helsingin v\u00e4linen merialue. Aluksemme p\u00e4ivyst\u00e4v\u00e4t tyypillisesti Pernajan, Porvoon ja Sipoon saaristossa. Toimintamme perustuu yksitt\u00e4isten meripelastajien pyyteett\u00f6m\u00e4\u00e4n ja vapaaehtoiseen auttamishaluun sek\u00e4 [&hellip;]\" \/>\n<meta property=\"og:url\" content=\"https:\/\/meripelastus.fi\/porvoo\/porvoon-meripelastajat\/tietoa-meista\/\" \/>\n<meta property=\"og:site_name\" content=\"Porvoon Meripelastajat\" \/>\n<meta property=\"article:modified_time\" content=\"2019-06-27T06:29:56+00:00\" \/>\n<meta property=\"og:image\" content=\"https:\/\/meripelastus.fi\/porvoo\/wp-content\/uploads\/sites\/24\/2019\/06\/smps_porvoo_nettisivut-8506.jpg\" \/>\n\t<meta property=\"og:image:width\" content=\"2209\" \/>\n\t<meta property=\"og:image:height\" content=\"1473\" \/>\n\t<meta property=\"og:image:type\" content=\"image\/jpeg\" \/>\n<meta name=\"twitter:card\" content=\"summary_large_image\" \/>\n<script type=\"application\/ld+json\" class=\"yoast-schema-graph\">{\"@context\":\"https:\/\/schema.org\",\"@graph\":[{\"@type\":\"WebPage\",\"@id\":\"https:\/\/meripelastus.fi\/porvoo\/porvoon-meripelastajat\/tietoa-meista\/\",\"url\":\"https:\/\/meripelastus.fi\/porvoo\/porvoon-meripelastajat\/tietoa-meista\/\",\"name\":\"Tietoa meist\u00e4 - Porvoon Meripelastajat\",\"isPartOf\":{\"@id\":\"https:\/\/meripelastus.fi\/porvoo\/#website\"},\"primaryImageOfPage\":{\"@id\":\"https:\/\/meripelastus.fi\/porvoo\/porvoon-meripelastajat\/tietoa-meista\/#primaryimage\"},\"image\":{\"@id\":\"https:\/\/meripelastus.fi\/porvoo\/porvoon-meripelastajat\/tietoa-meista\/#primaryimage\"},\"thumbnailUrl\":\"https:\/\/meripelastus.fi\/porvoo\/wp-content\/uploads\/sites\/24\/2019\/06\/smps_porvoo_nettisivut-8506.jpg\",\"datePublished\":\"2018-03-19T07:16:29+00:00\",\"dateModified\":\"2019-06-27T06:29:56+00:00\",\"breadcrumb\":{\"@id\":\"https:\/\/meripelastus.fi\/porvoo\/porvoon-meripelastajat\/tietoa-meista\/#breadcrumb\"},\"inLanguage\":\"fi\",\"potentialAction\":[{\"@type\":\"ReadAction\",\"target\":[\"https:\/\/meripelastus.fi\/porvoo\/porvoon-meripelastajat\/tietoa-meista\/\"]}]},{\"@type\":\"ImageObject\",\"inLanguage\":\"fi\",\"@id\":\"https:\/\/meripelastus.fi\/porvoo\/porvoon-meripelastajat\/tietoa-meista\/#primaryimage\",\"url\":\"https:\/\/meripelastus.fi\/porvoo\/wp-content\/uploads\/sites\/24\/2019\/06\/smps_porvoo_nettisivut-8506.jpg\",\"contentUrl\":\"https:\/\/meripelastus.fi\/porvoo\/wp-content\/uploads\/sites\/24\/2019\/06\/smps_porvoo_nettisivut-8506.jpg\",\"width\":2209,\"height\":1473},{\"@type\":\"BreadcrumbList\",\"@id\":\"https:\/\/meripelastus.fi\/porvoo\/porvoon-meripelastajat\/tietoa-meista\/#breadcrumb\",\"itemListElement\":[{\"@type\":\"ListItem\",\"position\":1,\"name\":\"Etusivu\",\"item\":\"https:\/\/meripelastus.fi\/porvoo\/\"},{\"@type\":\"ListItem\",\"position\":2,\"name\":\"Porvoon Meripelastajat\",\"item\":\"https:\/\/meripelastus.fi\/porvoo\/porvoon-meripelastajat\/\"},{\"@type\":\"ListItem\",\"position\":3,\"name\":\"Tietoa meist\u00e4\"}]},{\"@type\":\"WebSite\",\"@id\":\"https:\/\/meripelastus.fi\/porvoo\/#website\",\"url\":\"https:\/\/meripelastus.fi\/porvoo\/\",\"name\":\"Porvoon Meripelastajat\",\"description\":\"Vapaaehtoiset apunasi vesill\u00e4\",\"potentialAction\":[{\"@type\":\"SearchAction\",\"target\":{\"@type\":\"EntryPoint\",\"urlTemplate\":\"https:\/\/meripelastus.fi\/porvoo\/?s={search_term_string}\"},\"query-input\":{\"@type\":\"PropertyValueSpecification\",\"valueRequired\":true,\"valueName\":\"search_term_string\"}}],\"inLanguage\":\"fi\"}]}<\/script>\n<!-- \/ Yoast SEO Premium plugin. -->","yoast_head_json":{"title":"Tietoa meist\u00e4 - Porvoon Meripelastajat","robots":{"index":"index","follow":"follow","max-snippet":"max-snippet:-1","max-image-preview":"max-image-preview:large","max-video-preview":"max-video-preview:-1"},"canonical":"https:\/\/meripelastus.fi\/porvoo\/porvoon-meripelastajat\/tietoa-meista\/","og_locale":"fi_FI","og_type":"article","og_title":"Tietoa meist\u00e4","og_description":"Porvoon Meripelastajat \u2013 Borg\u00e5 Sj\u00f6r\u00e4ddare ry on perustettu vuonna 2003 jatkamaan Nesteen venekerhon 1970-luvulla k\u00e4ynnist\u00e4m\u00e4\u00e4 meripelastustoimintaa Porvoossa. Porvoon meripelastajilla on yli 450 j\u00e4sent\u00e4, joista aktiivisia miehist\u00f6n j\u00e4seni\u00e4 on noin kymmenesosa. Varsinainen toiminta-alueemme on Loviisan ja Helsingin v\u00e4linen merialue. Aluksemme p\u00e4ivyst\u00e4v\u00e4t tyypillisesti Pernajan, Porvoon ja Sipoon saaristossa. Toimintamme perustuu yksitt\u00e4isten meripelastajien pyyteett\u00f6m\u00e4\u00e4n ja vapaaehtoiseen auttamishaluun sek\u00e4 [&hellip;]","og_url":"https:\/\/meripelastus.fi\/porvoo\/porvoon-meripelastajat\/tietoa-meista\/","og_site_name":"Porvoon Meripelastajat","article_modified_time":"2019-06-27T06:29:56+00:00","og_image":[{"width":2209,"height":1473,"url":"https:\/\/meripelastus.fi\/porvoo\/wp-content\/uploads\/sites\/24\/2019\/06\/smps_porvoo_nettisivut-8506.jpg","type":"image\/jpeg"}],"twitter_card":"summary_large_image","schema":{"@context":"https:\/\/schema.org","@graph":[{"@type":"WebPage","@id":"https:\/\/meripelastus.fi\/porvoo\/porvoon-meripelastajat\/tietoa-meista\/","url":"https:\/\/meripelastus.fi\/porvoo\/porvoon-meripelastajat\/tietoa-meista\/","name":"Tietoa meist\u00e4 - Porvoon Meripelastajat","isPartOf":{"@id":"https:\/\/meripelastus.fi\/porvoo\/#website"},"primaryImageOfPage":{"@id":"https:\/\/meripelastus.fi\/porvoo\/porvoon-meripelastajat\/tietoa-meista\/#primaryimage"},"image":{"@id":"https:\/\/meripelastus.fi\/porvoo\/porvoon-meripelastajat\/tietoa-meista\/#primaryimage"},"thumbnailUrl":"https:\/\/meripelastus.fi\/porvoo\/wp-content\/uploads\/sites\/24\/2019\/06\/smps_porvoo_nettisivut-8506.jpg","datePublished":"2018-03-19T07:16:29+00:00","dateModified":"2019-06-27T06:29:56+00:00","breadcrumb":{"@id":"https:\/\/meripelastus.fi\/porvoo\/porvoon-meripelastajat\/tietoa-meista\/#breadcrumb"},"inLanguage":"fi","potentialAction":[{"@type":"ReadAction","target":["https:\/\/meripelastus.fi\/porvoo\/porvoon-meripelastajat\/tietoa-meista\/"]}]},{"@type":"ImageObject","inLanguage":"fi","@id":"https:\/\/meripelastus.fi\/porvoo\/porvoon-meripelastajat\/tietoa-meista\/#primaryimage","url":"https:\/\/meripelastus.fi\/porvoo\/wp-content\/uploads\/sites\/24\/2019\/06\/smps_porvoo_nettisivut-8506.jpg","contentUrl":"https:\/\/meripelastus.fi\/porvoo\/wp-content\/uploads\/sites\/24\/2019\/06\/smps_porvoo_nettisivut-8506.jpg","width":2209,"height":1473},{"@type":"BreadcrumbList","@id":"https:\/\/meripelastus.fi\/porvoo\/porvoon-meripelastajat\/tietoa-meista\/#breadcrumb","itemListElement":[{"@type":"ListItem","position":1,"name":"Etusivu","item":"https:\/\/meripelastus.fi\/porvoo\/"},{"@type":"ListItem","position":2,"name":"Porvoon Meripelastajat","item":"https:\/\/meripelastus.fi\/porvoo\/porvoon-meripelastajat\/"},{"@type":"ListItem","position":3,"name":"Tietoa meist\u00e4"}]},{"@type":"WebSite","@id":"https:\/\/meripelastus.fi\/porvoo\/#website","url":"https:\/\/meripelastus.fi\/porvoo\/","name":"Porvoon Meripelastajat","description":"Vapaaehtoiset apunasi vesill\u00e4","potentialAction":[{"@type":"SearchAction","target":{"@type":"EntryPoint","urlTemplate":"https:\/\/meripelastus.fi\/porvoo\/?s={search_term_string}"},"query-input":{"@type":"PropertyValueSpecification","valueRequired":true,"valueName":"search_term_string"}}],"inLanguage":"fi"}]}},"_links":{"self":[{"href":"https:\/\/meripelastus.fi\/porvoo\/wp-json\/wp\/v2\/pages\/8","targetHints":{"allow":["GET"]}}],"collection":[{"href":"https:\/\/meripelastus.fi\/porvoo\/wp-json\/wp\/v2\/pages"}],"about":[{"href":"https:\/\/meripelastus.fi\/porvoo\/wp-json\/wp\/v2\/types\/page"}],"author":[{"embeddable":true,"href":"https:\/\/meripelastus.fi\/porvoo\/wp-json\/wp\/v2\/users\/1"}],"replies":[{"embeddable":true,"href":"https:\/\/meripelastus.fi\/porvoo\/wp-json\/wp\/v2\/comments?post=8"}],"version-history":[{"count":11,"href":"https:\/\/meripelastus.fi\/porvoo\/wp-json\/wp\/v2\/pages\/8\/revisions"}],"predecessor-version":[{"id":619,"href":"https:\/\/meripelastus.fi\/porvoo\/wp-json\/wp\/v2\/pages\/8\/revisions\/619"}],"up":[{"embeddable":true,"href":"https:\/\/meripelastus.fi\/porvoo\/wp-json\/wp\/v2\/pages\/6"}],"wp:featuredmedia":[{"embeddable":true,"href":"https:\/\/meripelastus.fi\/porvoo\/wp-json\/wp\/v2\/media\/207"}],"wp:attachment":[{"href":"https:\/\/meripelastus.fi\/porvoo\/wp-json\/wp\/v2\/media?parent=8"}],"curies":[{"name":"wp","href":"https:\/\/api.w.org\/{rel}","templated":true}]}}