{"id":255,"date":"2019-06-17T15:15:21","date_gmt":"2019-06-17T12:15:21","guid":{"rendered":"https:\/\/meripelastus.fi\/porvoo-vedos\/?page_id=255"},"modified":"2019-06-17T20:13:53","modified_gmt":"2019-06-17T17:13:53","slug":"historia","status":"publish","type":"page","link":"https:\/\/meripelastus.fi\/porvoo\/porvoon-meripelastajat\/historia\/","title":{"rendered":"Historia"},"content":{"rendered":"<div class=\"title\">\n<h2 id=\"page-title\" class=\"title\">Vapaaehtoisen Meripelastuksen historiaa Porvoossa<\/h2>\n<\/div>\n<div class=\"region region-content\">\n<div id=\"block-system-main\" class=\"block-shadow block block-system first last odd\">\n<div class=\"content\">\n<div id=\"node-30\" class=\"node node-page view-mode-full clearfix\">\n<div class=\"content\">\n<div class=\"field field-name-body field-type-text-with-summary field-label-hidden\">\n<div class=\"field-items\">\n<div class=\"field-item even\">\n<p>Saaristossa on kautta aikojen pelastettu merih\u00e4t\u00e4\u00e4n joutuneita ihmisi\u00e4 ja aluksia. My\u00f6s organisoidulla vapaaehtoisella meripelastustoiminnalla on pitk\u00e4t perinteet Suomessa. Ensimm\u00e4inen vapaaehtoinen meripelastusasema perustettiin Suursaareen vuonna 1857. Maamme valtakunnallinen vapaaehtoisen meripelastustoiminnan alkuunpanija oli 1880-luvulla perustettu Suomen yhdistys merih\u00e4d\u00e4st\u00e4 pelastamiseksi. Suomen Meripelastusseura perustettiin 1897 kehitt\u00e4m\u00e4\u00e4n vapaaehtoisten meripelastusyhdistysten toimintaa. Toiminnan perustana ja kantavana ajatuksena on alusta asti ollut omaa aineellista etua tavoittelematon ja inhimilliset n\u00e4k\u00f6kohdat huomioon ottava asenne.<\/p>\n<p>Suomen Meripelastusseuran toiminta k\u00e4ynnistyi kiinteiden meripelastusasemien varassa. Asemat sijaitsivat tyypillisesti luotsiasemien yhteydess\u00e4 ja meripelastusty\u00f6t\u00e4 tehtiin yhteisty\u00f6ss\u00e4 luotsien kanssa. Jokainen luotsiasema, jolla oli kutteri, voitiin katsoa kiinte\u00e4ksi pelastusasemaksi. Meripelastusseuran perustamisvuonna 1897 laadittiin luettelo niist\u00e4 paikoista, joihin soudettavia tai purjehdittavia pelastusveneit\u00e4 tulisi sijoittaa. Porvoon edustalla sijaitsevat S\u00f6dersk\u00e4r ja Glosholmen olivat n\u00e4iden sijoituspaikkojen joukossa.<\/p>\n<p>Ensimm\u00e4inen maailmansota 1914 &#8211; 1918 merkitsi sek\u00e4 merenkulun ett\u00e4 talouden lamaa, joka heijastui my\u00f6s meripelastusty\u00f6h\u00f6n. 1920-luvulle tultaessa organisoitu vapaaehtoinen meripelastusty\u00f6 ei ollut saavuttanut laajamittaisia tuloksia, mutta nyt pohja vapaaehtoiselle meripelastustoiminnalle oli luotu.<\/p>\n<h3>1930-luvulla meripelastustoiminta aktivoitui<\/h3>\n<p>1930-luvun alkuvuosina Suomen Meripelastusseuran toiminta aktivoitui ja talous parani. Suomen Meripelastusseura esitti vetoomuksen kaikille kansalaisille saadakseen varoja vapaaehtoiseen meripelastusty\u00f6h\u00f6n. Varoja saatiin rannikkokaupungeilta, liikkeilt\u00e4, yhtymilt\u00e4 ja naiskerhoilta kiinteiden pelastusasemien perustamiseen. Lis\u00e4ksi saatiin valtionapua. My\u00f6s ravintoloiden peliautomaatit ja ker\u00e4yslippaat antoivat lis\u00e4tuloja. Nyt alkoi olla rahaa teett\u00e4\u00e4 uusia pelastusveneit\u00e4. August Ekl\u00f6fin Tolkkisten vetotelakalta alettiin tilata 10 &#8211; 12 metrisi\u00e4 avomallisia asemaveneit\u00e4. Ensimm\u00e4inen vuonna 1936 valmistunut vene sai nimekseen<span>\u00a0<\/span><strong>Vals\u00f6rn<\/strong>. Vuonna 1937 tilattiin kolme samanlaista venett\u00e4 lis\u00e4\u00e4. Niihin asennettiin Vaasasta hidask\u00e4yntiset Wickstr\u00f6m-moottorit. My\u00f6hemmin suunniteltiin kajuutallinen ja kokonaan katettu vene. N\u00e4ist\u00e4 katetuista pelastusveneist\u00e4 Pv Seiskari oli aktiivik\u00e4yt\u00f6ss\u00e4 vuoteen 2009 asti.<\/p>\n<p>Paikkakunnan parhaista merimiehist\u00e4 alettiin kouluttaa miehist\u00f6\u00e4 pelastusveneisiin. My\u00f6s koulutusmateriaalin tuottaminen aloitettiin 1930-luvulla: pelastajille julkaistiin k\u00e4sikirja uima- ja elvytystaidoista. Opas sis\u00e4lsi varsin yksityiskohtaisia toimintaohjeita. N\u00e4ihin aikoihin toiminta perustui kiinteisiin meripelastusasemiin, joita oli 1930-luvulla yhteens\u00e4 25. Yksi n\u00e4ist\u00e4 kiinteist\u00e4 meripelastusasemista sijaitsi S\u00f6dersk\u00e4riss\u00e4.<\/p>\n<p>Porvooseen perustettiin vuonna 1934 naisten pelastusrengas. Ruotsissa alkunsa saanut naisyhdistystoiminta saapui Turun kautta Porvooseen: kenraalinrouva Helenius teki aloitteen naisyhdistyksest\u00e4 meripelastustoiminnan tukemiseksi. Porvoon arvovaltaisimpien miesten, muun muassa kaupunginjohtajan ja pormestarin, rouvat<span>\u00a0<\/span><strong>Elsa Brunberg<\/strong>,<span>\u00a0<\/span><strong>Mili Valanne<\/strong>,<span>\u00a0<\/span><strong>Helena Ekl\u00f6f<\/strong><span>\u00a0<\/span>ja<span>\u00a0<\/span><strong>Lempi Lindholm<\/strong><span>\u00a0<\/span>kokoontuivat valmistelemaan yhdistyksen perustamista syksyll\u00e4 1934. Yhdistys aloitti toimintansa vuoden 1935 ensimm\u00e4isen\u00e4 p\u00e4iv\u00e4n\u00e4. S\u00e4\u00e4nt\u00f6jen mukaan pelastusrengas toimi Porvoon saariston ja It\u00e4-Uudenmaan rannikon meripelastustoiminnan hyv\u00e4ksi hankkimalla v\u00e4lineit\u00e4, jotka tulivat Meripelastusseuran k\u00e4ytt\u00f6\u00f6n. F\u00f6reningen Livbojen i Borg\u00e5 r.f. &#8211; Porvoon Pelastusrengas r.y. oli edistyksellinen yhdistys: se oli kaksikielinen ja otti mukaan toimintaan sek\u00e4 naisia ett\u00e4 miehi\u00e4. Yhdistyksen aktiiveina toimivat kuitenkin naiset. Ensimm\u00e4iseksi puheenjohtajaksi valittiin Elsa Brunberg. Perustamisvuoden lopussa oli yhdistyksess\u00e4 jo 200 j\u00e4sent\u00e4. Pian meripelastusaate laajeni my\u00f6s Loviisan naisten keskuuteen.<\/p>\n<p>Syksyll\u00e4 1936 Porvoossa ja Helsingiss\u00e4 j\u00e4rjestettiin iso meripelastusn\u00e4yt\u00f6s, jossa oli n\u00e4ytteill\u00e4 paljon veneit\u00e4 ja kalustoa. Porvoolaisille esiteltiin muun muassa tuliter\u00e4 Hankoon sijoitettava uusi pelastusristeilij\u00e4<span>\u00a0<\/span><strong>Outoori<\/strong>. Tilaisuus ker\u00e4si tuhansia katsojia ja her\u00e4tti paljon huomiota koko maassa.<\/p>\n<p>Syksyll\u00e4 1940 perustettiin Glosholmenin meripelastusasema Pellinkiin. Asemalle sijoitettiin vuonna 1937 Tolkkisissa rakennettu<span>\u00a0<\/span><strong>Pv Haapasaari<\/strong>. Sota-ajan poikkeusoloista huolimatta pelastusveneiden rakennus jatkui Tolkkisten telakalla. Vuonna 1941 Glosholmeniin sijoitettiin Tolkkisissa valmistunut uusi<span>\u00a0<\/span><strong>Pv Syv\u00e4ri<\/strong>.<\/p>\n<p>Porvoon Hermanninsaaressa, Bj\u00f6rkholmenin luotsiasemalla, oli meripelastusasema ja pelastusvene. My\u00f6s Pellingin Edn\u00e4suddenissa oli asema sek\u00e4 asemamiehi\u00e4 ainakin 1950 &#8211; 60-luvulla. Aseman venevajassa s\u00e4ilytettiin l\u00e4ht\u00f6valmiudessa kiskoilla vuonna 1937 valmistunutta<span>\u00a0<\/span><strong>Pv Kokkoluotoa<\/strong>. Kun h\u00e4lytys tuli, l\u00e4htiv\u00e4t miehet apuun. Asemamiehin\u00e4 toimivat ainakin<span>\u00a0<\/span><strong>Albert Gustafsson<\/strong><span>\u00a0<\/span>ja<span>\u00a0<\/span><strong>Holger Liljestr\u00f6m<\/strong>. Pelastusteht\u00e4vi\u00e4 oli pari kertaa vuodessa. Nykypellinkil\u00e4isilt\u00e4 saatujen tietojen mukaan Pv Kokkoluoto osallistui vuoden 1952 olympialaisiin toimien purjehduskilpailujen turvaveneen\u00e4.<\/p>\n<h3>Veneilyn kasvukausi<\/h3>\n<p>1970-luvulla huviveneily vilkastui huomattavasti, mik\u00e4 antoi kimmokkeen venekerhojen ja merivalvontaviranomaisten yhteistoimintaan vesill\u00e4 liikkumisen turvallisuuden varmistamiseksi. Porvoolaisista venekerhoista vuonna 1968 perustettu Nesteen Venekerho osallistui yhteistoimintaan aktiivisesti ja n\u00e4kyv\u00e4sti alkuhetkist\u00e4\u00e4n l\u00e4htien. Heti kerhon liitytty\u00e4 Suomen Meripelastusseuraan aloitettiin veneturvallisuuskoulutus sek\u00e4 purjehduskilpailujen ja moottoriveneiden nopeuskilpailujen turvateht\u00e4viin osallistuminen. Lis\u00e4ksi Meripelastusseuran toivomuksesta perustettiin meripelastusviranomaisia avustava etsint\u00e4venelaivue, joka koostui kerhon j\u00e4senten yksityisveneist\u00e4.<\/p>\n<p>Etsint\u00e4laivue k\u00e4sitti kymmenkunta venett\u00e4, joista jokaisessa oli radiopuhelin ja muutamassa jopa tutka. Yhteytt\u00e4 pidettiin l\u00e4hinn\u00e4 Pirttisaaren ja Glosholmenin merivartioasemiin sek\u00e4 Suomenlinnassa sijainneeseen johtokeskukseen. My\u00f6s harjoituksia ja koulutusta j\u00e4rjestettiin s\u00e4\u00e4nn\u00f6llisesti.<\/p>\n<p>Veneiden koko ja moottoriteho ei aina ollut riitt\u00e4v\u00e4 ankariin meriolosuhteisiin. Silloin yhdistyksen aktiivien mieless\u00e4 alkoi kangastella isompi, lujatekoisempi ja suuremmalla koneteholla varustettu sek\u00e4 kovaan merenk\u00e4yntiin suunniteltu vene.<\/p>\n<p>Neste Oy:n silloisella toimitusjohtajalla, vuorineuvos<span>\u00a0<\/span><strong>Uolevi Raadella<\/strong>, oli tapana kutsua joskus Nesteen henkil\u00f6st\u00f6n edustajia kertomaan vapaasti mahdollisista ongelmista tai toiveista. Nestel\u00e4inen<span>\u00a0<\/span><strong>Tuomo J. Rytk\u00f6l\u00e4<\/strong>, joka toimi Nesteen venekerhon sihteerin\u00e4 ja meripelastusjaoksen puheenjohtajana, kutsuttiin t\u00e4llaiseen tilaisuuteen. H\u00e4n esitti Raadelle venekerholaisten toiveen pelastusristeilij\u00e4st\u00e4. Vuorineuvos Raade lunasti toivomuksen. Viimeisen\u00e4 virkatoimenaan ennen el\u00e4kkeelle siirtymist\u00e4 h\u00e4n tilasi Saksasta aikanaan parhaan mahdollisen pelastusristeilij\u00e4n Suomen Meripelastusseuran k\u00e4ytt\u00f6\u00f6n. 23-metrinen meripelastusristeilij\u00e4 valmistui vuonna 1982 ja se sijoitettiin Nesteen Sk\u00f6ldvikin \u00f6ljysatamaan. Alus miehitettiin Neste Oy:n henkil\u00f6st\u00f6st\u00e4 koostuvalla miehist\u00f6ll\u00e4. Kylki\u00e4isen\u00e4 Neste otti viel\u00e4 huolehtiakseen risteilij\u00e4n poltto- ja voiteluainekulut ja sek\u00e4 kustansi Meripelastusseuran palkkaaman konemestarin palkkakulut. Pelastusristeilij\u00e4 sai nimekseen Pr Ossi Barck Nesteen varustamon ensimm\u00e4isen s\u00e4ili\u00f6laivan p\u00e4\u00e4llik\u00f6n, sittemmin Nesteen varustamon johtajan, merikapteeni<span>\u00a0<\/span><strong>Ossi Aksel Barckin<\/strong><span>\u00a0<\/span>mukaan. Apuvene nimettiin Ossi Barckin vaimon<span>\u00a0<\/span><strong>Huldan<span>\u00a0<\/span><\/strong>mukaan. Apuvene Hulda on nykyisin Merikeskus Vellamossa Kotkassa.<\/p>\n<h3>Uusi yhdistys perustetaan &#8211; toiminta kehittyy edelleen<\/h3>\n<p>2000-luvun alkupuolella meripelastusjaoksen kustannusten katsottiin muodostaneen niin suuren osan Nesteen Venekerhon kokonaisbudjetista, ett\u00e4 toiminnan eriytt\u00e4minen omaksi yhdistykseksi tuntui mielekk\u00e4\u00e4lt\u00e4. Meripelastustoimintaa jatkamaan perustettiin vuonna 2003 SMPS Porvoon Meripelastajat \u2013 Borg\u00e5 Sj\u00f6r\u00e4ddare ry Suomen Meripelastusseuran j\u00e4senyhdistyksen\u00e4. Muutoksesta huolimatta toiminta Pr Ossi Barckilla jatkui entisell\u00e4\u00e4n. Vuonna 2004 kuitenkin luovuttiin palkatusta konemestarista, ja toiminta jatkui t\u00e4ysin vapaaehtoispohjalta. Neste Oil myi Pr Ossi Barckin Saksaan tuulivoimapuistojen huoltoalukseksi vuonna 2007.<\/p>\n<p>Suomen Meripelastusseura luovutti kev\u00e4\u00e4ll\u00e4 2008 Porvoon Meripelastajien k\u00e4ytt\u00f6\u00f6n PV1-luokan pelastusveneen, Pv Helvi Harjulan. Saman vuoden hein\u00e4kuussa Porvooseen siirrettiin Porkkalasta Arun-luokan pelastusristeilij\u00e4 Mac Elliot, ja Pv Helvi Harjula luovutettiin pois. Pr Mac Elliot sijoitettiin uuteen asemapaikkaansa Em\u00e4salon Kuggeniin, josta yhdistys vuokrasi entisen lossin huoltolaiturin. Pr Mac Elliot mahdollisti toiminnan jatkamisen ja uuden miehist\u00f6n kouluttamisen.<\/p>\n<p>Vuonna 2011 Porvoon Meripelastajat vuokrasi meripelastusaseman perustamiseen tilat Porvoon Telakka Oy:lt\u00e4 Tolkkisten Augustinrannan alueelta. Asemalle kunnostettiin talkoovoimin koulutus-, kokous- ja huoltotilat. Samalla Pr Mac Elliotin asemapaikka siirtyi Tolkkisiin.<\/p>\n<p>Meripelastusseura luovutti kev\u00e4\u00e4ll\u00e4 2012 Porvoon Meripelastajille uuden PV2-luokan pelastusveneen, joka sai kasteessa nimekseen Pv Securitas. Nopea, nykyaikainen pelastusalus tehosti yhdistyksen vapaaehtoismiehist\u00f6n toimintakyky\u00e4, mik\u00e4 n\u00e4kyi v\u00e4litt\u00f6m\u00e4sti teht\u00e4v\u00e4m\u00e4\u00e4r\u00e4n kasvuna. Pr Mac Elliot siirtyi syksyll\u00e4 2012 takaisin Meripelastusseuran hallintaan, ja tilalle Porvooseen sijoitettiin nopea, katettu PV3-luokan pelastusalus, PV315.<\/p>\n<hr \/>\n<h6><em><br \/>\nL\u00e4hteet:<\/em><br \/>\nSadan vuoden meripelastusty\u00f6, Suomen Meripelastusseura 1897-1997 \u2013 Juhani Merilahti<br \/>\nSkeppsbyggaren G\u00f6sta Kyntzell, Christoffer H. Ericsson, Utgiven av Ulla Paulig, 1999<br \/>\nPorvoon meripelastaja Kaj Rosqvistin tekem\u00e4 haastattelu: Kaj Rosqvist\/Mats Gustafsson 2013<br \/>\nTuomo J. Rytk\u00f6l\u00e4n muistiinpanot Ossi Barckin hankinnasta, 5.3.2008<br \/>\nSuomen Meripelastusseuran historia<span>\u00a0<\/span><a href=\"http:\/\/www.meripelastus.fi\/fi\/historia\" target=\"_blank\" rel=\"noopener noreferrer\">http:\/\/www.meripelastus.fi\/fi\/historia<\/a><\/h6>\n<\/div>\n<\/div>\n<\/div>\n<\/div>\n<\/div>\n<\/div>\n<\/div>\n<\/div>\n","protected":false},"excerpt":{"rendered":"<p>Vapaaehtoisen Meripelastuksen historiaa Porvoossa Saaristossa on kautta aikojen pelastettu merih\u00e4t\u00e4\u00e4n joutuneita ihmisi\u00e4 ja aluksia. My\u00f6s organisoidulla vapaaehtoisella meripelastustoiminnalla on pitk\u00e4t perinteet Suomessa. Ensimm\u00e4inen vapaaehtoinen meripelastusasema perustettiin Suursaareen vuonna 1857. Maamme valtakunnallinen vapaaehtoisen meripelastustoiminnan alkuunpanija oli 1880-luvulla perustettu Suomen yhdistys merih\u00e4d\u00e4st\u00e4 pelastamiseksi. Suomen Meripelastusseura perustettiin 1897 kehitt\u00e4m\u00e4\u00e4n vapaaehtoisten meripelastusyhdistysten toimintaa. Toiminnan perustana ja kantavana ajatuksena on [&hellip;]<\/p>\n","protected":false},"author":48,"featured_media":265,"parent":6,"menu_order":0,"comment_status":"closed","ping_status":"closed","template":"","meta":{"_acf_changed":false,"inline_featured_image":false,"footnotes":""},"class_list":["post-255","page","type-page","status-publish","has-post-thumbnail","hentry"],"acf":[],"yoast_head":"<!-- This site is optimized with the Yoast SEO Premium plugin v27.4 (Yoast SEO v27.4) - https:\/\/yoast.com\/product\/yoast-seo-premium-wordpress\/ -->\n<title>Historia - Porvoon Meripelastajat<\/title>\n<meta name=\"robots\" content=\"index, follow, max-snippet:-1, max-image-preview:large, max-video-preview:-1\" \/>\n<link rel=\"canonical\" href=\"https:\/\/meripelastus.fi\/porvoo\/porvoon-meripelastajat\/historia\/\" \/>\n<meta property=\"og:locale\" content=\"fi_FI\" \/>\n<meta property=\"og:type\" content=\"article\" \/>\n<meta property=\"og:title\" content=\"Historia\" \/>\n<meta property=\"og:description\" content=\"Vapaaehtoisen Meripelastuksen historiaa Porvoossa Saaristossa on kautta aikojen pelastettu merih\u00e4t\u00e4\u00e4n joutuneita ihmisi\u00e4 ja aluksia. My\u00f6s organisoidulla vapaaehtoisella meripelastustoiminnalla on pitk\u00e4t perinteet Suomessa. Ensimm\u00e4inen vapaaehtoinen meripelastusasema perustettiin Suursaareen vuonna 1857. Maamme valtakunnallinen vapaaehtoisen meripelastustoiminnan alkuunpanija oli 1880-luvulla perustettu Suomen yhdistys merih\u00e4d\u00e4st\u00e4 pelastamiseksi. Suomen Meripelastusseura perustettiin 1897 kehitt\u00e4m\u00e4\u00e4n vapaaehtoisten meripelastusyhdistysten toimintaa. Toiminnan perustana ja kantavana ajatuksena on [&hellip;]\" \/>\n<meta property=\"og:url\" content=\"https:\/\/meripelastus.fi\/porvoo\/porvoon-meripelastajat\/historia\/\" \/>\n<meta property=\"og:site_name\" content=\"Porvoon Meripelastajat\" \/>\n<meta property=\"article:modified_time\" content=\"2019-06-17T17:13:53+00:00\" \/>\n<meta property=\"og:image\" content=\"https:\/\/meripelastus.fi\/porvoo\/wp-content\/uploads\/sites\/24\/2019\/06\/historia-1.jpg\" \/>\n\t<meta property=\"og:image:width\" content=\"1600\" \/>\n\t<meta property=\"og:image:height\" content=\"1067\" \/>\n\t<meta property=\"og:image:type\" content=\"image\/jpeg\" \/>\n<meta name=\"twitter:card\" content=\"summary_large_image\" \/>\n<meta name=\"twitter:label1\" content=\"Arvioitu lukuaika\" \/>\n\t<meta name=\"twitter:data1\" content=\"6 minuuttia\" \/>\n<script type=\"application\/ld+json\" class=\"yoast-schema-graph\">{\"@context\":\"https:\\\/\\\/schema.org\",\"@graph\":[{\"@type\":\"WebPage\",\"@id\":\"https:\\\/\\\/meripelastus.fi\\\/porvoo\\\/porvoon-meripelastajat\\\/historia\\\/\",\"url\":\"https:\\\/\\\/meripelastus.fi\\\/porvoo\\\/porvoon-meripelastajat\\\/historia\\\/\",\"name\":\"Historia - Porvoon Meripelastajat\",\"isPartOf\":{\"@id\":\"https:\\\/\\\/meripelastus.fi\\\/porvoo\\\/#website\"},\"primaryImageOfPage\":{\"@id\":\"https:\\\/\\\/meripelastus.fi\\\/porvoo\\\/porvoon-meripelastajat\\\/historia\\\/#primaryimage\"},\"image\":{\"@id\":\"https:\\\/\\\/meripelastus.fi\\\/porvoo\\\/porvoon-meripelastajat\\\/historia\\\/#primaryimage\"},\"thumbnailUrl\":\"https:\\\/\\\/meripelastus.fi\\\/porvoo\\\/wp-content\\\/uploads\\\/sites\\\/24\\\/2019\\\/06\\\/historia-1.jpg\",\"datePublished\":\"2019-06-17T12:15:21+00:00\",\"dateModified\":\"2019-06-17T17:13:53+00:00\",\"breadcrumb\":{\"@id\":\"https:\\\/\\\/meripelastus.fi\\\/porvoo\\\/porvoon-meripelastajat\\\/historia\\\/#breadcrumb\"},\"inLanguage\":\"fi\",\"potentialAction\":[{\"@type\":\"ReadAction\",\"target\":[\"https:\\\/\\\/meripelastus.fi\\\/porvoo\\\/porvoon-meripelastajat\\\/historia\\\/\"]}]},{\"@type\":\"ImageObject\",\"inLanguage\":\"fi\",\"@id\":\"https:\\\/\\\/meripelastus.fi\\\/porvoo\\\/porvoon-meripelastajat\\\/historia\\\/#primaryimage\",\"url\":\"https:\\\/\\\/meripelastus.fi\\\/porvoo\\\/wp-content\\\/uploads\\\/sites\\\/24\\\/2019\\\/06\\\/historia-1.jpg\",\"contentUrl\":\"https:\\\/\\\/meripelastus.fi\\\/porvoo\\\/wp-content\\\/uploads\\\/sites\\\/24\\\/2019\\\/06\\\/historia-1.jpg\",\"width\":1600,\"height\":1067},{\"@type\":\"BreadcrumbList\",\"@id\":\"https:\\\/\\\/meripelastus.fi\\\/porvoo\\\/porvoon-meripelastajat\\\/historia\\\/#breadcrumb\",\"itemListElement\":[{\"@type\":\"ListItem\",\"position\":1,\"name\":\"Etusivu\",\"item\":\"https:\\\/\\\/meripelastus.fi\\\/porvoo\\\/\"},{\"@type\":\"ListItem\",\"position\":2,\"name\":\"Porvoon Meripelastajat\",\"item\":\"https:\\\/\\\/meripelastus.fi\\\/porvoo\\\/porvoon-meripelastajat\\\/\"},{\"@type\":\"ListItem\",\"position\":3,\"name\":\"Historia\"}]},{\"@type\":\"WebSite\",\"@id\":\"https:\\\/\\\/meripelastus.fi\\\/porvoo\\\/#website\",\"url\":\"https:\\\/\\\/meripelastus.fi\\\/porvoo\\\/\",\"name\":\"Porvoon Meripelastajat\",\"description\":\"Vapaaehtoiset apunasi vesill\u00e4\",\"potentialAction\":[{\"@type\":\"SearchAction\",\"target\":{\"@type\":\"EntryPoint\",\"urlTemplate\":\"https:\\\/\\\/meripelastus.fi\\\/porvoo\\\/?s={search_term_string}\"},\"query-input\":{\"@type\":\"PropertyValueSpecification\",\"valueRequired\":true,\"valueName\":\"search_term_string\"}}],\"inLanguage\":\"fi\"}]}<\/script>\n<!-- \/ Yoast SEO Premium plugin. -->","yoast_head_json":{"title":"Historia - Porvoon Meripelastajat","robots":{"index":"index","follow":"follow","max-snippet":"max-snippet:-1","max-image-preview":"max-image-preview:large","max-video-preview":"max-video-preview:-1"},"canonical":"https:\/\/meripelastus.fi\/porvoo\/porvoon-meripelastajat\/historia\/","og_locale":"fi_FI","og_type":"article","og_title":"Historia","og_description":"Vapaaehtoisen Meripelastuksen historiaa Porvoossa Saaristossa on kautta aikojen pelastettu merih\u00e4t\u00e4\u00e4n joutuneita ihmisi\u00e4 ja aluksia. My\u00f6s organisoidulla vapaaehtoisella meripelastustoiminnalla on pitk\u00e4t perinteet Suomessa. Ensimm\u00e4inen vapaaehtoinen meripelastusasema perustettiin Suursaareen vuonna 1857. Maamme valtakunnallinen vapaaehtoisen meripelastustoiminnan alkuunpanija oli 1880-luvulla perustettu Suomen yhdistys merih\u00e4d\u00e4st\u00e4 pelastamiseksi. Suomen Meripelastusseura perustettiin 1897 kehitt\u00e4m\u00e4\u00e4n vapaaehtoisten meripelastusyhdistysten toimintaa. Toiminnan perustana ja kantavana ajatuksena on [&hellip;]","og_url":"https:\/\/meripelastus.fi\/porvoo\/porvoon-meripelastajat\/historia\/","og_site_name":"Porvoon Meripelastajat","article_modified_time":"2019-06-17T17:13:53+00:00","og_image":[{"width":1600,"height":1067,"url":"https:\/\/meripelastus.fi\/porvoo\/wp-content\/uploads\/sites\/24\/2019\/06\/historia-1.jpg","type":"image\/jpeg"}],"twitter_card":"summary_large_image","twitter_misc":{"Arvioitu lukuaika":"6 minuuttia"},"schema":{"@context":"https:\/\/schema.org","@graph":[{"@type":"WebPage","@id":"https:\/\/meripelastus.fi\/porvoo\/porvoon-meripelastajat\/historia\/","url":"https:\/\/meripelastus.fi\/porvoo\/porvoon-meripelastajat\/historia\/","name":"Historia - Porvoon Meripelastajat","isPartOf":{"@id":"https:\/\/meripelastus.fi\/porvoo\/#website"},"primaryImageOfPage":{"@id":"https:\/\/meripelastus.fi\/porvoo\/porvoon-meripelastajat\/historia\/#primaryimage"},"image":{"@id":"https:\/\/meripelastus.fi\/porvoo\/porvoon-meripelastajat\/historia\/#primaryimage"},"thumbnailUrl":"https:\/\/meripelastus.fi\/porvoo\/wp-content\/uploads\/sites\/24\/2019\/06\/historia-1.jpg","datePublished":"2019-06-17T12:15:21+00:00","dateModified":"2019-06-17T17:13:53+00:00","breadcrumb":{"@id":"https:\/\/meripelastus.fi\/porvoo\/porvoon-meripelastajat\/historia\/#breadcrumb"},"inLanguage":"fi","potentialAction":[{"@type":"ReadAction","target":["https:\/\/meripelastus.fi\/porvoo\/porvoon-meripelastajat\/historia\/"]}]},{"@type":"ImageObject","inLanguage":"fi","@id":"https:\/\/meripelastus.fi\/porvoo\/porvoon-meripelastajat\/historia\/#primaryimage","url":"https:\/\/meripelastus.fi\/porvoo\/wp-content\/uploads\/sites\/24\/2019\/06\/historia-1.jpg","contentUrl":"https:\/\/meripelastus.fi\/porvoo\/wp-content\/uploads\/sites\/24\/2019\/06\/historia-1.jpg","width":1600,"height":1067},{"@type":"BreadcrumbList","@id":"https:\/\/meripelastus.fi\/porvoo\/porvoon-meripelastajat\/historia\/#breadcrumb","itemListElement":[{"@type":"ListItem","position":1,"name":"Etusivu","item":"https:\/\/meripelastus.fi\/porvoo\/"},{"@type":"ListItem","position":2,"name":"Porvoon Meripelastajat","item":"https:\/\/meripelastus.fi\/porvoo\/porvoon-meripelastajat\/"},{"@type":"ListItem","position":3,"name":"Historia"}]},{"@type":"WebSite","@id":"https:\/\/meripelastus.fi\/porvoo\/#website","url":"https:\/\/meripelastus.fi\/porvoo\/","name":"Porvoon Meripelastajat","description":"Vapaaehtoiset apunasi vesill\u00e4","potentialAction":[{"@type":"SearchAction","target":{"@type":"EntryPoint","urlTemplate":"https:\/\/meripelastus.fi\/porvoo\/?s={search_term_string}"},"query-input":{"@type":"PropertyValueSpecification","valueRequired":true,"valueName":"search_term_string"}}],"inLanguage":"fi"}]}},"_links":{"self":[{"href":"https:\/\/meripelastus.fi\/porvoo\/wp-json\/wp\/v2\/pages\/255","targetHints":{"allow":["GET"]}}],"collection":[{"href":"https:\/\/meripelastus.fi\/porvoo\/wp-json\/wp\/v2\/pages"}],"about":[{"href":"https:\/\/meripelastus.fi\/porvoo\/wp-json\/wp\/v2\/types\/page"}],"author":[{"embeddable":true,"href":"https:\/\/meripelastus.fi\/porvoo\/wp-json\/wp\/v2\/users\/48"}],"replies":[{"embeddable":true,"href":"https:\/\/meripelastus.fi\/porvoo\/wp-json\/wp\/v2\/comments?post=255"}],"version-history":[{"count":6,"href":"https:\/\/meripelastus.fi\/porvoo\/wp-json\/wp\/v2\/pages\/255\/revisions"}],"predecessor-version":[{"id":263,"href":"https:\/\/meripelastus.fi\/porvoo\/wp-json\/wp\/v2\/pages\/255\/revisions\/263"}],"up":[{"embeddable":true,"href":"https:\/\/meripelastus.fi\/porvoo\/wp-json\/wp\/v2\/pages\/6"}],"wp:featuredmedia":[{"embeddable":true,"href":"https:\/\/meripelastus.fi\/porvoo\/wp-json\/wp\/v2\/media\/265"}],"wp:attachment":[{"href":"https:\/\/meripelastus.fi\/porvoo\/wp-json\/wp\/v2\/media?parent=255"}],"curies":[{"name":"wp","href":"https:\/\/api.w.org\/{rel}","templated":true}]}}