{"id":414,"date":"2020-02-21T20:41:21","date_gmt":"2020-02-21T18:41:21","guid":{"rendered":"https:\/\/meripelastus.fi\/porkkala-vedos\/?page_id=414"},"modified":"2023-11-08T16:27:56","modified_gmt":"2023-11-08T14:27:56","slug":"tule-mukaan","status":"publish","type":"page","link":"https:\/\/meripelastus.fi\/porkkala\/toiminta\/tule-mukaan\/","title":{"rendered":"Tule mukaan toimintaan!"},"content":{"rendered":"\n<h3 class=\"wp-block-heading\">Kiinnostaako vapaaehtoinen meripelastus? Aloita el\u00e4m\u00e4si paras harrastus meripelastajana!<\/h3>\n\n\n\n<p><span>Vapaaehtoinen meripelastustoiminta vaatii sitoutumista, mutta antaa paljon. Kanssaihmisten auttaminen, mahdollisuus p\u00e4\u00e4st\u00e4 vesille ilman omaa venett\u00e4 sek\u00e4 monipuolinen pelastus- ja merenkulkukoulutus ovat paketti, mit\u00e4 mik\u00e4\u00e4n muu harrastus ei tarjoa. <\/span><\/p>\n\n\n\n<h3 class=\"wp-block-heading\">Mit\u00e4 toivomme sinulta?<\/h3>\n\n\n\n<p><span>Emme edellyt\u00e4 veneilykokemusta tai muuta erityisosaamista. Halu auttaa, into oppia uutta ja mahdollisuus sitoutua aikaa viev\u00e4\u00e4n harrastukseen riitt\u00e4v\u00e4t.<\/span> <span>H\u00e4lytysmiehist\u00f6iss\u00e4 toimivilta edellytet\u00e4\u00e4n v\u00e4hint\u00e4\u00e4n 18 vuoden ik\u00e4\u00e4, mutta jo 16-vuotiaana voi p\u00e4\u00e4st\u00e4 pelastusalukselle harjoittelijaksi.<\/span> <span>Lis\u00e4ksi edellyt\u00e4mme hyv\u00e4\u00e4 peruskuntoa, uimataitoa ja n\u00e4\u00f6n tarkkuutta 0,5 silm\u00e4laseilla ja 0,1 ilman. Mukana on sek\u00e4 miehi\u00e4 ett\u00e4 naisia, ja ammattialoja edustettuina sairaanhoitajasta kirjanpit\u00e4j\u00e4\u00e4n ja palomiehest\u00e4 kosmetologiin.&nbsp;<\/span><a href=\"http:\/\/view.24mags.com\/mobilev\/b96aff83a6a4bbbdcfbada9f7d2ead02#\/page=1\">Lataa hakijan opas ja tule mukaan!<\/a><\/p>\n\n\n\n<p><span>Meripelastusseuralla on oma koulutusj\u00e4rjestelm\u00e4, jonka mukaan kaikki pelastusmiehist\u00f6jen j\u00e4senet koulutetaan. Koulutuksen tavoitteena on antaa vapaaehtoisille meripelastajille sellaiset tiedot ja taidot, ett\u00e4 he voivat turvallisesti ja tehokkaasti toimia pelastusteht\u00e4viss\u00e4 meripelastusaluksilla. <\/span><\/p>\n\n\n\n<h4 class=\"wp-block-heading\"><strong>Kuinka p\u00e4\u00e4set mukaan?<\/strong><\/h4>\n\n\n\n<p><em>Rekrytoimme Porkkalassa uusia tulokkaita ymp\u00e4ri vuoden.<\/em> <span>Tee nyt ensimm\u00e4inen siirto.&nbsp;<\/span><span>Ilmoita kiinnostuksesi tulla mukaan ja otamme sinuun yhteytt\u00e4.<\/span><\/p>\n\n\n\n<h3 class=\"wp-block-heading\">Olen kiinnostunut meripelastuksesta harrastuksena.<\/h3>\n\n\n\n<p>Ota minuun yhteytt\u00e4 ja kerro lis\u00e4\u00e4.<\/p>\n\n\n\n<div class=\"wp-block-contact-form-7-contact-form-selector\">\n<div class=\"wpcf7 no-js\" id=\"wpcf7-f697-o1\" lang=\"fi\" dir=\"ltr\" data-wpcf7-id=\"697\">\n<div class=\"screen-reader-response\"><p role=\"status\" aria-live=\"polite\" aria-atomic=\"true\"><\/p> <ul><\/ul><\/div>\n<form action=\"\/porkkala\/wp-json\/wp\/v2\/pages\/414#wpcf7-f697-o1\" method=\"post\" class=\"wpcf7-form init\" aria-label=\"Yhteydenottolomake\" novalidate=\"novalidate\" data-status=\"init\">\n<fieldset class=\"hidden-fields-container\"><input type=\"hidden\" name=\"_wpcf7\" value=\"697\" \/><input type=\"hidden\" name=\"_wpcf7_version\" value=\"6.1.5\" \/><input type=\"hidden\" name=\"_wpcf7_locale\" value=\"fi\" \/><input type=\"hidden\" name=\"_wpcf7_unit_tag\" value=\"wpcf7-f697-o1\" \/><input type=\"hidden\" name=\"_wpcf7_container_post\" value=\"0\" \/><input type=\"hidden\" name=\"_wpcf7_posted_data_hash\" value=\"\" \/><input type=\"hidden\" name=\"_wpcf7_recaptcha_response\" value=\"\" \/>\n<\/fieldset>\n<div class=\"form-group\">\n\t<p><label for=\"first-name\" class=\"control-label\">Etunimi *<\/label><br \/>\n<span class=\"wpcf7-form-control-wrap\" data-name=\"first-name\"><input size=\"40\" maxlength=\"400\" class=\"wpcf7-form-control wpcf7-text wpcf7-validates-as-required form-control\" aria-required=\"true\" aria-invalid=\"false\" value=\"\" type=\"text\" name=\"first-name\" \/><\/span>\n\t<\/p>\n<\/div>\n<div class=\"form-group\">\n\t<p><label for=\"last-name\" class=\"control-label\">Sukunimi *<\/label><br \/>\n<span class=\"wpcf7-form-control-wrap\" data-name=\"last-name\"><input size=\"40\" maxlength=\"400\" class=\"wpcf7-form-control wpcf7-text wpcf7-validates-as-required form-control\" aria-required=\"true\" aria-invalid=\"false\" value=\"\" type=\"text\" name=\"last-name\" \/><\/span>\n\t<\/p>\n<\/div>\n<div class=\"form-group\">\n\t<p><label for=\"birthday\" class=\"control-label\">Syntym\u00e4aika <\/label><br \/>\n<span class=\"wpcf7-form-control-wrap\" data-name=\"birthday\"><input class=\"wpcf7-form-control wpcf7-date wpcf7-validates-as-date form-control\" aria-invalid=\"false\" value=\"\" type=\"date\" name=\"birthday\" \/><\/span>\n\t<\/p>\n<\/div>\n<div class=\"form-group\">\n\t<p><label for=\"your-email\" class=\"control-label\">S\u00e4hk\u00f6posti *<\/label><br \/>\n<span class=\"wpcf7-form-control-wrap\" data-name=\"your-email\"><input size=\"40\" maxlength=\"400\" class=\"wpcf7-form-control wpcf7-email wpcf7-validates-as-required wpcf7-text wpcf7-validates-as-email form-control\" aria-required=\"true\" aria-invalid=\"false\" value=\"\" type=\"email\" name=\"your-email\" \/><\/span>\n\t<\/p>\n<\/div>\n<div class=\"form-group\">\n\t<p><label for=\"your-tel\" class=\"control-label\">Puhelin *<\/label><br \/>\n<span class=\"wpcf7-form-control-wrap\" data-name=\"your-tel\"><input size=\"40\" maxlength=\"400\" class=\"wpcf7-form-control wpcf7-text wpcf7-validates-as-required form-control\" aria-required=\"true\" aria-invalid=\"false\" value=\"\" type=\"text\" name=\"your-tel\" \/><\/span>\n\t<\/p>\n<\/div>\n<div class=\"form-group\">\n\t<p><label for=\"your-message\" class=\"control-label\"> Viesti *<\/label><br \/>\n<span class=\"wpcf7-form-control-wrap\" data-name=\"your-message\"><textarea cols=\"40\" rows=\"10\" maxlength=\"2000\" class=\"wpcf7-form-control wpcf7-textarea form-control\" aria-invalid=\"false\" placeholder=\"Esim. miten haluat, ett\u00e4 otamme sinuun yhteytt\u00e4 ?\" name=\"your-message\"><\/textarea><\/span>\n\t<\/p>\n<\/div>\n<p><input class=\"wpcf7-form-control wpcf7-submit has-spinner btn-block btn btn-primary btn-lg\" type=\"submit\" value=\"L\u00e4het\u00e4\" \/>\n<\/p><div class=\"wpcf7-response-output\" aria-hidden=\"true\"><\/div>\n<\/form>\n<\/div>\n<\/div>\n\n\n\n<p><a href=\"https:\/\/meripelastus.fi\/porkkala\/wp-content\/uploads\/sites\/30\/2020\/03\/Rekisteriseloste-Porkkalan-meripelastajat.pdf\">Rekisteriseloste Porkkalan meripelastajat<\/a><\/p>\n","protected":false},"excerpt":{"rendered":"<p>Kiinnostaako vapaaehtoinen meripelastus? Aloita el\u00e4m\u00e4si paras harrastus meripelastajana! Vapaaehtoinen meripelastustoiminta vaatii sitoutumista, mutta antaa paljon. Kanssaihmisten auttaminen, mahdollisuus p\u00e4\u00e4st\u00e4 vesille ilman omaa venett\u00e4 sek\u00e4 monipuolinen pelastus- ja merenkulkukoulutus ovat paketti, mit\u00e4 mik\u00e4\u00e4n muu harrastus ei tarjoa. Mit\u00e4 toivomme sinulta? Emme edellyt\u00e4 veneilykokemusta tai muuta erityisosaamista. Halu auttaa, into oppia uutta ja mahdollisuus sitoutua aikaa viev\u00e4\u00e4n [&hellip;]<\/p>\n","protected":false},"author":70,"featured_media":422,"parent":20,"menu_order":0,"comment_status":"closed","ping_status":"closed","template":"","meta":{"_acf_changed":false,"inline_featured_image":false,"footnotes":""},"class_list":["post-414","page","type-page","status-publish","has-post-thumbnail","hentry"],"acf":[],"yoast_head":"<!-- This site is optimized with the Yoast SEO Premium plugin v27.2 (Yoast SEO v27.2) - https:\/\/yoast.com\/product\/yoast-seo-premium-wordpress\/ -->\n<title>Tule mukaan toimintaan! - Porkkalan meripelastajat<\/title>\n<meta name=\"robots\" content=\"index, follow, max-snippet:-1, max-image-preview:large, max-video-preview:-1\" \/>\n<link rel=\"canonical\" href=\"https:\/\/meripelastus.fi\/porkkala\/toiminta\/tule-mukaan\/\" \/>\n<meta property=\"og:locale\" content=\"fi_FI\" \/>\n<meta property=\"og:type\" content=\"article\" \/>\n<meta property=\"og:title\" content=\"Tule mukaan toimintaan!\" \/>\n<meta property=\"og:description\" content=\"Kiinnostaako vapaaehtoinen meripelastus? Aloita el\u00e4m\u00e4si paras harrastus meripelastajana! Vapaaehtoinen meripelastustoiminta vaatii sitoutumista, mutta antaa paljon. Kanssaihmisten auttaminen, mahdollisuus p\u00e4\u00e4st\u00e4 vesille ilman omaa venett\u00e4 sek\u00e4 monipuolinen pelastus- ja merenkulkukoulutus ovat paketti, mit\u00e4 mik\u00e4\u00e4n muu harrastus ei tarjoa. Mit\u00e4 toivomme sinulta? Emme edellyt\u00e4 veneilykokemusta tai muuta erityisosaamista. Halu auttaa, into oppia uutta ja mahdollisuus sitoutua aikaa viev\u00e4\u00e4n [&hellip;]\" \/>\n<meta property=\"og:url\" content=\"https:\/\/meripelastus.fi\/porkkala\/toiminta\/tule-mukaan\/\" \/>\n<meta property=\"og:site_name\" content=\"Porkkalan meripelastajat\" \/>\n<meta property=\"article:modified_time\" content=\"2023-11-08T14:27:56+00:00\" \/>\n<meta property=\"og:image\" content=\"https:\/\/meripelastus.fi\/porkkala\/wp-content\/uploads\/sites\/30\/2020\/02\/Tule-mukaan-1.jpg\" \/>\n\t<meta property=\"og:image:width\" content=\"1900\" \/>\n\t<meta property=\"og:image:height\" content=\"921\" \/>\n\t<meta property=\"og:image:type\" content=\"image\/jpeg\" \/>\n<meta name=\"twitter:card\" content=\"summary_large_image\" \/>\n<meta name=\"twitter:label1\" content=\"Arvioitu lukuaika\" \/>\n\t<meta name=\"twitter:data1\" content=\"2 minuuttia\" \/>\n<script type=\"application\/ld+json\" class=\"yoast-schema-graph\">{\"@context\":\"https:\/\/schema.org\",\"@graph\":[{\"@type\":\"WebPage\",\"@id\":\"https:\/\/meripelastus.fi\/porkkala\/toiminta\/tule-mukaan\/\",\"url\":\"https:\/\/meripelastus.fi\/porkkala\/toiminta\/tule-mukaan\/\",\"name\":\"Tule mukaan toimintaan! - Porkkalan meripelastajat\",\"isPartOf\":{\"@id\":\"https:\/\/meripelastus.fi\/porkkala\/#website\"},\"primaryImageOfPage\":{\"@id\":\"https:\/\/meripelastus.fi\/porkkala\/toiminta\/tule-mukaan\/#primaryimage\"},\"image\":{\"@id\":\"https:\/\/meripelastus.fi\/porkkala\/toiminta\/tule-mukaan\/#primaryimage\"},\"thumbnailUrl\":\"https:\/\/meripelastus.fi\/porkkala\/wp-content\/uploads\/sites\/30\/2020\/02\/Tule-mukaan-1.jpg\",\"datePublished\":\"2020-02-21T18:41:21+00:00\",\"dateModified\":\"2023-11-08T14:27:56+00:00\",\"breadcrumb\":{\"@id\":\"https:\/\/meripelastus.fi\/porkkala\/toiminta\/tule-mukaan\/#breadcrumb\"},\"inLanguage\":\"fi\",\"potentialAction\":[{\"@type\":\"ReadAction\",\"target\":[\"https:\/\/meripelastus.fi\/porkkala\/toiminta\/tule-mukaan\/\"]}]},{\"@type\":\"ImageObject\",\"inLanguage\":\"fi\",\"@id\":\"https:\/\/meripelastus.fi\/porkkala\/toiminta\/tule-mukaan\/#primaryimage\",\"url\":\"https:\/\/meripelastus.fi\/porkkala\/wp-content\/uploads\/sites\/30\/2020\/02\/Tule-mukaan-1.jpg\",\"contentUrl\":\"https:\/\/meripelastus.fi\/porkkala\/wp-content\/uploads\/sites\/30\/2020\/02\/Tule-mukaan-1.jpg\",\"width\":1900,\"height\":921,\"caption\":\"Y\u00f6partio PV Aktia\"},{\"@type\":\"BreadcrumbList\",\"@id\":\"https:\/\/meripelastus.fi\/porkkala\/toiminta\/tule-mukaan\/#breadcrumb\",\"itemListElement\":[{\"@type\":\"ListItem\",\"position\":1,\"name\":\"Home\",\"item\":\"https:\/\/meripelastus.fi\/porkkala\/\"},{\"@type\":\"ListItem\",\"position\":2,\"name\":\"Toiminta\",\"item\":\"https:\/\/meripelastus.fi\/porkkala\/toiminta\/\"},{\"@type\":\"ListItem\",\"position\":3,\"name\":\"Tule mukaan toimintaan!\"}]},{\"@type\":\"WebSite\",\"@id\":\"https:\/\/meripelastus.fi\/porkkala\/#website\",\"url\":\"https:\/\/meripelastus.fi\/porkkala\/\",\"name\":\"Porkkalan meripelastajat\",\"description\":\"Vapaaehtoiset apunasi vesill\u00e4\",\"potentialAction\":[{\"@type\":\"SearchAction\",\"target\":{\"@type\":\"EntryPoint\",\"urlTemplate\":\"https:\/\/meripelastus.fi\/porkkala\/?s={search_term_string}\"},\"query-input\":{\"@type\":\"PropertyValueSpecification\",\"valueRequired\":true,\"valueName\":\"search_term_string\"}}],\"inLanguage\":\"fi\"}]}<\/script>\n<!-- \/ Yoast SEO Premium plugin. -->","yoast_head_json":{"title":"Tule mukaan toimintaan! - Porkkalan meripelastajat","robots":{"index":"index","follow":"follow","max-snippet":"max-snippet:-1","max-image-preview":"max-image-preview:large","max-video-preview":"max-video-preview:-1"},"canonical":"https:\/\/meripelastus.fi\/porkkala\/toiminta\/tule-mukaan\/","og_locale":"fi_FI","og_type":"article","og_title":"Tule mukaan toimintaan!","og_description":"Kiinnostaako vapaaehtoinen meripelastus? Aloita el\u00e4m\u00e4si paras harrastus meripelastajana! Vapaaehtoinen meripelastustoiminta vaatii sitoutumista, mutta antaa paljon. Kanssaihmisten auttaminen, mahdollisuus p\u00e4\u00e4st\u00e4 vesille ilman omaa venett\u00e4 sek\u00e4 monipuolinen pelastus- ja merenkulkukoulutus ovat paketti, mit\u00e4 mik\u00e4\u00e4n muu harrastus ei tarjoa. Mit\u00e4 toivomme sinulta? Emme edellyt\u00e4 veneilykokemusta tai muuta erityisosaamista. Halu auttaa, into oppia uutta ja mahdollisuus sitoutua aikaa viev\u00e4\u00e4n [&hellip;]","og_url":"https:\/\/meripelastus.fi\/porkkala\/toiminta\/tule-mukaan\/","og_site_name":"Porkkalan meripelastajat","article_modified_time":"2023-11-08T14:27:56+00:00","og_image":[{"width":1900,"height":921,"url":"https:\/\/meripelastus.fi\/porkkala\/wp-content\/uploads\/sites\/30\/2020\/02\/Tule-mukaan-1.jpg","type":"image\/jpeg"}],"twitter_card":"summary_large_image","twitter_misc":{"Arvioitu lukuaika":"2 minuuttia"},"schema":{"@context":"https:\/\/schema.org","@graph":[{"@type":"WebPage","@id":"https:\/\/meripelastus.fi\/porkkala\/toiminta\/tule-mukaan\/","url":"https:\/\/meripelastus.fi\/porkkala\/toiminta\/tule-mukaan\/","name":"Tule mukaan toimintaan! - Porkkalan meripelastajat","isPartOf":{"@id":"https:\/\/meripelastus.fi\/porkkala\/#website"},"primaryImageOfPage":{"@id":"https:\/\/meripelastus.fi\/porkkala\/toiminta\/tule-mukaan\/#primaryimage"},"image":{"@id":"https:\/\/meripelastus.fi\/porkkala\/toiminta\/tule-mukaan\/#primaryimage"},"thumbnailUrl":"https:\/\/meripelastus.fi\/porkkala\/wp-content\/uploads\/sites\/30\/2020\/02\/Tule-mukaan-1.jpg","datePublished":"2020-02-21T18:41:21+00:00","dateModified":"2023-11-08T14:27:56+00:00","breadcrumb":{"@id":"https:\/\/meripelastus.fi\/porkkala\/toiminta\/tule-mukaan\/#breadcrumb"},"inLanguage":"fi","potentialAction":[{"@type":"ReadAction","target":["https:\/\/meripelastus.fi\/porkkala\/toiminta\/tule-mukaan\/"]}]},{"@type":"ImageObject","inLanguage":"fi","@id":"https:\/\/meripelastus.fi\/porkkala\/toiminta\/tule-mukaan\/#primaryimage","url":"https:\/\/meripelastus.fi\/porkkala\/wp-content\/uploads\/sites\/30\/2020\/02\/Tule-mukaan-1.jpg","contentUrl":"https:\/\/meripelastus.fi\/porkkala\/wp-content\/uploads\/sites\/30\/2020\/02\/Tule-mukaan-1.jpg","width":1900,"height":921,"caption":"Y\u00f6partio PV Aktia"},{"@type":"BreadcrumbList","@id":"https:\/\/meripelastus.fi\/porkkala\/toiminta\/tule-mukaan\/#breadcrumb","itemListElement":[{"@type":"ListItem","position":1,"name":"Home","item":"https:\/\/meripelastus.fi\/porkkala\/"},{"@type":"ListItem","position":2,"name":"Toiminta","item":"https:\/\/meripelastus.fi\/porkkala\/toiminta\/"},{"@type":"ListItem","position":3,"name":"Tule mukaan toimintaan!"}]},{"@type":"WebSite","@id":"https:\/\/meripelastus.fi\/porkkala\/#website","url":"https:\/\/meripelastus.fi\/porkkala\/","name":"Porkkalan meripelastajat","description":"Vapaaehtoiset apunasi vesill\u00e4","potentialAction":[{"@type":"SearchAction","target":{"@type":"EntryPoint","urlTemplate":"https:\/\/meripelastus.fi\/porkkala\/?s={search_term_string}"},"query-input":{"@type":"PropertyValueSpecification","valueRequired":true,"valueName":"search_term_string"}}],"inLanguage":"fi"}]}},"_links":{"self":[{"href":"https:\/\/meripelastus.fi\/porkkala\/wp-json\/wp\/v2\/pages\/414","targetHints":{"allow":["GET"]}}],"collection":[{"href":"https:\/\/meripelastus.fi\/porkkala\/wp-json\/wp\/v2\/pages"}],"about":[{"href":"https:\/\/meripelastus.fi\/porkkala\/wp-json\/wp\/v2\/types\/page"}],"author":[{"embeddable":true,"href":"https:\/\/meripelastus.fi\/porkkala\/wp-json\/wp\/v2\/users\/70"}],"replies":[{"embeddable":true,"href":"https:\/\/meripelastus.fi\/porkkala\/wp-json\/wp\/v2\/comments?post=414"}],"version-history":[{"count":12,"href":"https:\/\/meripelastus.fi\/porkkala\/wp-json\/wp\/v2\/pages\/414\/revisions"}],"predecessor-version":[{"id":1761,"href":"https:\/\/meripelastus.fi\/porkkala\/wp-json\/wp\/v2\/pages\/414\/revisions\/1761"}],"up":[{"embeddable":true,"href":"https:\/\/meripelastus.fi\/porkkala\/wp-json\/wp\/v2\/pages\/20"}],"wp:featuredmedia":[{"embeddable":true,"href":"https:\/\/meripelastus.fi\/porkkala\/wp-json\/wp\/v2\/media\/422"}],"wp:attachment":[{"href":"https:\/\/meripelastus.fi\/porkkala\/wp-json\/wp\/v2\/media?parent=414"}],"curies":[{"name":"wp","href":"https:\/\/api.w.org\/{rel}","templated":true}]}}