{"id":363,"date":"2020-02-21T17:33:24","date_gmt":"2020-02-21T15:33:24","guid":{"rendered":"https:\/\/meripelastus.fi\/porkkala-vedos\/?page_id=363"},"modified":"2020-02-21T23:01:36","modified_gmt":"2020-02-21T21:01:36","slug":"koulutus","status":"publish","type":"page","link":"https:\/\/meripelastus.fi\/porkkala\/toiminta\/koulutus\/","title":{"rendered":"Koulutus"},"content":{"rendered":"<p>Porkkalan meripelastajien koulutustoimintaa ohjaa Suomen Meripelastusseuran koulutusj\u00e4rjestelm\u00e4. Koulutusj\u00e4rjestelm\u00e4n tavoitteena on taata vapaaehtoiselle meripelastajalle taidot, joiden avulla meripelastusaluksella toimiminen on turvallista ja tehokasta. Kaupallisen liikenteen p\u00e4tevyyskirjoja ei toiminnassa tarvita, sill\u00e4 oma koulutusj\u00e4rjestelm\u00e4 toimii alusturvallisuuslains\u00e4\u00e4d\u00e4nn\u00f6n mukaan miehist\u00f6n osaamisen pohjana.<\/p>\n<p>Meripelastusseuran koulutusj\u00e4rjestelm\u00e4 jakautuu miehist\u00f6n ja p\u00e4\u00e4llyst\u00f6n koulutussuunnitelmaan. Uudesta meripelastajasta koulutetaan ensin harjoittelija, ja yhden tai kahden aktiivisen harjoittelijakauden j\u00e4lkeen on mahdollisuus saavuttaa itselleen kansimiehen koulutustaso. Mik\u00e4li p\u00e4\u00e4llyst\u00f6ss\u00e4 toimiminen kiinnostaa, voi kouluttautumista jatkaa oman aktiivisuuden sek\u00e4 henkil\u00f6kohtaisten ominaisuuksien mukaan per\u00e4mieheksi tai aina meripelastusaluksen p\u00e4\u00e4llik\u00f6ksi asti. My\u00f6s konepuolen osaajia tarvitaan, ja heill\u00e4 on mahdollisuus kehitt\u00e4\u00e4 osaamistaan kansity\u00f6n lis\u00e4ksi teknisen puolen teht\u00e4viss\u00e4.<\/p>\n<p><img loading=\"lazy\" decoding=\"async\" class=\"wp-image-379 alignright\" src=\"https:\/\/meripelastus.fi\/porkkala-vedos\/wp-content\/uploads\/sites\/30\/2020\/02\/koulutustasot-300x108.jpeg\" alt=\"\" width=\"367\" height=\"132\" srcset=\"https:\/\/meripelastus.fi\/porkkala\/wp-content\/uploads\/sites\/30\/2020\/02\/koulutustasot-300x108.jpeg 300w, https:\/\/meripelastus.fi\/porkkala\/wp-content\/uploads\/sites\/30\/2020\/02\/koulutustasot.jpeg 766w\" sizes=\"auto, (max-width: 367px) 100vw, 367px\" \/><\/p>\n<p>Vapaaehtoisessa meripelastuksessa tarvittavat tiedot ja taidot on jaettu kahteentoista osaamisalueeseen. Harrastuksesta tekee eritt\u00e4in monipuolisen juuri osaamisen kehitt\u00e4minen kaikissa n\u00e4iss\u00e4 alueissa, jotka kaikki liittyv\u00e4t kiinte\u00e4sti operatiiviseen toimintaan. Osaamisalueet ovat:<\/p>\n<p>1. Turvallisuus ja h\u00e4t\u00e4tilanteet meripelastusaluksella<br \/>\n2. Meripelastusj\u00e4rjestelm\u00e4 ja johtaminen<br \/>\n3. Merimiestaito<br \/>\n4. Navigointi ja aluksen ohjailu<br \/>\n5. Viestint\u00e4<br \/>\n6. Etsint\u00e4teht\u00e4v\u00e4t<br \/>\n7. Pelastusteht\u00e4v\u00e4t<br \/>\n8. Sammutusteht\u00e4v\u00e4t<br \/>\n9. Ensiaputeht\u00e4v\u00e4t<br \/>\n10. Avustusteht\u00e4v\u00e4t<br \/>\n11. Meripelastusaluksen tekniikka<br \/>\n12. Meripelastusaluksen huolto ja kunnossapito<\/p>\n<p><img loading=\"lazy\" decoding=\"async\" class=\" wp-image-373 alignright\" src=\"https:\/\/meripelastus.fi\/porkkala-vedos\/wp-content\/uploads\/sites\/30\/2020\/02\/Aktia-pintapelastusta2-225x300.jpg\" alt=\"\" width=\"261\" height=\"348\" srcset=\"https:\/\/meripelastus.fi\/porkkala\/wp-content\/uploads\/sites\/30\/2020\/02\/Aktia-pintapelastusta2-225x300.jpg 225w, https:\/\/meripelastus.fi\/porkkala\/wp-content\/uploads\/sites\/30\/2020\/02\/Aktia-pintapelastusta2.jpg 654w\" sizes=\"auto, (max-width: 261px) 100vw, 261px\" \/><span><\/span><span>Koulutusta j\u00e4rjestet\u00e4\u00e4n omassa paikallisyhdistyksess\u00e4, yhteisty\u00f6ss\u00e4 alue<\/span><span>en yhdistysten kanssa sek\u00e4 valtakunnallisesti <\/span><span>Meripelastusseuran kursseilla. Porkkalan mer<\/span><span>i<\/span><span>pelastajat harjoittelevat avovesikaudella kerran viikossa torstai-iltaisin. Lis\u00e4ksi mukaan mahtuu huoltoiltoja sek\u00e4 viikonloppupartioihin liittyv\u00e4\u00e4 koulutusta. Talvella j\u00e4rjestet\u00e4\u00e4n teoriakoulutusta, jolla luodaan pohjaa avovesikaude<\/span><span>n toiminnalle.<\/span><\/p>\n<p><a href=\"http:\/\/view.24mags.com\/mobilev\/fa2d67ed5e49d76a3a3dde8d5872d78e#\/page=1\" target=\"_blank\" rel=\"noopener noreferrer\">Koulutusj\u00e4rjestelm\u00e4n kuvaus<\/a><br \/>\n<a href=\"http:\/\/view.24mags.com\/mobilev\/d259ffb696ed449c575ff1480eae8659\" target=\"_blank\" rel=\"noopener noreferrer\">Miehist\u00f6n koulutussuunnitelma<br \/>\n<\/a><a href=\"http:\/\/view.24mags.com\/mobilev\/dfed6354f8ffa73f02531bdf4241edfc\" target=\"_blank\" rel=\"noopener noreferrer\">P\u00e4\u00e4llyst\u00f6n koulutussuunnitelma<\/a><\/p>\n<footer class=\"article-footer\"><\/footer>\n","protected":false},"excerpt":{"rendered":"<p>Porkkalan meripelastajien koulutustoimintaa ohjaa Suomen Meripelastusseuran koulutusj\u00e4rjestelm\u00e4. Koulutusj\u00e4rjestelm\u00e4n tavoitteena on taata vapaaehtoiselle meripelastajalle taidot, joiden avulla meripelastusaluksella toimiminen on turvallista ja tehokasta. Kaupallisen liikenteen p\u00e4tevyyskirjoja ei toiminnassa tarvita, sill\u00e4 oma koulutusj\u00e4rjestelm\u00e4 toimii alusturvallisuuslains\u00e4\u00e4d\u00e4nn\u00f6n mukaan miehist\u00f6n osaamisen pohjana. Meripelastusseuran koulutusj\u00e4rjestelm\u00e4 jakautuu miehist\u00f6n ja p\u00e4\u00e4llyst\u00f6n koulutussuunnitelmaan. Uudesta meripelastajasta koulutetaan ensin harjoittelija, ja yhden tai kahden aktiivisen harjoittelijakauden [&hellip;]<\/p>\n","protected":false},"author":70,"featured_media":0,"parent":20,"menu_order":0,"comment_status":"closed","ping_status":"closed","template":"","meta":{"_acf_changed":false,"inline_featured_image":false,"footnotes":""},"class_list":["post-363","page","type-page","status-publish","hentry"],"acf":[],"yoast_head":"<!-- This site is optimized with the Yoast SEO Premium plugin v27.2 (Yoast SEO v27.2) - https:\/\/yoast.com\/product\/yoast-seo-premium-wordpress\/ -->\n<title>Koulutus - Porkkalan meripelastajat<\/title>\n<meta name=\"robots\" content=\"index, follow, max-snippet:-1, max-image-preview:large, max-video-preview:-1\" \/>\n<link rel=\"canonical\" href=\"https:\/\/meripelastus.fi\/porkkala\/toiminta\/koulutus\/\" \/>\n<meta property=\"og:locale\" content=\"fi_FI\" \/>\n<meta property=\"og:type\" content=\"article\" \/>\n<meta property=\"og:title\" content=\"Koulutus\" \/>\n<meta property=\"og:description\" content=\"Porkkalan meripelastajien koulutustoimintaa ohjaa Suomen Meripelastusseuran koulutusj\u00e4rjestelm\u00e4. Koulutusj\u00e4rjestelm\u00e4n tavoitteena on taata vapaaehtoiselle meripelastajalle taidot, joiden avulla meripelastusaluksella toimiminen on turvallista ja tehokasta. Kaupallisen liikenteen p\u00e4tevyyskirjoja ei toiminnassa tarvita, sill\u00e4 oma koulutusj\u00e4rjestelm\u00e4 toimii alusturvallisuuslains\u00e4\u00e4d\u00e4nn\u00f6n mukaan miehist\u00f6n osaamisen pohjana. Meripelastusseuran koulutusj\u00e4rjestelm\u00e4 jakautuu miehist\u00f6n ja p\u00e4\u00e4llyst\u00f6n koulutussuunnitelmaan. Uudesta meripelastajasta koulutetaan ensin harjoittelija, ja yhden tai kahden aktiivisen harjoittelijakauden [&hellip;]\" \/>\n<meta property=\"og:url\" content=\"https:\/\/meripelastus.fi\/porkkala\/toiminta\/koulutus\/\" \/>\n<meta property=\"og:site_name\" content=\"Porkkalan meripelastajat\" \/>\n<meta property=\"article:modified_time\" content=\"2020-02-21T21:01:36+00:00\" \/>\n<meta property=\"og:image\" content=\"https:\/\/meripelastus.fi\/porkkala-vedos\/wp-content\/uploads\/sites\/30\/2020\/02\/koulutustasot-300x108.jpeg\" \/>\n<meta name=\"twitter:card\" content=\"summary_large_image\" \/>\n<meta name=\"twitter:label1\" content=\"Arvioitu lukuaika\" \/>\n\t<meta name=\"twitter:data1\" content=\"1 minuutti\" \/>\n<script type=\"application\/ld+json\" class=\"yoast-schema-graph\">{\"@context\":\"https:\/\/schema.org\",\"@graph\":[{\"@type\":\"WebPage\",\"@id\":\"https:\/\/meripelastus.fi\/porkkala\/toiminta\/koulutus\/\",\"url\":\"https:\/\/meripelastus.fi\/porkkala\/toiminta\/koulutus\/\",\"name\":\"Koulutus - Porkkalan meripelastajat\",\"isPartOf\":{\"@id\":\"https:\/\/meripelastus.fi\/porkkala\/#website\"},\"primaryImageOfPage\":{\"@id\":\"https:\/\/meripelastus.fi\/porkkala\/toiminta\/koulutus\/#primaryimage\"},\"image\":{\"@id\":\"https:\/\/meripelastus.fi\/porkkala\/toiminta\/koulutus\/#primaryimage\"},\"thumbnailUrl\":\"https:\/\/meripelastus.fi\/porkkala-vedos\/wp-content\/uploads\/sites\/30\/2020\/02\/koulutustasot-300x108.jpeg\",\"datePublished\":\"2020-02-21T15:33:24+00:00\",\"dateModified\":\"2020-02-21T21:01:36+00:00\",\"breadcrumb\":{\"@id\":\"https:\/\/meripelastus.fi\/porkkala\/toiminta\/koulutus\/#breadcrumb\"},\"inLanguage\":\"fi\",\"potentialAction\":[{\"@type\":\"ReadAction\",\"target\":[\"https:\/\/meripelastus.fi\/porkkala\/toiminta\/koulutus\/\"]}]},{\"@type\":\"ImageObject\",\"inLanguage\":\"fi\",\"@id\":\"https:\/\/meripelastus.fi\/porkkala\/toiminta\/koulutus\/#primaryimage\",\"url\":\"https:\/\/meripelastus.fi\/porkkala-vedos\/wp-content\/uploads\/sites\/30\/2020\/02\/koulutustasot-300x108.jpeg\",\"contentUrl\":\"https:\/\/meripelastus.fi\/porkkala-vedos\/wp-content\/uploads\/sites\/30\/2020\/02\/koulutustasot-300x108.jpeg\"},{\"@type\":\"BreadcrumbList\",\"@id\":\"https:\/\/meripelastus.fi\/porkkala\/toiminta\/koulutus\/#breadcrumb\",\"itemListElement\":[{\"@type\":\"ListItem\",\"position\":1,\"name\":\"Home\",\"item\":\"https:\/\/meripelastus.fi\/porkkala\/\"},{\"@type\":\"ListItem\",\"position\":2,\"name\":\"Toiminta\",\"item\":\"https:\/\/meripelastus.fi\/porkkala\/toiminta\/\"},{\"@type\":\"ListItem\",\"position\":3,\"name\":\"Koulutus\"}]},{\"@type\":\"WebSite\",\"@id\":\"https:\/\/meripelastus.fi\/porkkala\/#website\",\"url\":\"https:\/\/meripelastus.fi\/porkkala\/\",\"name\":\"Porkkalan meripelastajat\",\"description\":\"Vapaaehtoiset apunasi vesill\u00e4\",\"potentialAction\":[{\"@type\":\"SearchAction\",\"target\":{\"@type\":\"EntryPoint\",\"urlTemplate\":\"https:\/\/meripelastus.fi\/porkkala\/?s={search_term_string}\"},\"query-input\":{\"@type\":\"PropertyValueSpecification\",\"valueRequired\":true,\"valueName\":\"search_term_string\"}}],\"inLanguage\":\"fi\"}]}<\/script>\n<!-- \/ Yoast SEO Premium plugin. -->","yoast_head_json":{"title":"Koulutus - Porkkalan meripelastajat","robots":{"index":"index","follow":"follow","max-snippet":"max-snippet:-1","max-image-preview":"max-image-preview:large","max-video-preview":"max-video-preview:-1"},"canonical":"https:\/\/meripelastus.fi\/porkkala\/toiminta\/koulutus\/","og_locale":"fi_FI","og_type":"article","og_title":"Koulutus","og_description":"Porkkalan meripelastajien koulutustoimintaa ohjaa Suomen Meripelastusseuran koulutusj\u00e4rjestelm\u00e4. Koulutusj\u00e4rjestelm\u00e4n tavoitteena on taata vapaaehtoiselle meripelastajalle taidot, joiden avulla meripelastusaluksella toimiminen on turvallista ja tehokasta. Kaupallisen liikenteen p\u00e4tevyyskirjoja ei toiminnassa tarvita, sill\u00e4 oma koulutusj\u00e4rjestelm\u00e4 toimii alusturvallisuuslains\u00e4\u00e4d\u00e4nn\u00f6n mukaan miehist\u00f6n osaamisen pohjana. Meripelastusseuran koulutusj\u00e4rjestelm\u00e4 jakautuu miehist\u00f6n ja p\u00e4\u00e4llyst\u00f6n koulutussuunnitelmaan. Uudesta meripelastajasta koulutetaan ensin harjoittelija, ja yhden tai kahden aktiivisen harjoittelijakauden [&hellip;]","og_url":"https:\/\/meripelastus.fi\/porkkala\/toiminta\/koulutus\/","og_site_name":"Porkkalan meripelastajat","article_modified_time":"2020-02-21T21:01:36+00:00","og_image":[{"url":"https:\/\/meripelastus.fi\/porkkala-vedos\/wp-content\/uploads\/sites\/30\/2020\/02\/koulutustasot-300x108.jpeg","type":"","width":"","height":""}],"twitter_card":"summary_large_image","twitter_misc":{"Arvioitu lukuaika":"1 minuutti"},"schema":{"@context":"https:\/\/schema.org","@graph":[{"@type":"WebPage","@id":"https:\/\/meripelastus.fi\/porkkala\/toiminta\/koulutus\/","url":"https:\/\/meripelastus.fi\/porkkala\/toiminta\/koulutus\/","name":"Koulutus - Porkkalan meripelastajat","isPartOf":{"@id":"https:\/\/meripelastus.fi\/porkkala\/#website"},"primaryImageOfPage":{"@id":"https:\/\/meripelastus.fi\/porkkala\/toiminta\/koulutus\/#primaryimage"},"image":{"@id":"https:\/\/meripelastus.fi\/porkkala\/toiminta\/koulutus\/#primaryimage"},"thumbnailUrl":"https:\/\/meripelastus.fi\/porkkala-vedos\/wp-content\/uploads\/sites\/30\/2020\/02\/koulutustasot-300x108.jpeg","datePublished":"2020-02-21T15:33:24+00:00","dateModified":"2020-02-21T21:01:36+00:00","breadcrumb":{"@id":"https:\/\/meripelastus.fi\/porkkala\/toiminta\/koulutus\/#breadcrumb"},"inLanguage":"fi","potentialAction":[{"@type":"ReadAction","target":["https:\/\/meripelastus.fi\/porkkala\/toiminta\/koulutus\/"]}]},{"@type":"ImageObject","inLanguage":"fi","@id":"https:\/\/meripelastus.fi\/porkkala\/toiminta\/koulutus\/#primaryimage","url":"https:\/\/meripelastus.fi\/porkkala-vedos\/wp-content\/uploads\/sites\/30\/2020\/02\/koulutustasot-300x108.jpeg","contentUrl":"https:\/\/meripelastus.fi\/porkkala-vedos\/wp-content\/uploads\/sites\/30\/2020\/02\/koulutustasot-300x108.jpeg"},{"@type":"BreadcrumbList","@id":"https:\/\/meripelastus.fi\/porkkala\/toiminta\/koulutus\/#breadcrumb","itemListElement":[{"@type":"ListItem","position":1,"name":"Home","item":"https:\/\/meripelastus.fi\/porkkala\/"},{"@type":"ListItem","position":2,"name":"Toiminta","item":"https:\/\/meripelastus.fi\/porkkala\/toiminta\/"},{"@type":"ListItem","position":3,"name":"Koulutus"}]},{"@type":"WebSite","@id":"https:\/\/meripelastus.fi\/porkkala\/#website","url":"https:\/\/meripelastus.fi\/porkkala\/","name":"Porkkalan meripelastajat","description":"Vapaaehtoiset apunasi vesill\u00e4","potentialAction":[{"@type":"SearchAction","target":{"@type":"EntryPoint","urlTemplate":"https:\/\/meripelastus.fi\/porkkala\/?s={search_term_string}"},"query-input":{"@type":"PropertyValueSpecification","valueRequired":true,"valueName":"search_term_string"}}],"inLanguage":"fi"}]}},"_links":{"self":[{"href":"https:\/\/meripelastus.fi\/porkkala\/wp-json\/wp\/v2\/pages\/363","targetHints":{"allow":["GET"]}}],"collection":[{"href":"https:\/\/meripelastus.fi\/porkkala\/wp-json\/wp\/v2\/pages"}],"about":[{"href":"https:\/\/meripelastus.fi\/porkkala\/wp-json\/wp\/v2\/types\/page"}],"author":[{"embeddable":true,"href":"https:\/\/meripelastus.fi\/porkkala\/wp-json\/wp\/v2\/users\/70"}],"replies":[{"embeddable":true,"href":"https:\/\/meripelastus.fi\/porkkala\/wp-json\/wp\/v2\/comments?post=363"}],"version-history":[{"count":10,"href":"https:\/\/meripelastus.fi\/porkkala\/wp-json\/wp\/v2\/pages\/363\/revisions"}],"predecessor-version":[{"id":1532,"href":"https:\/\/meripelastus.fi\/porkkala\/wp-json\/wp\/v2\/pages\/363\/revisions\/1532"}],"up":[{"embeddable":true,"href":"https:\/\/meripelastus.fi\/porkkala\/wp-json\/wp\/v2\/pages\/20"}],"wp:attachment":[{"href":"https:\/\/meripelastus.fi\/porkkala\/wp-json\/wp\/v2\/media?parent=363"}],"curies":[{"name":"wp","href":"https:\/\/api.w.org\/{rel}","templated":true}]}}