{"id":22,"date":"2018-03-19T09:18:43","date_gmt":"2018-03-19T07:18:43","guid":{"rendered":"http:\/\/basetemplate.smpsyhdistykset.16.testivedos.com\/?page_id=22"},"modified":"2026-03-27T13:24:30","modified_gmt":"2026-03-27T11:24:30","slug":"halytysohje","status":"publish","type":"page","link":"https:\/\/meripelastus.fi\/pohjoiskarjala\/toiminta\/halytysohje\/","title":{"rendered":"H\u00e4lytysohje"},"content":{"rendered":"<h2>H\u00e4t\u00e4tilanne! Mihin soitan?<\/h2>\n<h3>Sis\u00e4vesill\u00e4:\u00a0<a href=\"tel:112\">112<\/a><\/h3>\n<h3>Merell\u00e4:\u00a0<a href=\"tel:02941000\">0294 1000<\/a><\/h3>\n<h3>J\u00e4senpalvelupyynn\u00f6t: <a href=\"tel:0800302230\"><strong>0800 30 22 30<\/strong><\/a><\/h3>\n<p><strong>Mik\u00e4 J\u00e4senpalvelu?<\/strong><\/p>\n<p>Ihmiset pelastetaan h\u00e4t\u00e4tilanteesta aina veloituksetta. <a href=\"https:\/\/meripelastus.fi\/jaseneksi\/\" target=\"_blank\" rel=\"noopener\">Meripelastusseuran j\u00e4senpalvelut<\/a> takaavat maksuttoman avun my\u00f6s veneelle 1.5.-31.10. v\u00e4lisen\u00e4 aikana kiireett\u00f6miss\u00e4kin tilanteissa, joissa ihmisi\u00e4 ei ole vaarassa. Palvelu sis\u00e4lt\u00e4\u00e4 mm. aluksen hinauksen l\u00e4himp\u00e4\u00e4n paikkaan, josta on saatavissa veneen korjauspalveluja. J\u00e4senen\u00e4 my\u00f6s tuet vapaaehtoisten tekem\u00e4\u00e4 meripelastusty\u00f6t\u00e4, sek\u00e4 alustemme yll\u00e4pitoa.<\/p>\n\n\n<p><\/p>\n","protected":false},"excerpt":{"rendered":"<p>H\u00e4t\u00e4tilanne! Mihin soitan? Sis\u00e4vesill\u00e4:\u00a0112 Merell\u00e4:\u00a00294 1000 J\u00e4senpalvelupyynn\u00f6t: 0800 30 22 30 Mik\u00e4 J\u00e4senpalvelu? Ihmiset pelastetaan h\u00e4t\u00e4tilanteesta aina veloituksetta. Meripelastusseuran j\u00e4senpalvelut takaavat maksuttoman avun my\u00f6s veneelle 1.5.-31.10. v\u00e4lisen\u00e4 aikana kiireett\u00f6miss\u00e4kin tilanteissa, joissa ihmisi\u00e4 ei ole vaarassa. Palvelu sis\u00e4lt\u00e4\u00e4 mm. aluksen hinauksen l\u00e4himp\u00e4\u00e4n paikkaan, josta on saatavissa veneen korjauspalveluja. J\u00e4senen\u00e4 my\u00f6s tuet vapaaehtoisten tekem\u00e4\u00e4 meripelastusty\u00f6t\u00e4, sek\u00e4 alustemme [&hellip;]<\/p>\n","protected":false},"author":1,"featured_media":0,"parent":20,"menu_order":0,"comment_status":"closed","ping_status":"closed","template":"","meta":{"_acf_changed":false,"inline_featured_image":false,"footnotes":""},"class_list":["post-22","page","type-page","status-publish","hentry"],"acf":[],"yoast_head":"<!-- This site is optimized with the Yoast SEO Premium plugin v27.2 (Yoast SEO v27.2) - https:\/\/yoast.com\/product\/yoast-seo-premium-wordpress\/ -->\n<title>H\u00e4lytysohje - Meripelastus Pohjois-Karjala<\/title>\n<meta name=\"robots\" content=\"index, follow, max-snippet:-1, max-image-preview:large, max-video-preview:-1\" \/>\n<link rel=\"canonical\" href=\"https:\/\/meripelastus.fi\/pohjoiskarjala\/toiminta\/halytysohje\/\" \/>\n<meta property=\"og:locale\" content=\"fi_FI\" \/>\n<meta property=\"og:type\" content=\"article\" \/>\n<meta property=\"og:title\" content=\"H\u00e4lytysohje\" \/>\n<meta property=\"og:description\" content=\"H\u00e4t\u00e4tilanne! Mihin soitan? Sis\u00e4vesill\u00e4:\u00a0112 Merell\u00e4:\u00a00294 1000 J\u00e4senpalvelupyynn\u00f6t: 0800 30 22 30 Mik\u00e4 J\u00e4senpalvelu? Ihmiset pelastetaan h\u00e4t\u00e4tilanteesta aina veloituksetta. Meripelastusseuran j\u00e4senpalvelut takaavat maksuttoman avun my\u00f6s veneelle 1.5.-31.10. v\u00e4lisen\u00e4 aikana kiireett\u00f6miss\u00e4kin tilanteissa, joissa ihmisi\u00e4 ei ole vaarassa. Palvelu sis\u00e4lt\u00e4\u00e4 mm. aluksen hinauksen l\u00e4himp\u00e4\u00e4n paikkaan, josta on saatavissa veneen korjauspalveluja. J\u00e4senen\u00e4 my\u00f6s tuet vapaaehtoisten tekem\u00e4\u00e4 meripelastusty\u00f6t\u00e4, sek\u00e4 alustemme [&hellip;]\" \/>\n<meta property=\"og:url\" content=\"https:\/\/meripelastus.fi\/pohjoiskarjala\/toiminta\/halytysohje\/\" \/>\n<meta property=\"og:site_name\" content=\"Meripelastus Pohjois-Karjala\" \/>\n<meta property=\"article:modified_time\" content=\"2026-03-27T11:24:30+00:00\" \/>\n<meta name=\"twitter:card\" content=\"summary_large_image\" \/>\n<meta name=\"twitter:label1\" content=\"Arvioitu lukuaika\" \/>\n\t<meta name=\"twitter:data1\" content=\"1 minuutti\" \/>\n<script type=\"application\/ld+json\" class=\"yoast-schema-graph\">{\"@context\":\"https:\/\/schema.org\",\"@graph\":[{\"@type\":\"WebPage\",\"@id\":\"https:\/\/meripelastus.fi\/pohjoiskarjala\/toiminta\/halytysohje\/\",\"url\":\"https:\/\/meripelastus.fi\/pohjoiskarjala\/toiminta\/halytysohje\/\",\"name\":\"H\u00e4lytysohje - Meripelastus Pohjois-Karjala\",\"isPartOf\":{\"@id\":\"https:\/\/meripelastus.fi\/pohjoiskarjala\/#website\"},\"datePublished\":\"2018-03-19T07:18:43+00:00\",\"dateModified\":\"2026-03-27T11:24:30+00:00\",\"breadcrumb\":{\"@id\":\"https:\/\/meripelastus.fi\/pohjoiskarjala\/toiminta\/halytysohje\/#breadcrumb\"},\"inLanguage\":\"fi\",\"potentialAction\":[{\"@type\":\"ReadAction\",\"target\":[\"https:\/\/meripelastus.fi\/pohjoiskarjala\/toiminta\/halytysohje\/\"]}]},{\"@type\":\"BreadcrumbList\",\"@id\":\"https:\/\/meripelastus.fi\/pohjoiskarjala\/toiminta\/halytysohje\/#breadcrumb\",\"itemListElement\":[{\"@type\":\"ListItem\",\"position\":1,\"name\":\"Etusivu\",\"item\":\"https:\/\/meripelastus.fi\/pohjoiskarjala\/\"},{\"@type\":\"ListItem\",\"position\":2,\"name\":\"Toiminta\",\"item\":\"https:\/\/meripelastus.fi\/pohjoiskarjala\/toiminta\/\"},{\"@type\":\"ListItem\",\"position\":3,\"name\":\"H\u00e4lytysohje\"}]},{\"@type\":\"WebSite\",\"@id\":\"https:\/\/meripelastus.fi\/pohjoiskarjala\/#website\",\"url\":\"https:\/\/meripelastus.fi\/pohjoiskarjala\/\",\"name\":\"Meripelastus Pohjois-Karjala\",\"description\":\"Vapaaehtoiset apunasi vesill\u00e4\",\"potentialAction\":[{\"@type\":\"SearchAction\",\"target\":{\"@type\":\"EntryPoint\",\"urlTemplate\":\"https:\/\/meripelastus.fi\/pohjoiskarjala\/?s={search_term_string}\"},\"query-input\":{\"@type\":\"PropertyValueSpecification\",\"valueRequired\":true,\"valueName\":\"search_term_string\"}}],\"inLanguage\":\"fi\"}]}<\/script>\n<!-- \/ Yoast SEO Premium plugin. -->","yoast_head_json":{"title":"H\u00e4lytysohje - Meripelastus Pohjois-Karjala","robots":{"index":"index","follow":"follow","max-snippet":"max-snippet:-1","max-image-preview":"max-image-preview:large","max-video-preview":"max-video-preview:-1"},"canonical":"https:\/\/meripelastus.fi\/pohjoiskarjala\/toiminta\/halytysohje\/","og_locale":"fi_FI","og_type":"article","og_title":"H\u00e4lytysohje","og_description":"H\u00e4t\u00e4tilanne! Mihin soitan? Sis\u00e4vesill\u00e4:\u00a0112 Merell\u00e4:\u00a00294 1000 J\u00e4senpalvelupyynn\u00f6t: 0800 30 22 30 Mik\u00e4 J\u00e4senpalvelu? Ihmiset pelastetaan h\u00e4t\u00e4tilanteesta aina veloituksetta. Meripelastusseuran j\u00e4senpalvelut takaavat maksuttoman avun my\u00f6s veneelle 1.5.-31.10. v\u00e4lisen\u00e4 aikana kiireett\u00f6miss\u00e4kin tilanteissa, joissa ihmisi\u00e4 ei ole vaarassa. Palvelu sis\u00e4lt\u00e4\u00e4 mm. aluksen hinauksen l\u00e4himp\u00e4\u00e4n paikkaan, josta on saatavissa veneen korjauspalveluja. J\u00e4senen\u00e4 my\u00f6s tuet vapaaehtoisten tekem\u00e4\u00e4 meripelastusty\u00f6t\u00e4, sek\u00e4 alustemme [&hellip;]","og_url":"https:\/\/meripelastus.fi\/pohjoiskarjala\/toiminta\/halytysohje\/","og_site_name":"Meripelastus Pohjois-Karjala","article_modified_time":"2026-03-27T11:24:30+00:00","twitter_card":"summary_large_image","twitter_misc":{"Arvioitu lukuaika":"1 minuutti"},"schema":{"@context":"https:\/\/schema.org","@graph":[{"@type":"WebPage","@id":"https:\/\/meripelastus.fi\/pohjoiskarjala\/toiminta\/halytysohje\/","url":"https:\/\/meripelastus.fi\/pohjoiskarjala\/toiminta\/halytysohje\/","name":"H\u00e4lytysohje - Meripelastus Pohjois-Karjala","isPartOf":{"@id":"https:\/\/meripelastus.fi\/pohjoiskarjala\/#website"},"datePublished":"2018-03-19T07:18:43+00:00","dateModified":"2026-03-27T11:24:30+00:00","breadcrumb":{"@id":"https:\/\/meripelastus.fi\/pohjoiskarjala\/toiminta\/halytysohje\/#breadcrumb"},"inLanguage":"fi","potentialAction":[{"@type":"ReadAction","target":["https:\/\/meripelastus.fi\/pohjoiskarjala\/toiminta\/halytysohje\/"]}]},{"@type":"BreadcrumbList","@id":"https:\/\/meripelastus.fi\/pohjoiskarjala\/toiminta\/halytysohje\/#breadcrumb","itemListElement":[{"@type":"ListItem","position":1,"name":"Etusivu","item":"https:\/\/meripelastus.fi\/pohjoiskarjala\/"},{"@type":"ListItem","position":2,"name":"Toiminta","item":"https:\/\/meripelastus.fi\/pohjoiskarjala\/toiminta\/"},{"@type":"ListItem","position":3,"name":"H\u00e4lytysohje"}]},{"@type":"WebSite","@id":"https:\/\/meripelastus.fi\/pohjoiskarjala\/#website","url":"https:\/\/meripelastus.fi\/pohjoiskarjala\/","name":"Meripelastus Pohjois-Karjala","description":"Vapaaehtoiset apunasi vesill\u00e4","potentialAction":[{"@type":"SearchAction","target":{"@type":"EntryPoint","urlTemplate":"https:\/\/meripelastus.fi\/pohjoiskarjala\/?s={search_term_string}"},"query-input":{"@type":"PropertyValueSpecification","valueRequired":true,"valueName":"search_term_string"}}],"inLanguage":"fi"}]}},"_links":{"self":[{"href":"https:\/\/meripelastus.fi\/pohjoiskarjala\/wp-json\/wp\/v2\/pages\/22","targetHints":{"allow":["GET"]}}],"collection":[{"href":"https:\/\/meripelastus.fi\/pohjoiskarjala\/wp-json\/wp\/v2\/pages"}],"about":[{"href":"https:\/\/meripelastus.fi\/pohjoiskarjala\/wp-json\/wp\/v2\/types\/page"}],"author":[{"embeddable":true,"href":"https:\/\/meripelastus.fi\/pohjoiskarjala\/wp-json\/wp\/v2\/users\/1"}],"replies":[{"embeddable":true,"href":"https:\/\/meripelastus.fi\/pohjoiskarjala\/wp-json\/wp\/v2\/comments?post=22"}],"version-history":[{"count":4,"href":"https:\/\/meripelastus.fi\/pohjoiskarjala\/wp-json\/wp\/v2\/pages\/22\/revisions"}],"predecessor-version":[{"id":329,"href":"https:\/\/meripelastus.fi\/pohjoiskarjala\/wp-json\/wp\/v2\/pages\/22\/revisions\/329"}],"up":[{"embeddable":true,"href":"https:\/\/meripelastus.fi\/pohjoiskarjala\/wp-json\/wp\/v2\/pages\/20"}],"wp:attachment":[{"href":"https:\/\/meripelastus.fi\/pohjoiskarjala\/wp-json\/wp\/v2\/media?parent=22"}],"curies":[{"name":"wp","href":"https:\/\/api.w.org\/{rel}","templated":true}]}}