{"id":28,"date":"2018-03-19T09:19:27","date_gmt":"2018-03-19T07:19:27","guid":{"rendered":"http:\/\/basetemplate.smpsyhdistykset.16.testivedos.com\/?page_id=28"},"modified":"2021-11-22T15:45:50","modified_gmt":"2021-11-22T13:45:50","slug":"miehisto","status":"publish","type":"page","link":"https:\/\/meripelastus.fi\/pirkanmaa\/toiminta\/miehisto\/","title":{"rendered":"Miehist\u00f6"},"content":{"rendered":"<p>Pelastusaluksemme miehitet\u00e4\u00e4n t\u00e4ysin vapaaehtoisin voimin. Arvostamme osaamista ja huolehdimme, ett\u00e4 miehist\u00f6mme ammattitaito on apua tarvitsevien k\u00e4yt\u00f6ss\u00e4 aina silloin kun sit\u00e4 tarvitaan. Vahva osaaminen on edellytys aluksiemme turvalliselle k\u00e4yt\u00f6lle vaativissa teht\u00e4viss\u00e4 ja olosuhteissa.<\/p>\n<p>Pirkanmaalla on noin 50 miehist\u00f6nj\u00e4sent\u00e4 ja vuosittain rekrytoimme uusia j\u00e4seni\u00e4 miehist\u00f6\u00f6mme.<\/p>\n<h3>Sitoutuminen<\/h3>\n<p>Pelastusaseman miehist\u00f6\u00f6n hakeutuvalta edellytet\u00e4\u00e4n:<\/p>\n<ul>\n<li>Innokasta asennetta ja halua sitoutua aikaa viev\u00e4\u00e4n harrastukseen.<\/li>\n<li>V\u00e4hint\u00e4\u00e4n 16 vuoden ik\u00e4\u00e4.<\/li>\n<li>Normaalia fyysist\u00e4 ja psyykkist\u00e4 terveydentilaa sek\u00e4 n\u00e4k\u00f6kyky\u00e4.<\/li>\n<li>Uimataitoa<\/li>\n<\/ul>\n<p>Aiempaa osaamista ei vaadita, eik\u00e4 todistuksia tutkita. T\u00e4rkeint\u00e4 on, ett\u00e4 uskot haluavasi olla mukana auttamassa vesill\u00e4 apua tarvitsevia.<\/p>\n<p>Pohjoismaisen uimataitom\u00e4\u00e4ritelm\u00e4n mukaan uimataitoinen on henkil\u00f6, joka pudottuaan syv\u00e4\u00e4n veteen niin, ett\u00e4 p\u00e4\u00e4 k\u00e4y pinnan alla ja p\u00e4\u00e4sty\u00e4\u00e4n uudelleen pinnalle ui yht\u00e4jaksoisesti 200 metri\u00e4, josta 50 metri\u00e4 sel\u00e4ll\u00e4\u00e4n.<\/p>\n<p>Koska pelastusty\u00f6 vesill\u00e4 voi olla fyysisesti ja henkisesti raskasta, jokaisen pelastusaseman miehist\u00f6\u00f6n haluavan on annettava selvitys terveydentilastaan ja fyysisest\u00e4 sek\u00e4 psyykkisest\u00e4 kunnostaan. Mit\u00e4\u00e4n ihmeit\u00e4 emme vaadi, mutta esimerkiksi jotkin perussairaudet ja liikuntavammat est\u00e4v\u00e4t toimimisen pelastusaseman miehist\u00f6ss\u00e4.<\/p>\n<h3>Koulutus ja teht\u00e4v\u00e4t aluksilla<\/h3>\n<p>Osaamisvaatimuksemme perustuvat Suomen Meripelastusseuran koulutusj\u00e4rjestelm\u00e4\u00e4n, jonka viranomaiset ovat hyv\u00e4ksyneet ottaen huomioon <span>toimintamme<\/span> <span>luonteen<\/span> <span>ja<\/span> <span>k\u00e4yt\u00f6ss\u00e4<\/span> <span>olevan<\/span> <span>aluskalustomme<\/span>.<\/p>\n<p>Ennen teht\u00e4v\u00e4\u00e4n nimitt\u00e4mist\u00e4 miehist\u00f6\u00f6n kuuluvan tulee suorittaa teht\u00e4v\u00e4\u00e4n vaadittava koulutustaso. Miehist\u00f6n koulutustasoja ovat harjoittelija ja kansimies. Kansimiehen koulutus kest\u00e4\u00e4 noin yhden vuoden. P\u00e4\u00e4llyst\u00f6n koulutustasoja ovat per\u00e4mies ja p\u00e4\u00e4llikk\u00f6.<\/p>\n<p>Suuri osa koulutuksesta annetaan pelastusasemalla ja erilaisissa yhdistyksen j\u00e4rjest\u00e4miss\u00e4 koulutustilaisuuksissa. Pelastusasemat l\u00e4hett\u00e4v\u00e4t miehist\u00f6\u00e4\u00e4n my\u00f6s Meripelastusseuran kursseille B\u00e5gask\u00e4rin toimintakeskukseen Inkooseen.<\/p>\n<p>Jos sinulla on jo pelastusalan tai merenkulun osaamista pystyt hy\u00f6dynt\u00e4m\u00e4\u00e4n sit\u00e4 joustavasti ja kouluttautumaan vain niilt\u00e4 osin, mik\u00e4 on tarpeen koulutustason saavuttamiseksi. Etsint\u00e4- ja pelastusyksik\u00f6ss\u00e4 toimiminen edellytt\u00e4\u00e4 kuitenkin s\u00e4\u00e4nn\u00f6llist\u00e4 harjoittelua ja taitojen yll\u00e4pitoa, joten aktiivinen osallistuminen pelastusaseman toimintaan on helpoin tapa huolehtia omista kyvyist\u00e4 olla muiden avuksi vesill\u00e4.<\/p>\n<p>Lis\u00e4tietoa miehist\u00f6\u00f6n liittymisest\u00e4 l\u00f6yd\u00e4t Suomen Meripelastuseuran <a href=\"https:\/\/meripelastus.fi\/toiminta\/tule-mukaan\/\" target=\"_blank\" rel=\"noopener\">sivuilta<\/a> ja <a href=\"https:\/\/view.24mags.com\/mobilev\/b96aff83a6a4bbbdcfbada9f7d2ead#\/page=1\" target=\"_blank\" rel=\"noopener\">hakijan oppaasta<\/a>.<\/p>\n<p>Jos olet kiinnostunut tulemaan mukaan miehist\u00f6toimintaan, <a href=\"https:\/\/meripelastus.fi\/pirkanmaa\/yhteystiedot\/\">ole rohkeasti yhteydess\u00e4 pelastusaseman koulutusvastaavaan!<\/a><\/p>\n","protected":false},"excerpt":{"rendered":"<p>Pelastusaluksemme miehitet\u00e4\u00e4n t\u00e4ysin vapaaehtoisin voimin. Arvostamme osaamista ja huolehdimme, ett\u00e4 miehist\u00f6mme ammattitaito on apua tarvitsevien k\u00e4yt\u00f6ss\u00e4 aina silloin kun sit\u00e4 tarvitaan. Vahva osaaminen on edellytys aluksiemme turvalliselle k\u00e4yt\u00f6lle vaativissa teht\u00e4viss\u00e4 ja olosuhteissa. Pirkanmaalla on noin 50 miehist\u00f6nj\u00e4sent\u00e4 ja vuosittain rekrytoimme uusia j\u00e4seni\u00e4 miehist\u00f6\u00f6mme. Sitoutuminen Pelastusaseman miehist\u00f6\u00f6n hakeutuvalta edellytet\u00e4\u00e4n: Innokasta asennetta ja halua sitoutua aikaa viev\u00e4\u00e4n [&hellip;]<\/p>\n","protected":false},"author":1,"featured_media":0,"parent":20,"menu_order":0,"comment_status":"closed","ping_status":"closed","template":"","meta":{"_acf_changed":false,"inline_featured_image":false,"footnotes":""},"class_list":["post-28","page","type-page","status-publish","hentry"],"acf":[],"yoast_head":"<!-- This site is optimized with the Yoast SEO Premium plugin v27.4 (Yoast SEO v27.4) - https:\/\/yoast.com\/product\/yoast-seo-premium-wordpress\/ -->\n<title>Miehist\u00f6 - Suomen Meripelastusseura Pirkanmaa ry<\/title>\n<meta name=\"robots\" content=\"noindex, follow, max-snippet:-1, max-image-preview:large, max-video-preview:-1\" \/>\n<meta property=\"og:locale\" content=\"fi_FI\" \/>\n<meta property=\"og:type\" content=\"article\" \/>\n<meta property=\"og:title\" content=\"Miehist\u00f6\" \/>\n<meta property=\"og:description\" content=\"Pelastusaluksemme miehitet\u00e4\u00e4n t\u00e4ysin vapaaehtoisin voimin. Arvostamme osaamista ja huolehdimme, ett\u00e4 miehist\u00f6mme ammattitaito on apua tarvitsevien k\u00e4yt\u00f6ss\u00e4 aina silloin kun sit\u00e4 tarvitaan. Vahva osaaminen on edellytys aluksiemme turvalliselle k\u00e4yt\u00f6lle vaativissa teht\u00e4viss\u00e4 ja olosuhteissa. Pirkanmaalla on noin 50 miehist\u00f6nj\u00e4sent\u00e4 ja vuosittain rekrytoimme uusia j\u00e4seni\u00e4 miehist\u00f6\u00f6mme. Sitoutuminen Pelastusaseman miehist\u00f6\u00f6n hakeutuvalta edellytet\u00e4\u00e4n: Innokasta asennetta ja halua sitoutua aikaa viev\u00e4\u00e4n [&hellip;]\" \/>\n<meta property=\"og:url\" content=\"https:\/\/meripelastus.fi\/pirkanmaa\/toiminta\/miehisto\/\" \/>\n<meta property=\"og:site_name\" content=\"Suomen Meripelastusseura Pirkanmaa ry\" \/>\n<meta property=\"article:modified_time\" content=\"2021-11-22T13:45:50+00:00\" \/>\n<meta name=\"twitter:card\" content=\"summary_large_image\" \/>\n<meta name=\"twitter:label1\" content=\"Arvioitu lukuaika\" \/>\n\t<meta name=\"twitter:data1\" content=\"2 minuuttia\" \/>\n<script type=\"application\/ld+json\" class=\"yoast-schema-graph\">{\"@context\":\"https:\\\/\\\/schema.org\",\"@graph\":[{\"@type\":\"WebPage\",\"@id\":\"https:\\\/\\\/meripelastus.fi\\\/pirkanmaa\\\/toiminta\\\/miehisto\\\/\",\"url\":\"https:\\\/\\\/meripelastus.fi\\\/pirkanmaa\\\/toiminta\\\/miehisto\\\/\",\"name\":\"Miehist\u00f6 - Suomen Meripelastusseura Pirkanmaa ry\",\"isPartOf\":{\"@id\":\"https:\\\/\\\/meripelastus.fi\\\/pirkanmaa\\\/#website\"},\"datePublished\":\"2018-03-19T07:19:27+00:00\",\"dateModified\":\"2021-11-22T13:45:50+00:00\",\"breadcrumb\":{\"@id\":\"https:\\\/\\\/meripelastus.fi\\\/pirkanmaa\\\/toiminta\\\/miehisto\\\/#breadcrumb\"},\"inLanguage\":\"fi\",\"potentialAction\":[{\"@type\":\"ReadAction\",\"target\":[\"https:\\\/\\\/meripelastus.fi\\\/pirkanmaa\\\/toiminta\\\/miehisto\\\/\"]}]},{\"@type\":\"BreadcrumbList\",\"@id\":\"https:\\\/\\\/meripelastus.fi\\\/pirkanmaa\\\/toiminta\\\/miehisto\\\/#breadcrumb\",\"itemListElement\":[{\"@type\":\"ListItem\",\"position\":1,\"name\":\"Etusivu\",\"item\":\"https:\\\/\\\/meripelastus.fi\\\/pirkanmaa\\\/\"},{\"@type\":\"ListItem\",\"position\":2,\"name\":\"Toiminta\",\"item\":\"https:\\\/\\\/meripelastus.fi\\\/pirkanmaa\\\/toiminta\\\/\"},{\"@type\":\"ListItem\",\"position\":3,\"name\":\"Miehist\u00f6\"}]},{\"@type\":\"WebSite\",\"@id\":\"https:\\\/\\\/meripelastus.fi\\\/pirkanmaa\\\/#website\",\"url\":\"https:\\\/\\\/meripelastus.fi\\\/pirkanmaa\\\/\",\"name\":\"Suomen Meripelastusseura Pirkanmaa ry\",\"description\":\"Vapaaehtoiset apunasi vesill\u00e4\",\"potentialAction\":[{\"@type\":\"SearchAction\",\"target\":{\"@type\":\"EntryPoint\",\"urlTemplate\":\"https:\\\/\\\/meripelastus.fi\\\/pirkanmaa\\\/?s={search_term_string}\"},\"query-input\":{\"@type\":\"PropertyValueSpecification\",\"valueRequired\":true,\"valueName\":\"search_term_string\"}}],\"inLanguage\":\"fi\"}]}<\/script>\n<!-- \/ Yoast SEO Premium plugin. -->","yoast_head_json":{"title":"Miehist\u00f6 - Suomen Meripelastusseura Pirkanmaa ry","robots":{"index":"noindex","follow":"follow","max-snippet":"max-snippet:-1","max-image-preview":"max-image-preview:large","max-video-preview":"max-video-preview:-1"},"og_locale":"fi_FI","og_type":"article","og_title":"Miehist\u00f6","og_description":"Pelastusaluksemme miehitet\u00e4\u00e4n t\u00e4ysin vapaaehtoisin voimin. Arvostamme osaamista ja huolehdimme, ett\u00e4 miehist\u00f6mme ammattitaito on apua tarvitsevien k\u00e4yt\u00f6ss\u00e4 aina silloin kun sit\u00e4 tarvitaan. Vahva osaaminen on edellytys aluksiemme turvalliselle k\u00e4yt\u00f6lle vaativissa teht\u00e4viss\u00e4 ja olosuhteissa. Pirkanmaalla on noin 50 miehist\u00f6nj\u00e4sent\u00e4 ja vuosittain rekrytoimme uusia j\u00e4seni\u00e4 miehist\u00f6\u00f6mme. Sitoutuminen Pelastusaseman miehist\u00f6\u00f6n hakeutuvalta edellytet\u00e4\u00e4n: Innokasta asennetta ja halua sitoutua aikaa viev\u00e4\u00e4n [&hellip;]","og_url":"https:\/\/meripelastus.fi\/pirkanmaa\/toiminta\/miehisto\/","og_site_name":"Suomen Meripelastusseura Pirkanmaa ry","article_modified_time":"2021-11-22T13:45:50+00:00","twitter_card":"summary_large_image","twitter_misc":{"Arvioitu lukuaika":"2 minuuttia"},"schema":{"@context":"https:\/\/schema.org","@graph":[{"@type":"WebPage","@id":"https:\/\/meripelastus.fi\/pirkanmaa\/toiminta\/miehisto\/","url":"https:\/\/meripelastus.fi\/pirkanmaa\/toiminta\/miehisto\/","name":"Miehist\u00f6 - Suomen Meripelastusseura Pirkanmaa ry","isPartOf":{"@id":"https:\/\/meripelastus.fi\/pirkanmaa\/#website"},"datePublished":"2018-03-19T07:19:27+00:00","dateModified":"2021-11-22T13:45:50+00:00","breadcrumb":{"@id":"https:\/\/meripelastus.fi\/pirkanmaa\/toiminta\/miehisto\/#breadcrumb"},"inLanguage":"fi","potentialAction":[{"@type":"ReadAction","target":["https:\/\/meripelastus.fi\/pirkanmaa\/toiminta\/miehisto\/"]}]},{"@type":"BreadcrumbList","@id":"https:\/\/meripelastus.fi\/pirkanmaa\/toiminta\/miehisto\/#breadcrumb","itemListElement":[{"@type":"ListItem","position":1,"name":"Etusivu","item":"https:\/\/meripelastus.fi\/pirkanmaa\/"},{"@type":"ListItem","position":2,"name":"Toiminta","item":"https:\/\/meripelastus.fi\/pirkanmaa\/toiminta\/"},{"@type":"ListItem","position":3,"name":"Miehist\u00f6"}]},{"@type":"WebSite","@id":"https:\/\/meripelastus.fi\/pirkanmaa\/#website","url":"https:\/\/meripelastus.fi\/pirkanmaa\/","name":"Suomen Meripelastusseura Pirkanmaa ry","description":"Vapaaehtoiset apunasi vesill\u00e4","potentialAction":[{"@type":"SearchAction","target":{"@type":"EntryPoint","urlTemplate":"https:\/\/meripelastus.fi\/pirkanmaa\/?s={search_term_string}"},"query-input":{"@type":"PropertyValueSpecification","valueRequired":true,"valueName":"search_term_string"}}],"inLanguage":"fi"}]}},"_links":{"self":[{"href":"https:\/\/meripelastus.fi\/pirkanmaa\/wp-json\/wp\/v2\/pages\/28","targetHints":{"allow":["GET"]}}],"collection":[{"href":"https:\/\/meripelastus.fi\/pirkanmaa\/wp-json\/wp\/v2\/pages"}],"about":[{"href":"https:\/\/meripelastus.fi\/pirkanmaa\/wp-json\/wp\/v2\/types\/page"}],"author":[{"embeddable":true,"href":"https:\/\/meripelastus.fi\/pirkanmaa\/wp-json\/wp\/v2\/users\/1"}],"replies":[{"embeddable":true,"href":"https:\/\/meripelastus.fi\/pirkanmaa\/wp-json\/wp\/v2\/comments?post=28"}],"version-history":[{"count":11,"href":"https:\/\/meripelastus.fi\/pirkanmaa\/wp-json\/wp\/v2\/pages\/28\/revisions"}],"predecessor-version":[{"id":342,"href":"https:\/\/meripelastus.fi\/pirkanmaa\/wp-json\/wp\/v2\/pages\/28\/revisions\/342"}],"up":[{"embeddable":true,"href":"https:\/\/meripelastus.fi\/pirkanmaa\/wp-json\/wp\/v2\/pages\/20"}],"wp:attachment":[{"href":"https:\/\/meripelastus.fi\/pirkanmaa\/wp-json\/wp\/v2\/media?parent=28"}],"curies":[{"name":"wp","href":"https:\/\/api.w.org\/{rel}","templated":true}]}}