{"id":60,"date":"2024-03-26T09:59:19","date_gmt":"2024-03-26T07:59:19","guid":{"rendered":"https:\/\/meripelastus.fi\/pielinen-vedos\/?page_id=60"},"modified":"2025-04-01T17:06:59","modified_gmt":"2025-04-01T14:06:59","slug":"tule-mukaan","status":"publish","type":"page","link":"https:\/\/meripelastus.fi\/pielinen\/toiminta\/tule-mukaan\/","title":{"rendered":"Tule mukaan"},"content":{"rendered":"\n<p>Haemme jatkuvasti lis\u00e4\u00e4 vapaaehtoisia kouluttautumaan miehist\u00f6\u00f6mme. Voit tulla mukaan toimintaan, jos olet:<\/p>\n\n\n\n<ul class=\"wp-block-list\">\n<li>T\u00e4ytt\u00e4nyt 16 vuotta (h\u00e4lytysmiehist\u00f6\u00f6n p\u00e4\u00e4set t\u00e4ytetty\u00e4si 18 vuotta)<\/li>\n\n\n\n<li>Perusterve<\/li>\n\n\n\n<li>Hyv\u00e4kuntoinen<\/li>\n\n\n\n<li>Auttamishaluinen<\/li>\n\n\n\n<li>Uimataitoinen<\/li>\n\n\n\n<li>Halukas sitoutumaan mukaan toimintaamme<\/li>\n<\/ul>\n\n\n\n<p>Et tarvitse aiempaa kokemusta veneilyst\u00e4, mutta eduksi ovat mm. navigointi- ja ensiaputaidot. Kaikkia tarvittavia taitoja kuitenkin harjoittelemme s\u00e4\u00e4nn\u00f6llisesti koko miehist\u00f6n voimin. Ilmoittaudu rohkeasti mukaan klikkaamalla painiketta alta, jolloin p\u00e4\u00e4set t\u00e4ytt\u00e4m\u00e4\u00e4n yhteystietosi (muista valita yhdistykseksi Pielisen J\u00e4rvipelastajat) tai ota suoraan yhteytt\u00e4 pielinen(at)messi.meripelastus.fi.<\/p>\n\n\n\n<div class=\"wp-block-buttons is-layout-flex wp-block-buttons-is-layout-flex\">\n<div class=\"wp-block-button\"><a class=\"wp-block-button__link wp-element-button\" href=\"https:\/\/meripelastus.fi\/toiminta\/tule-mukaan\/\">Tule mukaan<\/a><\/div>\n<\/div>\n\n\n\n<p><br>Jos koet, ettei miehist\u00f6ss\u00e4 toimiminen ole sinua varten, mutta haluaisit olla mukana j\u00e4rvipelastustoiminnassa, kerro siit\u00e4kin meille. Operatiivisen toiminnan lis\u00e4ksi tekemist\u00e4 l\u00f6ytyy mm. hallinnollisella puolella, alusten ja varusteiden huoltoteht\u00e4viss\u00e4 sek\u00e4 monessa muussa asiassa.<\/p>\n\n\n\n<figure class=\"wp-block-image size-large is-resized\"><img loading=\"lazy\" decoding=\"async\" width=\"1024\" height=\"768\" src=\"https:\/\/meripelastus.fi\/pielinen-vedos\/wp-content\/uploads\/sites\/41\/2024\/04\/AuringonlaskuBrahealle_1920-1-1024x768.jpg\" alt=\"Kuvassa tyyni Pielinen kuvattuna aluksen takakannelta.\" class=\"wp-image-177\" style=\"width:776px;height:auto\" srcset=\"https:\/\/meripelastus.fi\/pielinen\/wp-content\/uploads\/sites\/41\/2024\/04\/AuringonlaskuBrahealle_1920-1-1024x768.jpg 1024w, https:\/\/meripelastus.fi\/pielinen\/wp-content\/uploads\/sites\/41\/2024\/04\/AuringonlaskuBrahealle_1920-1-300x225.jpg 300w, https:\/\/meripelastus.fi\/pielinen\/wp-content\/uploads\/sites\/41\/2024\/04\/AuringonlaskuBrahealle_1920-1-768x576.jpg 768w, https:\/\/meripelastus.fi\/pielinen\/wp-content\/uploads\/sites\/41\/2024\/04\/AuringonlaskuBrahealle_1920-1-1536x1152.jpg 1536w, https:\/\/meripelastus.fi\/pielinen\/wp-content\/uploads\/sites\/41\/2024\/04\/AuringonlaskuBrahealle_1920-1.jpg 1920w\" sizes=\"auto, (max-width: 1024px) 100vw, 1024px\" \/><\/figure>\n","protected":false},"excerpt":{"rendered":"<p>Haemme jatkuvasti lis\u00e4\u00e4 vapaaehtoisia kouluttautumaan miehist\u00f6\u00f6mme. Voit tulla mukaan toimintaan, jos olet: Et tarvitse aiempaa kokemusta veneilyst\u00e4, mutta eduksi ovat mm. navigointi- ja ensiaputaidot. Kaikkia tarvittavia taitoja kuitenkin harjoittelemme s\u00e4\u00e4nn\u00f6llisesti koko miehist\u00f6n voimin. Ilmoittaudu rohkeasti mukaan klikkaamalla painiketta alta, jolloin p\u00e4\u00e4set t\u00e4ytt\u00e4m\u00e4\u00e4n yhteystietosi (muista valita yhdistykseksi Pielisen J\u00e4rvipelastajat) tai ota suoraan yhteytt\u00e4 pielinen(at)messi.meripelastus.fi. Jos koet, [&hellip;]<\/p>\n","protected":false},"author":1,"featured_media":105,"parent":44,"menu_order":0,"comment_status":"closed","ping_status":"closed","template":"","meta":{"_acf_changed":false,"inline_featured_image":false,"footnotes":""},"class_list":["post-60","page","type-page","status-publish","has-post-thumbnail","hentry"],"acf":[],"yoast_head":"<!-- This site is optimized with the Yoast SEO Premium plugin v27.2 (Yoast SEO v27.2) - https:\/\/yoast.com\/product\/yoast-seo-premium-wordpress\/ -->\n<title>Tule mukaan - Pielisen J\u00e4rvipelastajat<\/title>\n<meta name=\"description\" content=\"Aloita uusi harrastus - tule mukaan j\u00e4rvipelastustoimintaan Lieksaan tai Nurmekseen.\" \/>\n<meta name=\"robots\" content=\"index, follow, max-snippet:-1, max-image-preview:large, max-video-preview:-1\" \/>\n<link rel=\"canonical\" href=\"https:\/\/meripelastus.fi\/pielinen\/toiminta\/tule-mukaan\/\" \/>\n<meta property=\"og:locale\" content=\"fi_FI\" \/>\n<meta property=\"og:type\" content=\"article\" \/>\n<meta property=\"og:title\" content=\"Tule mukaan\" \/>\n<meta property=\"og:description\" content=\"Aloita uusi harrastus - tule mukaan j\u00e4rvipelastustoimintaan Lieksaan tai Nurmekseen.\" \/>\n<meta property=\"og:url\" content=\"https:\/\/meripelastus.fi\/pielinen\/toiminta\/tule-mukaan\/\" \/>\n<meta property=\"og:site_name\" content=\"Pielisen J\u00e4rvipelastajat\" \/>\n<meta property=\"article:modified_time\" content=\"2025-04-01T14:06:59+00:00\" \/>\n<meta property=\"og:image\" content=\"https:\/\/meripelastus.fi\/pielinen\/wp-content\/uploads\/sites\/41\/2024\/03\/pielisenjp-alukset-alasivu.jpg\" \/>\n\t<meta property=\"og:image:width\" content=\"1920\" \/>\n\t<meta property=\"og:image:height\" content=\"515\" \/>\n\t<meta property=\"og:image:type\" content=\"image\/jpeg\" \/>\n<meta name=\"twitter:card\" content=\"summary_large_image\" \/>\n<meta name=\"twitter:label1\" content=\"Arvioitu lukuaika\" \/>\n\t<meta name=\"twitter:data1\" content=\"2 minuuttia\" \/>\n<script type=\"application\/ld+json\" class=\"yoast-schema-graph\">{\"@context\":\"https:\/\/schema.org\",\"@graph\":[{\"@type\":\"WebPage\",\"@id\":\"https:\/\/meripelastus.fi\/pielinen\/toiminta\/tule-mukaan\/\",\"url\":\"https:\/\/meripelastus.fi\/pielinen\/toiminta\/tule-mukaan\/\",\"name\":\"Tule mukaan - Pielisen J\u00e4rvipelastajat\",\"isPartOf\":{\"@id\":\"https:\/\/meripelastus.fi\/pielinen\/#website\"},\"primaryImageOfPage\":{\"@id\":\"https:\/\/meripelastus.fi\/pielinen\/toiminta\/tule-mukaan\/#primaryimage\"},\"image\":{\"@id\":\"https:\/\/meripelastus.fi\/pielinen\/toiminta\/tule-mukaan\/#primaryimage\"},\"thumbnailUrl\":\"https:\/\/meripelastus.fi\/pielinen\/wp-content\/uploads\/sites\/41\/2024\/03\/pielisenjp-alukset-alasivu.jpg\",\"datePublished\":\"2024-03-26T07:59:19+00:00\",\"dateModified\":\"2025-04-01T14:06:59+00:00\",\"description\":\"Aloita uusi harrastus - tule mukaan j\u00e4rvipelastustoimintaan Lieksaan tai Nurmekseen.\",\"breadcrumb\":{\"@id\":\"https:\/\/meripelastus.fi\/pielinen\/toiminta\/tule-mukaan\/#breadcrumb\"},\"inLanguage\":\"fi\",\"potentialAction\":[{\"@type\":\"ReadAction\",\"target\":[\"https:\/\/meripelastus.fi\/pielinen\/toiminta\/tule-mukaan\/\"]}]},{\"@type\":\"ImageObject\",\"inLanguage\":\"fi\",\"@id\":\"https:\/\/meripelastus.fi\/pielinen\/toiminta\/tule-mukaan\/#primaryimage\",\"url\":\"https:\/\/meripelastus.fi\/pielinen\/wp-content\/uploads\/sites\/41\/2024\/03\/pielisenjp-alukset-alasivu.jpg\",\"contentUrl\":\"https:\/\/meripelastus.fi\/pielinen\/wp-content\/uploads\/sites\/41\/2024\/03\/pielisenjp-alukset-alasivu.jpg\",\"width\":1920,\"height\":515,\"caption\":\"Alukset\"},{\"@type\":\"BreadcrumbList\",\"@id\":\"https:\/\/meripelastus.fi\/pielinen\/toiminta\/tule-mukaan\/#breadcrumb\",\"itemListElement\":[{\"@type\":\"ListItem\",\"position\":1,\"name\":\"Etusivu\",\"item\":\"https:\/\/meripelastus.fi\/pielinen\/\"},{\"@type\":\"ListItem\",\"position\":2,\"name\":\"Toiminta\",\"item\":\"https:\/\/meripelastus.fi\/pielinen\/toiminta\/\"},{\"@type\":\"ListItem\",\"position\":3,\"name\":\"Tule mukaan\"}]},{\"@type\":\"WebSite\",\"@id\":\"https:\/\/meripelastus.fi\/pielinen\/#website\",\"url\":\"https:\/\/meripelastus.fi\/pielinen\/\",\"name\":\"Pielisen J\u00e4rvipelastajat\",\"description\":\"Vapaaehtoiset apunasi vesill\u00e4\",\"potentialAction\":[{\"@type\":\"SearchAction\",\"target\":{\"@type\":\"EntryPoint\",\"urlTemplate\":\"https:\/\/meripelastus.fi\/pielinen\/?s={search_term_string}\"},\"query-input\":{\"@type\":\"PropertyValueSpecification\",\"valueRequired\":true,\"valueName\":\"search_term_string\"}}],\"inLanguage\":\"fi\"}]}<\/script>\n<!-- \/ Yoast SEO Premium plugin. -->","yoast_head_json":{"title":"Tule mukaan - Pielisen J\u00e4rvipelastajat","description":"Aloita uusi harrastus - tule mukaan j\u00e4rvipelastustoimintaan Lieksaan tai Nurmekseen.","robots":{"index":"index","follow":"follow","max-snippet":"max-snippet:-1","max-image-preview":"max-image-preview:large","max-video-preview":"max-video-preview:-1"},"canonical":"https:\/\/meripelastus.fi\/pielinen\/toiminta\/tule-mukaan\/","og_locale":"fi_FI","og_type":"article","og_title":"Tule mukaan","og_description":"Aloita uusi harrastus - tule mukaan j\u00e4rvipelastustoimintaan Lieksaan tai Nurmekseen.","og_url":"https:\/\/meripelastus.fi\/pielinen\/toiminta\/tule-mukaan\/","og_site_name":"Pielisen J\u00e4rvipelastajat","article_modified_time":"2025-04-01T14:06:59+00:00","og_image":[{"width":1920,"height":515,"url":"https:\/\/meripelastus.fi\/pielinen\/wp-content\/uploads\/sites\/41\/2024\/03\/pielisenjp-alukset-alasivu.jpg","type":"image\/jpeg"}],"twitter_card":"summary_large_image","twitter_misc":{"Arvioitu lukuaika":"2 minuuttia"},"schema":{"@context":"https:\/\/schema.org","@graph":[{"@type":"WebPage","@id":"https:\/\/meripelastus.fi\/pielinen\/toiminta\/tule-mukaan\/","url":"https:\/\/meripelastus.fi\/pielinen\/toiminta\/tule-mukaan\/","name":"Tule mukaan - Pielisen J\u00e4rvipelastajat","isPartOf":{"@id":"https:\/\/meripelastus.fi\/pielinen\/#website"},"primaryImageOfPage":{"@id":"https:\/\/meripelastus.fi\/pielinen\/toiminta\/tule-mukaan\/#primaryimage"},"image":{"@id":"https:\/\/meripelastus.fi\/pielinen\/toiminta\/tule-mukaan\/#primaryimage"},"thumbnailUrl":"https:\/\/meripelastus.fi\/pielinen\/wp-content\/uploads\/sites\/41\/2024\/03\/pielisenjp-alukset-alasivu.jpg","datePublished":"2024-03-26T07:59:19+00:00","dateModified":"2025-04-01T14:06:59+00:00","description":"Aloita uusi harrastus - tule mukaan j\u00e4rvipelastustoimintaan Lieksaan tai Nurmekseen.","breadcrumb":{"@id":"https:\/\/meripelastus.fi\/pielinen\/toiminta\/tule-mukaan\/#breadcrumb"},"inLanguage":"fi","potentialAction":[{"@type":"ReadAction","target":["https:\/\/meripelastus.fi\/pielinen\/toiminta\/tule-mukaan\/"]}]},{"@type":"ImageObject","inLanguage":"fi","@id":"https:\/\/meripelastus.fi\/pielinen\/toiminta\/tule-mukaan\/#primaryimage","url":"https:\/\/meripelastus.fi\/pielinen\/wp-content\/uploads\/sites\/41\/2024\/03\/pielisenjp-alukset-alasivu.jpg","contentUrl":"https:\/\/meripelastus.fi\/pielinen\/wp-content\/uploads\/sites\/41\/2024\/03\/pielisenjp-alukset-alasivu.jpg","width":1920,"height":515,"caption":"Alukset"},{"@type":"BreadcrumbList","@id":"https:\/\/meripelastus.fi\/pielinen\/toiminta\/tule-mukaan\/#breadcrumb","itemListElement":[{"@type":"ListItem","position":1,"name":"Etusivu","item":"https:\/\/meripelastus.fi\/pielinen\/"},{"@type":"ListItem","position":2,"name":"Toiminta","item":"https:\/\/meripelastus.fi\/pielinen\/toiminta\/"},{"@type":"ListItem","position":3,"name":"Tule mukaan"}]},{"@type":"WebSite","@id":"https:\/\/meripelastus.fi\/pielinen\/#website","url":"https:\/\/meripelastus.fi\/pielinen\/","name":"Pielisen J\u00e4rvipelastajat","description":"Vapaaehtoiset apunasi vesill\u00e4","potentialAction":[{"@type":"SearchAction","target":{"@type":"EntryPoint","urlTemplate":"https:\/\/meripelastus.fi\/pielinen\/?s={search_term_string}"},"query-input":{"@type":"PropertyValueSpecification","valueRequired":true,"valueName":"search_term_string"}}],"inLanguage":"fi"}]}},"_links":{"self":[{"href":"https:\/\/meripelastus.fi\/pielinen\/wp-json\/wp\/v2\/pages\/60","targetHints":{"allow":["GET"]}}],"collection":[{"href":"https:\/\/meripelastus.fi\/pielinen\/wp-json\/wp\/v2\/pages"}],"about":[{"href":"https:\/\/meripelastus.fi\/pielinen\/wp-json\/wp\/v2\/types\/page"}],"author":[{"embeddable":true,"href":"https:\/\/meripelastus.fi\/pielinen\/wp-json\/wp\/v2\/users\/1"}],"replies":[{"embeddable":true,"href":"https:\/\/meripelastus.fi\/pielinen\/wp-json\/wp\/v2\/comments?post=60"}],"version-history":[{"count":9,"href":"https:\/\/meripelastus.fi\/pielinen\/wp-json\/wp\/v2\/pages\/60\/revisions"}],"predecessor-version":[{"id":464,"href":"https:\/\/meripelastus.fi\/pielinen\/wp-json\/wp\/v2\/pages\/60\/revisions\/464"}],"up":[{"embeddable":true,"href":"https:\/\/meripelastus.fi\/pielinen\/wp-json\/wp\/v2\/pages\/44"}],"wp:featuredmedia":[{"embeddable":true,"href":"https:\/\/meripelastus.fi\/pielinen\/wp-json\/wp\/v2\/media\/105"}],"wp:attachment":[{"href":"https:\/\/meripelastus.fi\/pielinen\/wp-json\/wp\/v2\/media?parent=60"}],"curies":[{"name":"wp","href":"https:\/\/api.w.org\/{rel}","templated":true}]}}