{"id":50,"date":"2024-03-26T09:51:01","date_gmt":"2024-03-26T07:51:01","guid":{"rendered":"https:\/\/meripelastus.fi\/pielinen-vedos\/?page_id=50"},"modified":"2024-04-15T19:14:42","modified_gmt":"2024-04-15T16:14:42","slug":"alukset","status":"publish","type":"page","link":"https:\/\/meripelastus.fi\/pielinen\/toiminta\/alukset\/","title":{"rendered":"Alukset"},"content":{"rendered":"\n<figure class=\"wp-block-image size-large is-resized\"><img loading=\"lazy\" decoding=\"async\" width=\"1024\" height=\"755\" src=\"https:\/\/meripelastus.fi\/pielinen-vedos\/wp-content\/uploads\/sites\/41\/2024\/04\/Sara-Uramo-rajattu-pieni-1024x755.jpg\" alt=\"Kuvassa j\u00e4rvipelastajien alus.\" class=\"wp-image-186\" style=\"width:1158px;height:auto\" srcset=\"https:\/\/meripelastus.fi\/pielinen\/wp-content\/uploads\/sites\/41\/2024\/04\/Sara-Uramo-rajattu-pieni-1024x755.jpg 1024w, https:\/\/meripelastus.fi\/pielinen\/wp-content\/uploads\/sites\/41\/2024\/04\/Sara-Uramo-rajattu-pieni-300x221.jpg 300w, https:\/\/meripelastus.fi\/pielinen\/wp-content\/uploads\/sites\/41\/2024\/04\/Sara-Uramo-rajattu-pieni-768x566.jpg 768w, https:\/\/meripelastus.fi\/pielinen\/wp-content\/uploads\/sites\/41\/2024\/04\/Sara-Uramo-rajattu-pieni-1536x1133.jpg 1536w, https:\/\/meripelastus.fi\/pielinen\/wp-content\/uploads\/sites\/41\/2024\/04\/Sara-Uramo-rajattu-pieni-2048x1510.jpg 2048w\" sizes=\"auto, (max-width: 1024px) 100vw, 1024px\" \/><\/figure>\n\n\n\n<div class=\"wp-block-media-text is-stacked-on-mobile has-peige-background-color has-background\" style=\"grid-template-columns:33% auto\"><figure class=\"wp-block-media-text__media\"><img loading=\"lazy\" decoding=\"async\" width=\"768\" height=\"1024\" src=\"https:\/\/meripelastus.fi\/pielinen-vedos\/wp-content\/uploads\/sites\/41\/2024\/04\/Sara-Ahvenisella_pieni-1-768x1024.jpg\" alt=\"Kuvassa avoveneen ohjaamo.\" class=\"wp-image-196 size-full\" srcset=\"https:\/\/meripelastus.fi\/pielinen\/wp-content\/uploads\/sites\/41\/2024\/04\/Sara-Ahvenisella_pieni-1-768x1024.jpg 768w, https:\/\/meripelastus.fi\/pielinen\/wp-content\/uploads\/sites\/41\/2024\/04\/Sara-Ahvenisella_pieni-1-225x300.jpg 225w, https:\/\/meripelastus.fi\/pielinen\/wp-content\/uploads\/sites\/41\/2024\/04\/Sara-Ahvenisella_pieni-1-1152x1536.jpg 1152w, https:\/\/meripelastus.fi\/pielinen\/wp-content\/uploads\/sites\/41\/2024\/04\/Sara-Ahvenisella_pieni-1-1536x2048.jpg 1536w, https:\/\/meripelastus.fi\/pielinen\/wp-content\/uploads\/sites\/41\/2024\/04\/Sara-Ahvenisella_pieni-1-scaled.jpg 1920w\" sizes=\"auto, (max-width: 768px) 100vw, 768px\" \/><\/figure><div class=\"wp-block-media-text__content\">\n<h2 class=\"wp-block-heading\">pv sara (pv126)<\/h2>\n\n\n\n<ul class=\"wp-block-list\">\n<li>Valmistaja Boomeranger Boats Oy<\/li>\n\n\n\n<li>Valmistusvuosi 2005<\/li>\n\n\n\n<li>2 x 115 hp Mariner<\/li>\n\n\n\n<li>Huippunopeus noin 32 kn<\/li>\n\n\n\n<li>Pituus 7,4 m<\/li>\n\n\n\n<li>Leveys 2,8 m<\/li>\n\n\n\n<li>Syv\u00e4ys noin 0,9 m<\/li>\n\n\n\n<li>Paino noin 2,5 t<\/li>\n\n\n\n<li>Miehist\u00f6 v\u00e4hint\u00e4\u00e4n 1 + 1<\/li>\n<\/ul>\n<\/div><\/div>\n\n\n\n<hr class=\"wp-block-separator has-alpha-channel-opacity\" \/>\n\n\n\n<figure class=\"wp-block-image size-large is-resized\"><img loading=\"lazy\" decoding=\"async\" width=\"2245\" height=\"1684\" src=\"https:\/\/meripelastus.fi\/pielinen-vedos\/wp-content\/uploads\/sites\/41\/2024\/03\/Brahea-ja-Avon-edited.jpg\" alt=\"Kuvassa hytillinen pelastusalus sek\u00e4 sen apuvene laiturissa.\" class=\"wp-image-131\" style=\"width:1159px;height:auto\" srcset=\"https:\/\/meripelastus.fi\/pielinen\/wp-content\/uploads\/sites\/41\/2024\/03\/Brahea-ja-Avon-edited.jpg 2245w, https:\/\/meripelastus.fi\/pielinen\/wp-content\/uploads\/sites\/41\/2024\/03\/Brahea-ja-Avon-edited-300x225.jpg 300w, https:\/\/meripelastus.fi\/pielinen\/wp-content\/uploads\/sites\/41\/2024\/03\/Brahea-ja-Avon-edited-1024x768.jpg 1024w, https:\/\/meripelastus.fi\/pielinen\/wp-content\/uploads\/sites\/41\/2024\/03\/Brahea-ja-Avon-edited-768x576.jpg 768w, https:\/\/meripelastus.fi\/pielinen\/wp-content\/uploads\/sites\/41\/2024\/03\/Brahea-ja-Avon-edited-1536x1152.jpg 1536w, https:\/\/meripelastus.fi\/pielinen\/wp-content\/uploads\/sites\/41\/2024\/03\/Brahea-ja-Avon-edited-2048x1536.jpg 2048w\" sizes=\"auto, (max-width: 2245px) 100vw, 2245px\" \/><\/figure>\n\n\n\n<div class=\"wp-block-media-text is-stacked-on-mobile has-peige-background-color has-background\"><figure class=\"wp-block-media-text__media\"><img loading=\"lazy\" decoding=\"async\" width=\"1024\" height=\"768\" src=\"https:\/\/meripelastus.fi\/pielinen-vedos\/wp-content\/uploads\/sites\/41\/2024\/04\/Sumu-ikkunasta_pieni-1-1024x768.jpg\" alt=\"Kuvassa n\u00e4kym\u00e4 veneen sis\u00e4ohjaamosta sumuiselle j\u00e4rvelle. Tutka ja karttaplotteri ovat k\u00e4yt\u00f6ss\u00e4.\" class=\"wp-image-197 size-full\" srcset=\"https:\/\/meripelastus.fi\/pielinen\/wp-content\/uploads\/sites\/41\/2024\/04\/Sumu-ikkunasta_pieni-1-1024x768.jpg 1024w, https:\/\/meripelastus.fi\/pielinen\/wp-content\/uploads\/sites\/41\/2024\/04\/Sumu-ikkunasta_pieni-1-300x225.jpg 300w, https:\/\/meripelastus.fi\/pielinen\/wp-content\/uploads\/sites\/41\/2024\/04\/Sumu-ikkunasta_pieni-1-768x576.jpg 768w, https:\/\/meripelastus.fi\/pielinen\/wp-content\/uploads\/sites\/41\/2024\/04\/Sumu-ikkunasta_pieni-1-1536x1152.jpg 1536w, https:\/\/meripelastus.fi\/pielinen\/wp-content\/uploads\/sites\/41\/2024\/04\/Sumu-ikkunasta_pieni-1-2048x1536.jpg 2048w\" sizes=\"auto, (max-width: 1024px) 100vw, 1024px\" \/><\/figure><div class=\"wp-block-media-text__content\">\n<h2 class=\"wp-block-heading\">PV BRAHEA (PV022)<\/h2>\n\n\n\n<ul class=\"wp-block-list\">\n<li>Valmistaja Uudenkaupungin Veneveist\u00e4m\u00f6 Oy<\/li>\n\n\n\n<li>Valmistusvuosi 1980 (uudistettu 2003)<\/li>\n\n\n\n<li>Iveco 116 hp<\/li>\n\n\n\n<li>Nopeus noin 10 kn<\/li>\n\n\n\n<li>Pituus 10,1 m<\/li>\n\n\n\n<li>Leveys 3,3 m<\/li>\n\n\n\n<li>Korkeus 3,5 m<\/li>\n\n\n\n<li>Syv\u00e4ys noin 1,0 m<\/li>\n\n\n\n<li>Paino noin 5,5 t<\/li>\n\n\n\n<li>Miehist\u00f6 v\u00e4hint\u00e4\u00e4n 1 + 1<\/li>\n\n\n\n<li>Apuveneen\u00e4 AV40<\/li>\n<\/ul>\n<\/div><\/div>\n","protected":false},"excerpt":{"rendered":"","protected":false},"author":1,"featured_media":105,"parent":44,"menu_order":0,"comment_status":"closed","ping_status":"closed","template":"","meta":{"_acf_changed":false,"inline_featured_image":false,"footnotes":""},"class_list":["post-50","page","type-page","status-publish","has-post-thumbnail","hentry"],"acf":[],"yoast_head":"<!-- This site is optimized with the Yoast SEO Premium plugin v27.2 (Yoast SEO v27.2) - https:\/\/yoast.com\/product\/yoast-seo-premium-wordpress\/ -->\n<title>Alukset - Pielisen J\u00e4rvipelastajat<\/title>\n<meta name=\"robots\" content=\"index, follow, max-snippet:-1, max-image-preview:large, max-video-preview:-1\" \/>\n<link rel=\"canonical\" href=\"https:\/\/meripelastus.fi\/pielinen\/toiminta\/alukset\/\" \/>\n<meta property=\"og:locale\" content=\"fi_FI\" \/>\n<meta property=\"og:type\" content=\"article\" \/>\n<meta property=\"og:title\" content=\"Alukset\" \/>\n<meta property=\"og:url\" content=\"https:\/\/meripelastus.fi\/pielinen\/toiminta\/alukset\/\" \/>\n<meta property=\"og:site_name\" content=\"Pielisen J\u00e4rvipelastajat\" \/>\n<meta property=\"article:modified_time\" content=\"2024-04-15T16:14:42+00:00\" \/>\n<meta property=\"og:image\" content=\"https:\/\/meripelastus.fi\/pielinen\/wp-content\/uploads\/sites\/41\/2024\/03\/pielisenjp-alukset-alasivu.jpg\" \/>\n\t<meta property=\"og:image:width\" content=\"1920\" \/>\n\t<meta property=\"og:image:height\" content=\"515\" \/>\n\t<meta property=\"og:image:type\" content=\"image\/jpeg\" \/>\n<meta name=\"twitter:card\" content=\"summary_large_image\" \/>\n<meta name=\"twitter:label1\" content=\"Arvioitu lukuaika\" \/>\n\t<meta name=\"twitter:data1\" content=\"2 minuuttia\" \/>\n<script type=\"application\/ld+json\" class=\"yoast-schema-graph\">{\"@context\":\"https:\/\/schema.org\",\"@graph\":[{\"@type\":\"WebPage\",\"@id\":\"https:\/\/meripelastus.fi\/pielinen\/toiminta\/alukset\/\",\"url\":\"https:\/\/meripelastus.fi\/pielinen\/toiminta\/alukset\/\",\"name\":\"Alukset - Pielisen J\u00e4rvipelastajat\",\"isPartOf\":{\"@id\":\"https:\/\/meripelastus.fi\/pielinen\/#website\"},\"primaryImageOfPage\":{\"@id\":\"https:\/\/meripelastus.fi\/pielinen\/toiminta\/alukset\/#primaryimage\"},\"image\":{\"@id\":\"https:\/\/meripelastus.fi\/pielinen\/toiminta\/alukset\/#primaryimage\"},\"thumbnailUrl\":\"https:\/\/meripelastus.fi\/pielinen\/wp-content\/uploads\/sites\/41\/2024\/03\/pielisenjp-alukset-alasivu.jpg\",\"datePublished\":\"2024-03-26T07:51:01+00:00\",\"dateModified\":\"2024-04-15T16:14:42+00:00\",\"breadcrumb\":{\"@id\":\"https:\/\/meripelastus.fi\/pielinen\/toiminta\/alukset\/#breadcrumb\"},\"inLanguage\":\"fi\",\"potentialAction\":[{\"@type\":\"ReadAction\",\"target\":[\"https:\/\/meripelastus.fi\/pielinen\/toiminta\/alukset\/\"]}]},{\"@type\":\"ImageObject\",\"inLanguage\":\"fi\",\"@id\":\"https:\/\/meripelastus.fi\/pielinen\/toiminta\/alukset\/#primaryimage\",\"url\":\"https:\/\/meripelastus.fi\/pielinen\/wp-content\/uploads\/sites\/41\/2024\/03\/pielisenjp-alukset-alasivu.jpg\",\"contentUrl\":\"https:\/\/meripelastus.fi\/pielinen\/wp-content\/uploads\/sites\/41\/2024\/03\/pielisenjp-alukset-alasivu.jpg\",\"width\":1920,\"height\":515,\"caption\":\"Alukset\"},{\"@type\":\"BreadcrumbList\",\"@id\":\"https:\/\/meripelastus.fi\/pielinen\/toiminta\/alukset\/#breadcrumb\",\"itemListElement\":[{\"@type\":\"ListItem\",\"position\":1,\"name\":\"Etusivu\",\"item\":\"https:\/\/meripelastus.fi\/pielinen\/\"},{\"@type\":\"ListItem\",\"position\":2,\"name\":\"Toiminta\",\"item\":\"https:\/\/meripelastus.fi\/pielinen\/toiminta\/\"},{\"@type\":\"ListItem\",\"position\":3,\"name\":\"Alukset\"}]},{\"@type\":\"WebSite\",\"@id\":\"https:\/\/meripelastus.fi\/pielinen\/#website\",\"url\":\"https:\/\/meripelastus.fi\/pielinen\/\",\"name\":\"Pielisen J\u00e4rvipelastajat\",\"description\":\"Vapaaehtoiset apunasi vesill\u00e4\",\"potentialAction\":[{\"@type\":\"SearchAction\",\"target\":{\"@type\":\"EntryPoint\",\"urlTemplate\":\"https:\/\/meripelastus.fi\/pielinen\/?s={search_term_string}\"},\"query-input\":{\"@type\":\"PropertyValueSpecification\",\"valueRequired\":true,\"valueName\":\"search_term_string\"}}],\"inLanguage\":\"fi\"}]}<\/script>\n<!-- \/ Yoast SEO Premium plugin. -->","yoast_head_json":{"title":"Alukset - Pielisen J\u00e4rvipelastajat","robots":{"index":"index","follow":"follow","max-snippet":"max-snippet:-1","max-image-preview":"max-image-preview:large","max-video-preview":"max-video-preview:-1"},"canonical":"https:\/\/meripelastus.fi\/pielinen\/toiminta\/alukset\/","og_locale":"fi_FI","og_type":"article","og_title":"Alukset","og_url":"https:\/\/meripelastus.fi\/pielinen\/toiminta\/alukset\/","og_site_name":"Pielisen J\u00e4rvipelastajat","article_modified_time":"2024-04-15T16:14:42+00:00","og_image":[{"width":1920,"height":515,"url":"https:\/\/meripelastus.fi\/pielinen\/wp-content\/uploads\/sites\/41\/2024\/03\/pielisenjp-alukset-alasivu.jpg","type":"image\/jpeg"}],"twitter_card":"summary_large_image","twitter_misc":{"Arvioitu lukuaika":"2 minuuttia"},"schema":{"@context":"https:\/\/schema.org","@graph":[{"@type":"WebPage","@id":"https:\/\/meripelastus.fi\/pielinen\/toiminta\/alukset\/","url":"https:\/\/meripelastus.fi\/pielinen\/toiminta\/alukset\/","name":"Alukset - Pielisen J\u00e4rvipelastajat","isPartOf":{"@id":"https:\/\/meripelastus.fi\/pielinen\/#website"},"primaryImageOfPage":{"@id":"https:\/\/meripelastus.fi\/pielinen\/toiminta\/alukset\/#primaryimage"},"image":{"@id":"https:\/\/meripelastus.fi\/pielinen\/toiminta\/alukset\/#primaryimage"},"thumbnailUrl":"https:\/\/meripelastus.fi\/pielinen\/wp-content\/uploads\/sites\/41\/2024\/03\/pielisenjp-alukset-alasivu.jpg","datePublished":"2024-03-26T07:51:01+00:00","dateModified":"2024-04-15T16:14:42+00:00","breadcrumb":{"@id":"https:\/\/meripelastus.fi\/pielinen\/toiminta\/alukset\/#breadcrumb"},"inLanguage":"fi","potentialAction":[{"@type":"ReadAction","target":["https:\/\/meripelastus.fi\/pielinen\/toiminta\/alukset\/"]}]},{"@type":"ImageObject","inLanguage":"fi","@id":"https:\/\/meripelastus.fi\/pielinen\/toiminta\/alukset\/#primaryimage","url":"https:\/\/meripelastus.fi\/pielinen\/wp-content\/uploads\/sites\/41\/2024\/03\/pielisenjp-alukset-alasivu.jpg","contentUrl":"https:\/\/meripelastus.fi\/pielinen\/wp-content\/uploads\/sites\/41\/2024\/03\/pielisenjp-alukset-alasivu.jpg","width":1920,"height":515,"caption":"Alukset"},{"@type":"BreadcrumbList","@id":"https:\/\/meripelastus.fi\/pielinen\/toiminta\/alukset\/#breadcrumb","itemListElement":[{"@type":"ListItem","position":1,"name":"Etusivu","item":"https:\/\/meripelastus.fi\/pielinen\/"},{"@type":"ListItem","position":2,"name":"Toiminta","item":"https:\/\/meripelastus.fi\/pielinen\/toiminta\/"},{"@type":"ListItem","position":3,"name":"Alukset"}]},{"@type":"WebSite","@id":"https:\/\/meripelastus.fi\/pielinen\/#website","url":"https:\/\/meripelastus.fi\/pielinen\/","name":"Pielisen J\u00e4rvipelastajat","description":"Vapaaehtoiset apunasi vesill\u00e4","potentialAction":[{"@type":"SearchAction","target":{"@type":"EntryPoint","urlTemplate":"https:\/\/meripelastus.fi\/pielinen\/?s={search_term_string}"},"query-input":{"@type":"PropertyValueSpecification","valueRequired":true,"valueName":"search_term_string"}}],"inLanguage":"fi"}]}},"_links":{"self":[{"href":"https:\/\/meripelastus.fi\/pielinen\/wp-json\/wp\/v2\/pages\/50","targetHints":{"allow":["GET"]}}],"collection":[{"href":"https:\/\/meripelastus.fi\/pielinen\/wp-json\/wp\/v2\/pages"}],"about":[{"href":"https:\/\/meripelastus.fi\/pielinen\/wp-json\/wp\/v2\/types\/page"}],"author":[{"embeddable":true,"href":"https:\/\/meripelastus.fi\/pielinen\/wp-json\/wp\/v2\/users\/1"}],"replies":[{"embeddable":true,"href":"https:\/\/meripelastus.fi\/pielinen\/wp-json\/wp\/v2\/comments?post=50"}],"version-history":[{"count":8,"href":"https:\/\/meripelastus.fi\/pielinen\/wp-json\/wp\/v2\/pages\/50\/revisions"}],"predecessor-version":[{"id":230,"href":"https:\/\/meripelastus.fi\/pielinen\/wp-json\/wp\/v2\/pages\/50\/revisions\/230"}],"up":[{"embeddable":true,"href":"https:\/\/meripelastus.fi\/pielinen\/wp-json\/wp\/v2\/pages\/44"}],"wp:featuredmedia":[{"embeddable":true,"href":"https:\/\/meripelastus.fi\/pielinen\/wp-json\/wp\/v2\/media\/105"}],"wp:attachment":[{"href":"https:\/\/meripelastus.fi\/pielinen\/wp-json\/wp\/v2\/media?parent=50"}],"curies":[{"name":"wp","href":"https:\/\/api.w.org\/{rel}","templated":true}]}}