{"id":233,"date":"2024-04-15T21:26:00","date_gmt":"2024-04-15T18:26:00","guid":{"rendered":"https:\/\/meripelastus.fi\/pielinen-vedos\/?page_id=233"},"modified":"2025-12-26T05:36:14","modified_gmt":"2025-12-26T03:36:14","slug":"tue-toimintaamme","status":"publish","type":"page","link":"https:\/\/meripelastus.fi\/pielinen\/tue-toimintaa\/tue-toimintaamme\/","title":{"rendered":"Tue toimintaamme"},"content":{"rendered":"\n<p>Voit tukea toimintaamme liittym\u00e4ll\u00e4 yhdistyksemme j\u00e4seneksi tai kannatusj\u00e4seneksi. Hankkimalla veneellesi Meripelastusseuran j\u00e4senpalvelun, olet samalla mukana tukemassa toimintaamme, voit lukea j\u00e4senpalvelusta lis\u00e4\u00e4 <a href=\"https:\/\/meripelastus.fi\/trossi\/\" target=\"_blank\" rel=\"noreferrer noopener\">t\u00e4\u00e4lt\u00e4<\/a>. Kannatusj\u00e4seneksi voit liitty\u00e4 ottamalla yhteytt\u00e4 pielinen(at)messi.meripelastus.fi. Kannatusj\u00e4senmaksumme on 300 \u20ac. <\/p>\n\n\n\n<div class=\"wp-block-buttons is-layout-flex wp-block-buttons-is-layout-flex\">\n<div class=\"wp-block-button\"><a class=\"wp-block-button__link wp-element-button\" href=\"https:\/\/meripelastus.fi\/jasenyys\/liittymislomakkeet\/\" target=\"_blank\" rel=\"noreferrer noopener\">Liity j\u00e4seneksi<\/a><\/div>\n<\/div>\n\n\n\n<p>Kiitos, ett\u00e4 haluat olla mukana tukemassa vapaaehtoista j\u00e4rvipelastusta Pielisell\u00e4!<\/p>\n\n\n\n<figure class=\"wp-block-image size-large is-resized\"><img loading=\"lazy\" decoding=\"async\" width=\"2560\" height=\"1441\" src=\"https:\/\/meripelastus.fi\/pielinen\/wp-content\/uploads\/sites\/41\/2025\/02\/Sara-sumussa-Hirviniemi-2-edited-scaled.jpg\" alt=\"\" class=\"wp-image-448\" style=\"width:490px;height:auto\" srcset=\"https:\/\/meripelastus.fi\/pielinen\/wp-content\/uploads\/sites\/41\/2025\/02\/Sara-sumussa-Hirviniemi-2-edited-scaled.jpg 2560w, https:\/\/meripelastus.fi\/pielinen\/wp-content\/uploads\/sites\/41\/2025\/02\/Sara-sumussa-Hirviniemi-2-edited-300x169.jpg 300w, https:\/\/meripelastus.fi\/pielinen\/wp-content\/uploads\/sites\/41\/2025\/02\/Sara-sumussa-Hirviniemi-2-edited-1024x576.jpg 1024w, https:\/\/meripelastus.fi\/pielinen\/wp-content\/uploads\/sites\/41\/2025\/02\/Sara-sumussa-Hirviniemi-2-edited-768x432.jpg 768w, https:\/\/meripelastus.fi\/pielinen\/wp-content\/uploads\/sites\/41\/2025\/02\/Sara-sumussa-Hirviniemi-2-edited-1536x864.jpg 1536w, https:\/\/meripelastus.fi\/pielinen\/wp-content\/uploads\/sites\/41\/2025\/02\/Sara-sumussa-Hirviniemi-2-edited-2048x1153.jpg 2048w\" sizes=\"auto, (max-width: 2560px) 100vw, 2560px\" \/><\/figure>\n\n\n\t\n   <div class=\"compass-wrapper\"><img loading=\"lazy\" decoding=\"async\" src=\"https:\/\/meripelastus.fi\/pielinen\/wp-content\/themes\/jarjestot\/img\/smps-kompassi-sininen.png\" width=\"1083\" height=\"110\" class=\"kompassi-block\" aria-hidden=\"true\"\/><\/div>\n\n\n<h2 class=\"wp-block-heading\" id=\"h-toimintaamme-tukemassa\">Toimintaamme tukemassa <\/h2>\n\n\n\n<div class=\"wp-block-columns is-layout-flex wp-container-core-columns-is-layout-9d6595d7 wp-block-columns-is-layout-flex\">\n<div class=\"wp-block-column is-layout-flow wp-block-column-is-layout-flow\"><\/div>\n\n\n\n<div class=\"wp-block-column is-layout-flow wp-block-column-is-layout-flow\"><\/div>\n\n\n\n<div class=\"wp-block-column is-layout-flow wp-block-column-is-layout-flow\"><\/div>\n<\/div>\n\n\n<div class=\"wp-block-image\">\n<figure class=\"aligncenter size-full\"><img loading=\"lazy\" decoding=\"async\" width=\"679\" height=\"115\" src=\"https:\/\/meripelastus.fi\/pielinen\/wp-content\/uploads\/sites\/41\/2025\/03\/ak_heikura_vaaka.jpg\" alt=\"\" class=\"wp-image-460\" srcset=\"https:\/\/meripelastus.fi\/pielinen\/wp-content\/uploads\/sites\/41\/2025\/03\/ak_heikura_vaaka.jpg 679w, https:\/\/meripelastus.fi\/pielinen\/wp-content\/uploads\/sites\/41\/2025\/03\/ak_heikura_vaaka-300x51.jpg 300w\" sizes=\"auto, (max-width: 679px) 100vw, 679px\" \/><\/figure>\n<\/div>\n\n<div class=\"wp-block-image\">\n<figure class=\"aligncenter size-large is-resized\"><img loading=\"lazy\" decoding=\"async\" width=\"1024\" height=\"576\" src=\"https:\/\/meripelastus.fi\/pielinen\/wp-content\/uploads\/sites\/41\/2025\/03\/PKO-logo-vaaka-1920x1080-1-1024x576.jpg\" alt=\"\" class=\"wp-image-452\" style=\"width:640px;height:auto\" srcset=\"https:\/\/meripelastus.fi\/pielinen\/wp-content\/uploads\/sites\/41\/2025\/03\/PKO-logo-vaaka-1920x1080-1-1024x576.jpg 1024w, https:\/\/meripelastus.fi\/pielinen\/wp-content\/uploads\/sites\/41\/2025\/03\/PKO-logo-vaaka-1920x1080-1-300x169.jpg 300w, https:\/\/meripelastus.fi\/pielinen\/wp-content\/uploads\/sites\/41\/2025\/03\/PKO-logo-vaaka-1920x1080-1-768x432.jpg 768w, https:\/\/meripelastus.fi\/pielinen\/wp-content\/uploads\/sites\/41\/2025\/03\/PKO-logo-vaaka-1920x1080-1-1536x864.jpg 1536w, https:\/\/meripelastus.fi\/pielinen\/wp-content\/uploads\/sites\/41\/2025\/03\/PKO-logo-vaaka-1920x1080-1.jpg 1920w\" sizes=\"auto, (max-width: 1024px) 100vw, 1024px\" \/><\/figure>\n<\/div>\n\n\n<div class=\"wp-block-columns is-layout-flex wp-container-core-columns-is-layout-9d6595d7 wp-block-columns-is-layout-flex\">\n<div class=\"wp-block-column is-layout-flow wp-block-column-is-layout-flow\" style=\"flex-basis:25%\"><\/div>\n\n\n\n<div class=\"wp-block-column is-layout-flow wp-block-column-is-layout-flow\" style=\"flex-basis:50%\"><div class=\"wp-block-image\">\n<figure class=\"aligncenter size-full is-resized\"><img loading=\"lazy\" decoding=\"async\" width=\"489\" height=\"111\" src=\"https:\/\/meripelastus.fi\/pielinen\/wp-content\/uploads\/sites\/41\/2025\/02\/evg_logo.jpg\" alt=\"\" class=\"wp-image-445\" style=\"width:569px;height:auto\" srcset=\"https:\/\/meripelastus.fi\/pielinen\/wp-content\/uploads\/sites\/41\/2025\/02\/evg_logo.jpg 489w, https:\/\/meripelastus.fi\/pielinen\/wp-content\/uploads\/sites\/41\/2025\/02\/evg_logo-300x68.jpg 300w\" sizes=\"auto, (max-width: 489px) 100vw, 489px\" \/><\/figure>\n<\/div><\/div>\n\n\n\n<div class=\"wp-block-column is-layout-flow wp-block-column-is-layout-flow\" style=\"flex-basis:25%\"><\/div>\n<\/div>\n\n\n\n<div class=\"wp-block-columns is-layout-flex wp-container-core-columns-is-layout-9d6595d7 wp-block-columns-is-layout-flex\">\n<div class=\"wp-block-column is-layout-flow wp-block-column-is-layout-flow\"><\/div>\n\n\n\n<div class=\"wp-block-column is-layout-flow wp-block-column-is-layout-flow\"><\/div>\n\n\n\n<div class=\"wp-block-column is-layout-flow wp-block-column-is-layout-flow\"><\/div>\n<\/div>\n\n\n<div class=\"wp-block-image\">\n<figure class=\"aligncenter size-full is-resized\"><img loading=\"lazy\" decoding=\"async\" width=\"480\" height=\"137\" src=\"https:\/\/meripelastus.fi\/pielinen\/wp-content\/uploads\/sites\/41\/2025\/05\/JAkone-logo.jpg\" alt=\"\" class=\"wp-image-481\" style=\"width:554px;height:auto\" srcset=\"https:\/\/meripelastus.fi\/pielinen\/wp-content\/uploads\/sites\/41\/2025\/05\/JAkone-logo.jpg 480w, https:\/\/meripelastus.fi\/pielinen\/wp-content\/uploads\/sites\/41\/2025\/05\/JAkone-logo-300x86.jpg 300w\" sizes=\"auto, (max-width: 480px) 100vw, 480px\" \/><\/figure>\n<\/div>\n\n\n<p><\/p>\n\n\n\n<div class=\"wp-block-columns is-layout-flex wp-container-core-columns-is-layout-9d6595d7 wp-block-columns-is-layout-flex\">\n<div class=\"wp-block-column is-layout-flow wp-block-column-is-layout-flow\"><\/div>\n\n\n\n<div class=\"wp-block-column is-layout-flow wp-block-column-is-layout-flow\"><\/div>\n\n\n\n<div class=\"wp-block-column is-layout-flow wp-block-column-is-layout-flow\"><\/div>\n<\/div>\n\n\n<div class=\"wp-block-image\">\n<figure class=\"aligncenter size-large is-resized\"><img loading=\"lazy\" decoding=\"async\" width=\"1024\" height=\"267\" src=\"https:\/\/meripelastus.fi\/pielinen\/wp-content\/uploads\/sites\/41\/2025\/05\/ABLOY-1024x267.jpg\" alt=\"\" class=\"wp-image-483\" style=\"width:648px;height:auto\" srcset=\"https:\/\/meripelastus.fi\/pielinen\/wp-content\/uploads\/sites\/41\/2025\/05\/ABLOY-1024x267.jpg 1024w, https:\/\/meripelastus.fi\/pielinen\/wp-content\/uploads\/sites\/41\/2025\/05\/ABLOY-300x78.jpg 300w, https:\/\/meripelastus.fi\/pielinen\/wp-content\/uploads\/sites\/41\/2025\/05\/ABLOY-768x200.jpg 768w, https:\/\/meripelastus.fi\/pielinen\/wp-content\/uploads\/sites\/41\/2025\/05\/ABLOY.jpg 1504w\" sizes=\"auto, (max-width: 1024px) 100vw, 1024px\" \/><\/figure>\n<\/div>\n\n\n<p><br><\/p>\n\n\n<div class=\"wp-block-image\">\n<figure class=\"aligncenter size-large\"><img loading=\"lazy\" decoding=\"async\" width=\"1024\" height=\"193\" src=\"https:\/\/meripelastus.fi\/pielinen\/wp-content\/uploads\/sites\/41\/2025\/06\/OP_Pohjois-Karjala_RGB_harmaa_vasen-1024x193.jpg\" alt=\"\" class=\"wp-image-545\" srcset=\"https:\/\/meripelastus.fi\/pielinen\/wp-content\/uploads\/sites\/41\/2025\/06\/OP_Pohjois-Karjala_RGB_harmaa_vasen-1024x193.jpg 1024w, https:\/\/meripelastus.fi\/pielinen\/wp-content\/uploads\/sites\/41\/2025\/06\/OP_Pohjois-Karjala_RGB_harmaa_vasen-300x56.jpg 300w, https:\/\/meripelastus.fi\/pielinen\/wp-content\/uploads\/sites\/41\/2025\/06\/OP_Pohjois-Karjala_RGB_harmaa_vasen-768x144.jpg 768w, https:\/\/meripelastus.fi\/pielinen\/wp-content\/uploads\/sites\/41\/2025\/06\/OP_Pohjois-Karjala_RGB_harmaa_vasen-1536x289.jpg 1536w, https:\/\/meripelastus.fi\/pielinen\/wp-content\/uploads\/sites\/41\/2025\/06\/OP_Pohjois-Karjala_RGB_harmaa_vasen.jpg 1600w\" sizes=\"auto, (max-width: 1024px) 100vw, 1024px\" \/><\/figure>\n<\/div>\n\n\n<p><\/p>\n\n\n<div class=\"wp-block-image\">\n<figure class=\"aligncenter size-large is-resized\"><img loading=\"lazy\" decoding=\"async\" width=\"1024\" height=\"384\" src=\"https:\/\/meripelastus.fi\/pielinen\/wp-content\/uploads\/sites\/41\/2025\/06\/Sammutinhuolto-logo-1024x384.jpg\" alt=\"\" class=\"wp-image-547\" style=\"width:591px;height:auto\" srcset=\"https:\/\/meripelastus.fi\/pielinen\/wp-content\/uploads\/sites\/41\/2025\/06\/Sammutinhuolto-logo-1024x384.jpg 1024w, https:\/\/meripelastus.fi\/pielinen\/wp-content\/uploads\/sites\/41\/2025\/06\/Sammutinhuolto-logo-300x112.jpg 300w, https:\/\/meripelastus.fi\/pielinen\/wp-content\/uploads\/sites\/41\/2025\/06\/Sammutinhuolto-logo-768x288.jpg 768w, https:\/\/meripelastus.fi\/pielinen\/wp-content\/uploads\/sites\/41\/2025\/06\/Sammutinhuolto-logo-1536x576.jpg 1536w, https:\/\/meripelastus.fi\/pielinen\/wp-content\/uploads\/sites\/41\/2025\/06\/Sammutinhuolto-logo-2048x768.jpg 2048w\" sizes=\"auto, (max-width: 1024px) 100vw, 1024px\" \/><\/figure>\n<\/div>\n\n\n<p><\/p>\n","protected":false},"excerpt":{"rendered":"<p>Voit tukea toimintaamme liittym\u00e4ll\u00e4 yhdistyksemme j\u00e4seneksi tai kannatusj\u00e4seneksi. Hankkimalla veneellesi Meripelastusseuran j\u00e4senpalvelun, olet samalla mukana tukemassa toimintaamme, voit lukea j\u00e4senpalvelusta lis\u00e4\u00e4 t\u00e4\u00e4lt\u00e4. Kannatusj\u00e4seneksi voit liitty\u00e4 ottamalla yhteytt\u00e4 pielinen(at)messi.meripelastus.fi. Kannatusj\u00e4senmaksumme on 300 \u20ac. Kiitos, ett\u00e4 haluat olla mukana tukemassa vapaaehtoista j\u00e4rvipelastusta Pielisell\u00e4! Toimintaamme tukemassa<\/p>\n","protected":false},"author":116,"featured_media":0,"parent":56,"menu_order":0,"comment_status":"closed","ping_status":"closed","template":"","meta":{"_acf_changed":false,"inline_featured_image":false,"footnotes":""},"class_list":["post-233","page","type-page","status-publish","hentry"],"acf":[],"yoast_head":"<!-- This site is optimized with the Yoast SEO Premium plugin v27.2 (Yoast SEO v27.2) - https:\/\/yoast.com\/product\/yoast-seo-premium-wordpress\/ -->\n<title>Tue toimintaamme - Pielisen J\u00e4rvipelastajat<\/title>\n<meta name=\"description\" content=\"Auta meit\u00e4 auttamaan. Kannatusj\u00e4senyys on yksi tapa tukea toimintaamme.\" \/>\n<meta name=\"robots\" content=\"index, follow, max-snippet:-1, max-image-preview:large, max-video-preview:-1\" \/>\n<link rel=\"canonical\" href=\"https:\/\/meripelastus.fi\/pielinen\/tue-toimintaa\/tue-toimintaamme\/\" \/>\n<meta property=\"og:locale\" content=\"fi_FI\" \/>\n<meta property=\"og:type\" content=\"article\" \/>\n<meta property=\"og:title\" content=\"Tue toimintaamme\" \/>\n<meta property=\"og:description\" content=\"Auta meit\u00e4 auttamaan. Kannatusj\u00e4senyys on yksi tapa tukea toimintaamme.\" \/>\n<meta property=\"og:url\" content=\"https:\/\/meripelastus.fi\/pielinen\/tue-toimintaa\/tue-toimintaamme\/\" \/>\n<meta property=\"og:site_name\" content=\"Pielisen J\u00e4rvipelastajat\" \/>\n<meta property=\"article:modified_time\" content=\"2025-12-26T03:36:14+00:00\" \/>\n<meta property=\"og:image\" content=\"https:\/\/meripelastus.fi\/pielinen\/wp-content\/uploads\/sites\/41\/2025\/02\/Sara-sumussa-Hirviniemi-2-edited-scaled.jpg\" \/>\n\t<meta property=\"og:image:width\" content=\"2560\" \/>\n\t<meta property=\"og:image:height\" content=\"1441\" \/>\n\t<meta property=\"og:image:type\" content=\"image\/jpeg\" \/>\n<meta name=\"twitter:card\" content=\"summary_large_image\" \/>\n<meta name=\"twitter:label1\" content=\"Arvioitu lukuaika\" \/>\n\t<meta name=\"twitter:data1\" content=\"2 minuuttia\" \/>\n<script type=\"application\/ld+json\" class=\"yoast-schema-graph\">{\"@context\":\"https:\/\/schema.org\",\"@graph\":[{\"@type\":\"WebPage\",\"@id\":\"https:\/\/meripelastus.fi\/pielinen\/tue-toimintaa\/tue-toimintaamme\/\",\"url\":\"https:\/\/meripelastus.fi\/pielinen\/tue-toimintaa\/tue-toimintaamme\/\",\"name\":\"Tue toimintaamme - Pielisen J\u00e4rvipelastajat\",\"isPartOf\":{\"@id\":\"https:\/\/meripelastus.fi\/pielinen\/#website\"},\"primaryImageOfPage\":{\"@id\":\"https:\/\/meripelastus.fi\/pielinen\/tue-toimintaa\/tue-toimintaamme\/#primaryimage\"},\"image\":{\"@id\":\"https:\/\/meripelastus.fi\/pielinen\/tue-toimintaa\/tue-toimintaamme\/#primaryimage\"},\"thumbnailUrl\":\"https:\/\/meripelastus.fi\/pielinen\/wp-content\/uploads\/sites\/41\/2025\/02\/Sara-sumussa-Hirviniemi-2-edited-scaled.jpg\",\"datePublished\":\"2024-04-15T18:26:00+00:00\",\"dateModified\":\"2025-12-26T03:36:14+00:00\",\"description\":\"Auta meit\u00e4 auttamaan. Kannatusj\u00e4senyys on yksi tapa tukea toimintaamme.\",\"breadcrumb\":{\"@id\":\"https:\/\/meripelastus.fi\/pielinen\/tue-toimintaa\/tue-toimintaamme\/#breadcrumb\"},\"inLanguage\":\"fi\",\"potentialAction\":[{\"@type\":\"ReadAction\",\"target\":[\"https:\/\/meripelastus.fi\/pielinen\/tue-toimintaa\/tue-toimintaamme\/\"]}]},{\"@type\":\"ImageObject\",\"inLanguage\":\"fi\",\"@id\":\"https:\/\/meripelastus.fi\/pielinen\/tue-toimintaa\/tue-toimintaamme\/#primaryimage\",\"url\":\"https:\/\/meripelastus.fi\/pielinen\/wp-content\/uploads\/sites\/41\/2025\/02\/Sara-sumussa-Hirviniemi-2-edited-scaled.jpg\",\"contentUrl\":\"https:\/\/meripelastus.fi\/pielinen\/wp-content\/uploads\/sites\/41\/2025\/02\/Sara-sumussa-Hirviniemi-2-edited-scaled.jpg\",\"width\":2560,\"height\":1441},{\"@type\":\"BreadcrumbList\",\"@id\":\"https:\/\/meripelastus.fi\/pielinen\/tue-toimintaa\/tue-toimintaamme\/#breadcrumb\",\"itemListElement\":[{\"@type\":\"ListItem\",\"position\":1,\"name\":\"Etusivu\",\"item\":\"https:\/\/meripelastus.fi\/pielinen\/\"},{\"@type\":\"ListItem\",\"position\":2,\"name\":\"Tue toimintaa\",\"item\":\"https:\/\/meripelastus.fi\/pielinen\/tue-toimintaa\/\"},{\"@type\":\"ListItem\",\"position\":3,\"name\":\"Tue toimintaamme\"}]},{\"@type\":\"WebSite\",\"@id\":\"https:\/\/meripelastus.fi\/pielinen\/#website\",\"url\":\"https:\/\/meripelastus.fi\/pielinen\/\",\"name\":\"Pielisen J\u00e4rvipelastajat\",\"description\":\"Vapaaehtoiset apunasi vesill\u00e4\",\"potentialAction\":[{\"@type\":\"SearchAction\",\"target\":{\"@type\":\"EntryPoint\",\"urlTemplate\":\"https:\/\/meripelastus.fi\/pielinen\/?s={search_term_string}\"},\"query-input\":{\"@type\":\"PropertyValueSpecification\",\"valueRequired\":true,\"valueName\":\"search_term_string\"}}],\"inLanguage\":\"fi\"}]}<\/script>\n<!-- \/ Yoast SEO Premium plugin. -->","yoast_head_json":{"title":"Tue toimintaamme - Pielisen J\u00e4rvipelastajat","description":"Auta meit\u00e4 auttamaan. Kannatusj\u00e4senyys on yksi tapa tukea toimintaamme.","robots":{"index":"index","follow":"follow","max-snippet":"max-snippet:-1","max-image-preview":"max-image-preview:large","max-video-preview":"max-video-preview:-1"},"canonical":"https:\/\/meripelastus.fi\/pielinen\/tue-toimintaa\/tue-toimintaamme\/","og_locale":"fi_FI","og_type":"article","og_title":"Tue toimintaamme","og_description":"Auta meit\u00e4 auttamaan. Kannatusj\u00e4senyys on yksi tapa tukea toimintaamme.","og_url":"https:\/\/meripelastus.fi\/pielinen\/tue-toimintaa\/tue-toimintaamme\/","og_site_name":"Pielisen J\u00e4rvipelastajat","article_modified_time":"2025-12-26T03:36:14+00:00","og_image":[{"width":2560,"height":1441,"url":"https:\/\/meripelastus.fi\/pielinen\/wp-content\/uploads\/sites\/41\/2025\/02\/Sara-sumussa-Hirviniemi-2-edited-scaled.jpg","type":"image\/jpeg"}],"twitter_card":"summary_large_image","twitter_misc":{"Arvioitu lukuaika":"2 minuuttia"},"schema":{"@context":"https:\/\/schema.org","@graph":[{"@type":"WebPage","@id":"https:\/\/meripelastus.fi\/pielinen\/tue-toimintaa\/tue-toimintaamme\/","url":"https:\/\/meripelastus.fi\/pielinen\/tue-toimintaa\/tue-toimintaamme\/","name":"Tue toimintaamme - Pielisen J\u00e4rvipelastajat","isPartOf":{"@id":"https:\/\/meripelastus.fi\/pielinen\/#website"},"primaryImageOfPage":{"@id":"https:\/\/meripelastus.fi\/pielinen\/tue-toimintaa\/tue-toimintaamme\/#primaryimage"},"image":{"@id":"https:\/\/meripelastus.fi\/pielinen\/tue-toimintaa\/tue-toimintaamme\/#primaryimage"},"thumbnailUrl":"https:\/\/meripelastus.fi\/pielinen\/wp-content\/uploads\/sites\/41\/2025\/02\/Sara-sumussa-Hirviniemi-2-edited-scaled.jpg","datePublished":"2024-04-15T18:26:00+00:00","dateModified":"2025-12-26T03:36:14+00:00","description":"Auta meit\u00e4 auttamaan. Kannatusj\u00e4senyys on yksi tapa tukea toimintaamme.","breadcrumb":{"@id":"https:\/\/meripelastus.fi\/pielinen\/tue-toimintaa\/tue-toimintaamme\/#breadcrumb"},"inLanguage":"fi","potentialAction":[{"@type":"ReadAction","target":["https:\/\/meripelastus.fi\/pielinen\/tue-toimintaa\/tue-toimintaamme\/"]}]},{"@type":"ImageObject","inLanguage":"fi","@id":"https:\/\/meripelastus.fi\/pielinen\/tue-toimintaa\/tue-toimintaamme\/#primaryimage","url":"https:\/\/meripelastus.fi\/pielinen\/wp-content\/uploads\/sites\/41\/2025\/02\/Sara-sumussa-Hirviniemi-2-edited-scaled.jpg","contentUrl":"https:\/\/meripelastus.fi\/pielinen\/wp-content\/uploads\/sites\/41\/2025\/02\/Sara-sumussa-Hirviniemi-2-edited-scaled.jpg","width":2560,"height":1441},{"@type":"BreadcrumbList","@id":"https:\/\/meripelastus.fi\/pielinen\/tue-toimintaa\/tue-toimintaamme\/#breadcrumb","itemListElement":[{"@type":"ListItem","position":1,"name":"Etusivu","item":"https:\/\/meripelastus.fi\/pielinen\/"},{"@type":"ListItem","position":2,"name":"Tue toimintaa","item":"https:\/\/meripelastus.fi\/pielinen\/tue-toimintaa\/"},{"@type":"ListItem","position":3,"name":"Tue toimintaamme"}]},{"@type":"WebSite","@id":"https:\/\/meripelastus.fi\/pielinen\/#website","url":"https:\/\/meripelastus.fi\/pielinen\/","name":"Pielisen J\u00e4rvipelastajat","description":"Vapaaehtoiset apunasi vesill\u00e4","potentialAction":[{"@type":"SearchAction","target":{"@type":"EntryPoint","urlTemplate":"https:\/\/meripelastus.fi\/pielinen\/?s={search_term_string}"},"query-input":{"@type":"PropertyValueSpecification","valueRequired":true,"valueName":"search_term_string"}}],"inLanguage":"fi"}]}},"_links":{"self":[{"href":"https:\/\/meripelastus.fi\/pielinen\/wp-json\/wp\/v2\/pages\/233","targetHints":{"allow":["GET"]}}],"collection":[{"href":"https:\/\/meripelastus.fi\/pielinen\/wp-json\/wp\/v2\/pages"}],"about":[{"href":"https:\/\/meripelastus.fi\/pielinen\/wp-json\/wp\/v2\/types\/page"}],"author":[{"embeddable":true,"href":"https:\/\/meripelastus.fi\/pielinen\/wp-json\/wp\/v2\/users\/116"}],"replies":[{"embeddable":true,"href":"https:\/\/meripelastus.fi\/pielinen\/wp-json\/wp\/v2\/comments?post=233"}],"version-history":[{"count":16,"href":"https:\/\/meripelastus.fi\/pielinen\/wp-json\/wp\/v2\/pages\/233\/revisions"}],"predecessor-version":[{"id":703,"href":"https:\/\/meripelastus.fi\/pielinen\/wp-json\/wp\/v2\/pages\/233\/revisions\/703"}],"up":[{"embeddable":true,"href":"https:\/\/meripelastus.fi\/pielinen\/wp-json\/wp\/v2\/pages\/56"}],"wp:attachment":[{"href":"https:\/\/meripelastus.fi\/pielinen\/wp-json\/wp\/v2\/media?parent=233"}],"curies":[{"name":"wp","href":"https:\/\/api.w.org\/{rel}","templated":true}]}}