{"id":223,"date":"2018-08-20T12:39:34","date_gmt":"2018-08-20T09:39:34","guid":{"rendered":"https:\/\/meripelastus.fi\/parainen-vedos\/?page_id=223"},"modified":"2024-06-18T00:46:20","modified_gmt":"2024-06-17T21:46:20","slug":"meripelastusasema","status":"publish","type":"page","link":"https:\/\/meripelastus.fi\/parainen\/meripelastusasema\/","title":{"rendered":"Asema &#8211; Stationen"},"content":{"rendered":"<p>Paraisten Meripelastajien tukikohta siirtyi Skr\u00e4bb\u00f6lest\u00e4 toukokuusta 2021 alkaen Lillm\u00e4l\u00f6n luotsiasemalle N60\u00b0 14,311&#8242; E22\u00b0 8,887&#8242; Tukikohta on tarkoitettu vain meripelastus- ja luotsitoimintaan eik\u00e4 sit\u00e4 vuokrata ulkopuolisille.<\/p>\n<p>Sj\u00f6r\u00e4ddningstationen flyttas fr\u00e5n Skr\u00e4bb\u00f6le i b\u00f6rjan av maj 2021 till lotsstationen i Lillm\u00e4l\u00f6 N60\u00b0 14,311&#8242; E22\u00b0 8,887&#8242; Stationen \u00e4r avsedd endast till sj\u00f6r\u00e4ddnings- och lotsverksamheten, s\u00e5 den hyrs inte ut till privattillst\u00e4llningar.<\/p>\n","protected":false},"excerpt":{"rendered":"<p>Paraisten Meripelastajien tukikohta siirtyi Skr\u00e4bb\u00f6lest\u00e4 toukokuusta 2021 alkaen Lillm\u00e4l\u00f6n luotsiasemalle N60\u00b0 14,311&#8242; E22\u00b0 8,887&#8242; Tukikohta on tarkoitettu vain meripelastus- ja luotsitoimintaan eik\u00e4 sit\u00e4 vuokrata ulkopuolisille. Sj\u00f6r\u00e4ddningstationen flyttas fr\u00e5n Skr\u00e4bb\u00f6le i b\u00f6rjan av maj 2021 till lotsstationen i Lillm\u00e4l\u00f6 N60\u00b0 14,311&#8242; E22\u00b0 8,887&#8242; Stationen \u00e4r avsedd endast till sj\u00f6r\u00e4ddnings- och lotsverksamheten, s\u00e5 den hyrs inte ut [&hellip;]<\/p>\n","protected":false},"author":26,"featured_media":428,"parent":0,"menu_order":0,"comment_status":"closed","ping_status":"closed","template":"","meta":{"_acf_changed":false,"inline_featured_image":false,"footnotes":""},"class_list":["post-223","page","type-page","status-publish","has-post-thumbnail","hentry"],"acf":[],"yoast_head":"<!-- This site is optimized with the Yoast SEO Premium plugin v27.4 (Yoast SEO v27.4) - https:\/\/yoast.com\/product\/yoast-seo-premium-wordpress\/ -->\n<title>Asema - Stationen - Paraisten Meripelastajat<\/title>\n<meta name=\"robots\" content=\"index, follow, max-snippet:-1, max-image-preview:large, max-video-preview:-1\" \/>\n<link rel=\"canonical\" href=\"https:\/\/meripelastus.fi\/parainen\/meripelastusasema\/\" \/>\n<meta property=\"og:locale\" content=\"fi_FI\" \/>\n<meta property=\"og:type\" content=\"article\" \/>\n<meta property=\"og:title\" content=\"Asema - Stationen\" \/>\n<meta property=\"og:description\" content=\"Paraisten Meripelastajien tukikohta siirtyi Skr\u00e4bb\u00f6lest\u00e4 toukokuusta 2021 alkaen Lillm\u00e4l\u00f6n luotsiasemalle N60\u00b0 14,311&#8242; E22\u00b0 8,887&#8242; Tukikohta on tarkoitettu vain meripelastus- ja luotsitoimintaan eik\u00e4 sit\u00e4 vuokrata ulkopuolisille. Sj\u00f6r\u00e4ddningstationen flyttas fr\u00e5n Skr\u00e4bb\u00f6le i b\u00f6rjan av maj 2021 till lotsstationen i Lillm\u00e4l\u00f6 N60\u00b0 14,311&#8242; E22\u00b0 8,887&#8242; Stationen \u00e4r avsedd endast till sj\u00f6r\u00e4ddnings- och lotsverksamheten, s\u00e5 den hyrs inte ut [&hellip;]\" \/>\n<meta property=\"og:url\" content=\"https:\/\/meripelastus.fi\/parainen\/meripelastusasema\/\" \/>\n<meta property=\"og:site_name\" content=\"Paraisten Meripelastajat\" \/>\n<meta property=\"article:modified_time\" content=\"2024-06-17T21:46:20+00:00\" \/>\n<meta property=\"og:image\" content=\"https:\/\/meripelastus.fi\/parainen\/wp-content\/uploads\/sites\/14\/2021\/02\/210209_lillmalo_kartta.jpeg\" \/>\n\t<meta property=\"og:image:width\" content=\"855\" \/>\n\t<meta property=\"og:image:height\" content=\"398\" \/>\n\t<meta property=\"og:image:type\" content=\"image\/jpeg\" \/>\n<meta name=\"twitter:card\" content=\"summary_large_image\" \/>\n<meta name=\"twitter:label1\" content=\"Arvioitu lukuaika\" \/>\n\t<meta name=\"twitter:data1\" content=\"1 minuutti\" \/>\n<script type=\"application\/ld+json\" class=\"yoast-schema-graph\">{\"@context\":\"https:\\\/\\\/schema.org\",\"@graph\":[{\"@type\":\"WebPage\",\"@id\":\"https:\\\/\\\/meripelastus.fi\\\/parainen\\\/meripelastusasema\\\/\",\"url\":\"https:\\\/\\\/meripelastus.fi\\\/parainen\\\/meripelastusasema\\\/\",\"name\":\"Asema - Stationen - Paraisten Meripelastajat\",\"isPartOf\":{\"@id\":\"https:\\\/\\\/meripelastus.fi\\\/parainen\\\/#website\"},\"primaryImageOfPage\":{\"@id\":\"https:\\\/\\\/meripelastus.fi\\\/parainen\\\/meripelastusasema\\\/#primaryimage\"},\"image\":{\"@id\":\"https:\\\/\\\/meripelastus.fi\\\/parainen\\\/meripelastusasema\\\/#primaryimage\"},\"thumbnailUrl\":\"https:\\\/\\\/meripelastus.fi\\\/parainen\\\/wp-content\\\/uploads\\\/sites\\\/14\\\/2021\\\/02\\\/210209_lillmalo_kartta.jpeg\",\"datePublished\":\"2018-08-20T09:39:34+00:00\",\"dateModified\":\"2024-06-17T21:46:20+00:00\",\"breadcrumb\":{\"@id\":\"https:\\\/\\\/meripelastus.fi\\\/parainen\\\/meripelastusasema\\\/#breadcrumb\"},\"inLanguage\":\"fi\",\"potentialAction\":[{\"@type\":\"ReadAction\",\"target\":[\"https:\\\/\\\/meripelastus.fi\\\/parainen\\\/meripelastusasema\\\/\"]}]},{\"@type\":\"ImageObject\",\"inLanguage\":\"fi\",\"@id\":\"https:\\\/\\\/meripelastus.fi\\\/parainen\\\/meripelastusasema\\\/#primaryimage\",\"url\":\"https:\\\/\\\/meripelastus.fi\\\/parainen\\\/wp-content\\\/uploads\\\/sites\\\/14\\\/2021\\\/02\\\/210209_lillmalo_kartta.jpeg\",\"contentUrl\":\"https:\\\/\\\/meripelastus.fi\\\/parainen\\\/wp-content\\\/uploads\\\/sites\\\/14\\\/2021\\\/02\\\/210209_lillmalo_kartta.jpeg\",\"width\":855,\"height\":398},{\"@type\":\"BreadcrumbList\",\"@id\":\"https:\\\/\\\/meripelastus.fi\\\/parainen\\\/meripelastusasema\\\/#breadcrumb\",\"itemListElement\":[{\"@type\":\"ListItem\",\"position\":1,\"name\":\"Etusivu\",\"item\":\"https:\\\/\\\/meripelastus.fi\\\/parainen\\\/\"},{\"@type\":\"ListItem\",\"position\":2,\"name\":\"Asema &#8211; Stationen\"}]},{\"@type\":\"WebSite\",\"@id\":\"https:\\\/\\\/meripelastus.fi\\\/parainen\\\/#website\",\"url\":\"https:\\\/\\\/meripelastus.fi\\\/parainen\\\/\",\"name\":\"Paraisten Meripelastajat\",\"description\":\"Vapaaehtoiset apunasi vesill\u00e4\",\"potentialAction\":[{\"@type\":\"SearchAction\",\"target\":{\"@type\":\"EntryPoint\",\"urlTemplate\":\"https:\\\/\\\/meripelastus.fi\\\/parainen\\\/?s={search_term_string}\"},\"query-input\":{\"@type\":\"PropertyValueSpecification\",\"valueRequired\":true,\"valueName\":\"search_term_string\"}}],\"inLanguage\":\"fi\"}]}<\/script>\n<!-- \/ Yoast SEO Premium plugin. -->","yoast_head_json":{"title":"Asema - Stationen - Paraisten Meripelastajat","robots":{"index":"index","follow":"follow","max-snippet":"max-snippet:-1","max-image-preview":"max-image-preview:large","max-video-preview":"max-video-preview:-1"},"canonical":"https:\/\/meripelastus.fi\/parainen\/meripelastusasema\/","og_locale":"fi_FI","og_type":"article","og_title":"Asema - Stationen","og_description":"Paraisten Meripelastajien tukikohta siirtyi Skr\u00e4bb\u00f6lest\u00e4 toukokuusta 2021 alkaen Lillm\u00e4l\u00f6n luotsiasemalle N60\u00b0 14,311&#8242; E22\u00b0 8,887&#8242; Tukikohta on tarkoitettu vain meripelastus- ja luotsitoimintaan eik\u00e4 sit\u00e4 vuokrata ulkopuolisille. Sj\u00f6r\u00e4ddningstationen flyttas fr\u00e5n Skr\u00e4bb\u00f6le i b\u00f6rjan av maj 2021 till lotsstationen i Lillm\u00e4l\u00f6 N60\u00b0 14,311&#8242; E22\u00b0 8,887&#8242; Stationen \u00e4r avsedd endast till sj\u00f6r\u00e4ddnings- och lotsverksamheten, s\u00e5 den hyrs inte ut [&hellip;]","og_url":"https:\/\/meripelastus.fi\/parainen\/meripelastusasema\/","og_site_name":"Paraisten Meripelastajat","article_modified_time":"2024-06-17T21:46:20+00:00","og_image":[{"width":855,"height":398,"url":"https:\/\/meripelastus.fi\/parainen\/wp-content\/uploads\/sites\/14\/2021\/02\/210209_lillmalo_kartta.jpeg","type":"image\/jpeg"}],"twitter_card":"summary_large_image","twitter_misc":{"Arvioitu lukuaika":"1 minuutti"},"schema":{"@context":"https:\/\/schema.org","@graph":[{"@type":"WebPage","@id":"https:\/\/meripelastus.fi\/parainen\/meripelastusasema\/","url":"https:\/\/meripelastus.fi\/parainen\/meripelastusasema\/","name":"Asema - Stationen - Paraisten Meripelastajat","isPartOf":{"@id":"https:\/\/meripelastus.fi\/parainen\/#website"},"primaryImageOfPage":{"@id":"https:\/\/meripelastus.fi\/parainen\/meripelastusasema\/#primaryimage"},"image":{"@id":"https:\/\/meripelastus.fi\/parainen\/meripelastusasema\/#primaryimage"},"thumbnailUrl":"https:\/\/meripelastus.fi\/parainen\/wp-content\/uploads\/sites\/14\/2021\/02\/210209_lillmalo_kartta.jpeg","datePublished":"2018-08-20T09:39:34+00:00","dateModified":"2024-06-17T21:46:20+00:00","breadcrumb":{"@id":"https:\/\/meripelastus.fi\/parainen\/meripelastusasema\/#breadcrumb"},"inLanguage":"fi","potentialAction":[{"@type":"ReadAction","target":["https:\/\/meripelastus.fi\/parainen\/meripelastusasema\/"]}]},{"@type":"ImageObject","inLanguage":"fi","@id":"https:\/\/meripelastus.fi\/parainen\/meripelastusasema\/#primaryimage","url":"https:\/\/meripelastus.fi\/parainen\/wp-content\/uploads\/sites\/14\/2021\/02\/210209_lillmalo_kartta.jpeg","contentUrl":"https:\/\/meripelastus.fi\/parainen\/wp-content\/uploads\/sites\/14\/2021\/02\/210209_lillmalo_kartta.jpeg","width":855,"height":398},{"@type":"BreadcrumbList","@id":"https:\/\/meripelastus.fi\/parainen\/meripelastusasema\/#breadcrumb","itemListElement":[{"@type":"ListItem","position":1,"name":"Etusivu","item":"https:\/\/meripelastus.fi\/parainen\/"},{"@type":"ListItem","position":2,"name":"Asema &#8211; Stationen"}]},{"@type":"WebSite","@id":"https:\/\/meripelastus.fi\/parainen\/#website","url":"https:\/\/meripelastus.fi\/parainen\/","name":"Paraisten Meripelastajat","description":"Vapaaehtoiset apunasi vesill\u00e4","potentialAction":[{"@type":"SearchAction","target":{"@type":"EntryPoint","urlTemplate":"https:\/\/meripelastus.fi\/parainen\/?s={search_term_string}"},"query-input":{"@type":"PropertyValueSpecification","valueRequired":true,"valueName":"search_term_string"}}],"inLanguage":"fi"}]}},"_links":{"self":[{"href":"https:\/\/meripelastus.fi\/parainen\/wp-json\/wp\/v2\/pages\/223","targetHints":{"allow":["GET"]}}],"collection":[{"href":"https:\/\/meripelastus.fi\/parainen\/wp-json\/wp\/v2\/pages"}],"about":[{"href":"https:\/\/meripelastus.fi\/parainen\/wp-json\/wp\/v2\/types\/page"}],"author":[{"embeddable":true,"href":"https:\/\/meripelastus.fi\/parainen\/wp-json\/wp\/v2\/users\/26"}],"replies":[{"embeddable":true,"href":"https:\/\/meripelastus.fi\/parainen\/wp-json\/wp\/v2\/comments?post=223"}],"version-history":[{"count":17,"href":"https:\/\/meripelastus.fi\/parainen\/wp-json\/wp\/v2\/pages\/223\/revisions"}],"predecessor-version":[{"id":530,"href":"https:\/\/meripelastus.fi\/parainen\/wp-json\/wp\/v2\/pages\/223\/revisions\/530"}],"wp:featuredmedia":[{"embeddable":true,"href":"https:\/\/meripelastus.fi\/parainen\/wp-json\/wp\/v2\/media\/428"}],"wp:attachment":[{"href":"https:\/\/meripelastus.fi\/parainen\/wp-json\/wp\/v2\/media?parent=223"}],"curies":[{"name":"wp","href":"https:\/\/api.w.org\/{rel}","templated":true}]}}

<p>Paraisten Meripelastajien tukikohta siirtyi Skräbbölestä toukokuusta 2021 alkaen Lillmälön luotsiasemalle N60° 14,311&#8242; E22° 8,887&#8242; Tukikohta on tarkoitettu vain meripelastus- ja luotsitoimintaan eikä sitä vuokrata ulkopuolisille.</p>
<p>Sjöräddningstationen flyttas från Skräbböle i början av maj 2021 till lotsstationen i Lillmälö N60° 14,311&#8242; E22° 8,887&#8242; Stationen är avsedd endast till sjöräddnings- och lotsverksamheten, så den hyrs inte ut till privattillställningar.</p>

<p>Paraisten Meripelastajien tukikohta siirtyi Skräbbölestä toukokuusta 2021 alkaen Lillmälön luotsiasemalle N60° 14,311&#8242; E22° 8,887&#8242; Tukikohta on tarkoitettu vain meripelastus- ja luotsitoimintaan eikä sitä vuokrata ulkopuolisille. Sjöräddningstationen flyttas från Skräbböle i början av maj 2021 till lotsstationen i Lillmälö N60° 14,311&#8242; E22° 8,887&#8242; Stationen är avsedd endast till sjöräddnings- och lotsverksamheten, så den hyrs inte ut [&hellip;]</p>

<!-- This site is optimized with the Yoast SEO Premium plugin v27.4 (Yoast SEO v27.4) - https://yoast.com/product/yoast-seo-premium-wordpress/ -->
<title>Asema - Stationen - Paraisten Meripelastajat</title>
<meta name="robots" content="index, follow, max-snippet:-1, max-image-preview:large, max-video-preview:-1" />
<link rel="canonical" href="https://meripelastus.fi/parainen/meripelastusasema/" />
<meta property="og:locale" content="fi_FI" />
<meta property="og:type" content="article" />
<meta property="og:title" content="Asema - Stationen" />
<meta property="og:description" content="Paraisten Meripelastajien tukikohta siirtyi Skräbbölestä toukokuusta 2021 alkaen Lillmälön luotsiasemalle N60° 14,311&#8242; E22° 8,887&#8242; Tukikohta on tarkoitettu vain meripelastus- ja luotsitoimintaan eikä sitä vuokrata ulkopuolisille. Sjöräddningstationen flyttas från Skräbböle i början av maj 2021 till lotsstationen i Lillmälö N60° 14,311&#8242; E22° 8,887&#8242; Stationen är avsedd endast till sjöräddnings- och lotsverksamheten, så den hyrs inte ut [&hellip;]" />
<meta property="og:url" content="https://meripelastus.fi/parainen/meripelastusasema/" />
<meta property="og:site_name" content="Paraisten Meripelastajat" />
<meta property="article:modified_time" content="2024-06-17T21:46:20+00:00" />
<meta property="og:image" content="https://meripelastus.fi/parainen/wp-content/uploads/sites/14/2021/02/210209_lillmalo_kartta.jpeg" />
	<meta property="og:image:width" content="855" />
	<meta property="og:image:height" content="398" />
	<meta property="og:image:type" content="image/jpeg" />
<meta name="twitter:card" content="summary_large_image" />
<meta name="twitter:label1" content="Arvioitu lukuaika" />
	<meta name="twitter:data1" content="1 minuutti" />
<script type="application/ld+json" class="yoast-schema-graph">{"@context":"https:\/\/schema.org","@graph":[{"@type":"WebPage","@id":"https:\/\/meripelastus.fi\/parainen\/meripelastusasema\/","url":"https:\/\/meripelastus.fi\/parainen\/meripelastusasema\/","name":"Asema - Stationen - Paraisten Meripelastajat","isPartOf":{"@id":"https:\/\/meripelastus.fi\/parainen\/#website"},"primaryImageOfPage":{"@id":"https:\/\/meripelastus.fi\/parainen\/meripelastusasema\/#primaryimage"},"image":{"@id":"https:\/\/meripelastus.fi\/parainen\/meripelastusasema\/#primaryimage"},"thumbnailUrl":"https:\/\/meripelastus.fi\/parainen\/wp-content\/uploads\/sites\/14\/2021\/02\/210209_lillmalo_kartta.jpeg","datePublished":"2018-08-20T09:39:34+00:00","dateModified":"2024-06-17T21:46:20+00:00","breadcrumb":{"@id":"https:\/\/meripelastus.fi\/parainen\/meripelastusasema\/#breadcrumb"},"inLanguage":"fi","potentialAction":[{"@type":"ReadAction","target":["https:\/\/meripelastus.fi\/parainen\/meripelastusasema\/"]}]},{"@type":"ImageObject","inLanguage":"fi","@id":"https:\/\/meripelastus.fi\/parainen\/meripelastusasema\/#primaryimage","url":"https:\/\/meripelastus.fi\/parainen\/wp-content\/uploads\/sites\/14\/2021\/02\/210209_lillmalo_kartta.jpeg","contentUrl":"https:\/\/meripelastus.fi\/parainen\/wp-content\/uploads\/sites\/14\/2021\/02\/210209_lillmalo_kartta.jpeg","width":855,"height":398},{"@type":"BreadcrumbList","@id":"https:\/\/meripelastus.fi\/parainen\/meripelastusasema\/#breadcrumb","itemListElement":[{"@type":"ListItem","position":1,"name":"Etusivu","item":"https:\/\/meripelastus.fi\/parainen\/"},{"@type":"ListItem","position":2,"name":"Asema &#8211; Stationen"}]},{"@type":"WebSite","@id":"https:\/\/meripelastus.fi\/parainen\/#website","url":"https:\/\/meripelastus.fi\/parainen\/","name":"Paraisten Meripelastajat","description":"Vapaaehtoiset apunasi vesillä","potentialAction":[{"@type":"SearchAction","target":{"@type":"EntryPoint","urlTemplate":"https:\/\/meripelastus.fi\/parainen\/?s={search_term_string}"},"query-input":{"@type":"PropertyValueSpecification","valueRequired":true,"valueName":"search_term_string"}}],"inLanguage":"fi"}]}</script>
<!-- / Yoast SEO Premium plugin. -->

Paraisten Meripelastajien tukikohta siirtyi Skräbbölestä toukokuusta 2021 alkaen Lillmälön luotsiasemalle N60° 14,311&#8242; E22° 8,887&#8242; Tukikohta on tarkoitettu vain meripelastus- ja luotsitoimintaan eikä sitä vuokrata ulkopuolisille. Sjöräddningstationen flyttas från Skräbböle i början av maj 2021 till lotsstationen i Lillmälö N60° 14,311&#8242; E22° 8,887&#8242; Stationen är avsedd endast till sjöräddnings- och lotsverksamheten, så den hyrs inte ut [&hellip;]

Vapaaehtoiset apunasi vesillä
