{"id":785,"date":"2024-08-28T23:16:01","date_gmt":"2024-08-28T20:16:01","guid":{"rendered":"https:\/\/meripelastus.fi\/naantali\/?page_id=785"},"modified":"2025-02-04T02:51:49","modified_gmt":"2025-02-04T00:51:49","slug":"reka","status":"publish","type":"page","link":"https:\/\/meripelastus.fi\/naantali\/toiminta\/alukset\/reka\/","title":{"rendered":"Pv Reka"},"content":{"rendered":"\n<p>Pv Reka on avomerik\u00e4ytt\u00f6\u00f6n suunniteltu ja my\u00f6hemmin Meripelastusseuran k\u00e4ytt\u00f6\u00f6n muokattu Atlantic 75 -tyyppinen pelastusalus. Alus kykenee suurimpaan osaan alueen pelastusteht\u00e4vist\u00e4 itsen\u00e4isesti.<\/p>\n\n\n\n<p>Vene edustaa alkujaan RNLI:lle (Royal National Lifeboat Institution) suunniteltua Atlantic 75 -venesarjaa, jota valmistettiin l\u00e4hes 100 venett\u00e4. Palvelusaikanaan Iso-Britanniassa Reka oli ensin varaveneen\u00e4, sittemmin St Helierin pelastusasemalla ja viimeisen\u00e4 ennen suomeen tuloa Falmouthissa.<\/p>\n\n\n\n<p>Pv Reka tuli aiemma Av Rekan tilalle, apuveneen osoittauduttua hinausteht\u00e4viss\u00e4 alitehoiseksi.<\/p>\n\n\n\n<div class=\"wp-block-buttons is-layout-flex wp-block-buttons-is-layout-flex\">\n<div class=\"wp-block-button\"><a class=\"wp-block-button__link has-primary-background-color has-background wp-element-button\" href=\"https:\/\/meripelastus.fi\/naantali\/apuveneen-tilalle-pv1-alus\/\" style=\"border-radius:15px\">Lue lis\u00e4\u00e4 av:n ja Pv1:n eroista<\/a><\/div>\n<\/div>\n\n\n\n<figure class=\"wp-block-image size-large\"><img loading=\"lazy\" decoding=\"async\" width=\"1024\" height=\"683\" src=\"https:\/\/meripelastus.fi\/naantali\/wp-content\/uploads\/sites\/9\/2024\/08\/20220528-DSC_4633-1024x683.jpg\" alt=\"\" class=\"wp-image-740\" srcset=\"https:\/\/meripelastus.fi\/naantali\/wp-content\/uploads\/sites\/9\/2024\/08\/20220528-DSC_4633-1024x683.jpg 1024w, https:\/\/meripelastus.fi\/naantali\/wp-content\/uploads\/sites\/9\/2024\/08\/20220528-DSC_4633-300x200.jpg 300w, https:\/\/meripelastus.fi\/naantali\/wp-content\/uploads\/sites\/9\/2024\/08\/20220528-DSC_4633-768x512.jpg 768w, https:\/\/meripelastus.fi\/naantali\/wp-content\/uploads\/sites\/9\/2024\/08\/20220528-DSC_4633-1536x1024.jpg 1536w, https:\/\/meripelastus.fi\/naantali\/wp-content\/uploads\/sites\/9\/2024\/08\/20220528-DSC_4633-2048x1365.jpg 2048w\" sizes=\"auto, (max-width: 1024px) 100vw, 1024px\" \/><\/figure>\n\n\n\n<h2 class=\"wp-block-heading\">Ominaisuudet<\/h2>\n\n\n\n<p><strong>Mittatiedot<\/strong><br>Pituus: 7,5 m<br>Leveys: 2,6 m<br>Korkeus: 2,3 m<br>Syv\u00e4ys 0,8 m<br>Paino 1,7 ton<\/p>\n\n\n\n<p><strong>Konetiedot<\/strong><br>Per\u00e4moottorit 2 kpl<br>Teho: 134 kW (180 hp)<br>Marssinopeus: 30 kn (55 km\/h)<br>Maksimi nopeus: 37 kn (70 km\/h)<\/p>\n\n\n\n<p><strong>Yleistiedot<\/strong><\/p>\n\n\n\n<p>Valmistaja: Halmatic Ltd<br>Malli: Atlantic 75<br>Rakennettu 1999, peruskorjattu 2021<br>Omistaja: Suomen Meripelastusseura ry<br>Operaattori: Naantalin Seudun Meripelastajat ry<br>Miehist\u00f6: 2 henkil\u00f6\u00e4<\/p>\n\n\n\n<h2 class=\"wp-block-heading\">Yhteystiedot<\/h2>\n\n\n\n<p>Radiotunnus: OHA2207<br>MMSI: 230161130<br>AIS: RESCUE REKA<\/p>\n\n\n\n<div class=\"wp-block-buttons is-layout-flex wp-block-buttons-is-layout-flex\">\n<div class=\"wp-block-button\"><a class=\"wp-block-button__link has-primary-background-color has-background wp-element-button\" href=\"https:\/\/meripelastus.fi\/naantali\/toiminta\/alukset\/\" style=\"border-radius:15px\">Takaisin aluslistaan<\/a><\/div>\n<\/div>\n","protected":false},"excerpt":{"rendered":"<p>Pv Reka on avomerik\u00e4ytt\u00f6\u00f6n suunniteltu ja my\u00f6hemmin Meripelastusseuran k\u00e4ytt\u00f6\u00f6n muokattu Atlantic 75 -tyyppinen pelastusalus. Alus kykenee suurimpaan osaan alueen pelastusteht\u00e4vist\u00e4 itsen\u00e4isesti. Vene edustaa alkujaan RNLI:lle (Royal National Lifeboat Institution) suunniteltua Atlantic 75 -venesarjaa, jota valmistettiin l\u00e4hes 100 venett\u00e4. Palvelusaikanaan Iso-Britanniassa Reka oli ensin varaveneen\u00e4, sittemmin St Helierin pelastusasemalla ja viimeisen\u00e4 ennen suomeen tuloa Falmouthissa. Pv [&hellip;]<\/p>\n","protected":false},"author":114,"featured_media":494,"parent":738,"menu_order":0,"comment_status":"closed","ping_status":"closed","template":"","meta":{"_acf_changed":false,"inline_featured_image":false,"footnotes":""},"class_list":["post-785","page","type-page","status-publish","has-post-thumbnail","hentry"],"acf":[],"yoast_head":"<!-- This site is optimized with the Yoast SEO Premium plugin v27.4 (Yoast SEO v27.4) - https:\/\/yoast.com\/product\/yoast-seo-premium-wordpress\/ -->\n<title>Pv Reka - Naantalin Seudun Meripelastajat<\/title>\n<meta name=\"robots\" content=\"index, follow, max-snippet:-1, max-image-preview:large, max-video-preview:-1\" \/>\n<link rel=\"canonical\" href=\"https:\/\/meripelastus.fi\/naantali\/toiminta\/alukset\/reka\/\" \/>\n<meta property=\"og:locale\" content=\"fi_FI\" \/>\n<meta property=\"og:type\" content=\"article\" \/>\n<meta property=\"og:title\" content=\"Pv Reka\" \/>\n<meta property=\"og:description\" content=\"Pv Reka on avomerik\u00e4ytt\u00f6\u00f6n suunniteltu ja my\u00f6hemmin Meripelastusseuran k\u00e4ytt\u00f6\u00f6n muokattu Atlantic 75 -tyyppinen pelastusalus. Alus kykenee suurimpaan osaan alueen pelastusteht\u00e4vist\u00e4 itsen\u00e4isesti. Vene edustaa alkujaan RNLI:lle (Royal National Lifeboat Institution) suunniteltua Atlantic 75 -venesarjaa, jota valmistettiin l\u00e4hes 100 venett\u00e4. Palvelusaikanaan Iso-Britanniassa Reka oli ensin varaveneen\u00e4, sittemmin St Helierin pelastusasemalla ja viimeisen\u00e4 ennen suomeen tuloa Falmouthissa. Pv [&hellip;]\" \/>\n<meta property=\"og:url\" content=\"https:\/\/meripelastus.fi\/naantali\/toiminta\/alukset\/reka\/\" \/>\n<meta property=\"og:site_name\" content=\"Naantalin Seudun Meripelastajat\" \/>\n<meta property=\"article:modified_time\" content=\"2025-02-04T00:51:49+00:00\" \/>\n<meta property=\"og:image\" content=\"https:\/\/meripelastus.fi\/naantali\/wp-content\/uploads\/sites\/9\/2022\/02\/MG_1780-scaled.jpg\" \/>\n\t<meta property=\"og:image:width\" content=\"5760\" \/>\n\t<meta property=\"og:image:height\" content=\"3840\" \/>\n\t<meta property=\"og:image:type\" content=\"image\/jpeg\" \/>\n<meta name=\"twitter:card\" content=\"summary_large_image\" \/>\n<meta name=\"twitter:label1\" content=\"Arvioitu lukuaika\" \/>\n\t<meta name=\"twitter:data1\" content=\"2 minuuttia\" \/>\n<script type=\"application\/ld+json\" class=\"yoast-schema-graph\">{\"@context\":\"https:\\\/\\\/schema.org\",\"@graph\":[{\"@type\":\"WebPage\",\"@id\":\"https:\\\/\\\/meripelastus.fi\\\/naantali\\\/toiminta\\\/alukset\\\/reka\\\/\",\"url\":\"https:\\\/\\\/meripelastus.fi\\\/naantali\\\/toiminta\\\/alukset\\\/reka\\\/\",\"name\":\"Pv Reka - Naantalin Seudun Meripelastajat\",\"isPartOf\":{\"@id\":\"https:\\\/\\\/meripelastus.fi\\\/naantali\\\/#website\"},\"primaryImageOfPage\":{\"@id\":\"https:\\\/\\\/meripelastus.fi\\\/naantali\\\/toiminta\\\/alukset\\\/reka\\\/#primaryimage\"},\"image\":{\"@id\":\"https:\\\/\\\/meripelastus.fi\\\/naantali\\\/toiminta\\\/alukset\\\/reka\\\/#primaryimage\"},\"thumbnailUrl\":\"https:\\\/\\\/meripelastus.fi\\\/naantali\\\/wp-content\\\/uploads\\\/sites\\\/9\\\/2022\\\/02\\\/MG_1780-scaled.jpg\",\"datePublished\":\"2024-08-28T20:16:01+00:00\",\"dateModified\":\"2025-02-04T00:51:49+00:00\",\"breadcrumb\":{\"@id\":\"https:\\\/\\\/meripelastus.fi\\\/naantali\\\/toiminta\\\/alukset\\\/reka\\\/#breadcrumb\"},\"inLanguage\":\"fi\",\"potentialAction\":[{\"@type\":\"ReadAction\",\"target\":[\"https:\\\/\\\/meripelastus.fi\\\/naantali\\\/toiminta\\\/alukset\\\/reka\\\/\"]}]},{\"@type\":\"ImageObject\",\"inLanguage\":\"fi\",\"@id\":\"https:\\\/\\\/meripelastus.fi\\\/naantali\\\/toiminta\\\/alukset\\\/reka\\\/#primaryimage\",\"url\":\"https:\\\/\\\/meripelastus.fi\\\/naantali\\\/wp-content\\\/uploads\\\/sites\\\/9\\\/2022\\\/02\\\/MG_1780-scaled.jpg\",\"contentUrl\":\"https:\\\/\\\/meripelastus.fi\\\/naantali\\\/wp-content\\\/uploads\\\/sites\\\/9\\\/2022\\\/02\\\/MG_1780-scaled.jpg\",\"width\":5760,\"height\":3840},{\"@type\":\"BreadcrumbList\",\"@id\":\"https:\\\/\\\/meripelastus.fi\\\/naantali\\\/toiminta\\\/alukset\\\/reka\\\/#breadcrumb\",\"itemListElement\":[{\"@type\":\"ListItem\",\"position\":1,\"name\":\"Etusivu\",\"item\":\"https:\\\/\\\/meripelastus.fi\\\/naantali\\\/\"},{\"@type\":\"ListItem\",\"position\":2,\"name\":\"Toiminta\",\"item\":\"https:\\\/\\\/meripelastus.fi\\\/naantali\\\/toiminta\\\/\"},{\"@type\":\"ListItem\",\"position\":3,\"name\":\"Alukset\",\"item\":\"https:\\\/\\\/meripelastus.fi\\\/naantali\\\/toiminta\\\/alukset\\\/\"},{\"@type\":\"ListItem\",\"position\":4,\"name\":\"Pv Reka\"}]},{\"@type\":\"WebSite\",\"@id\":\"https:\\\/\\\/meripelastus.fi\\\/naantali\\\/#website\",\"url\":\"https:\\\/\\\/meripelastus.fi\\\/naantali\\\/\",\"name\":\"Naantalin Seudun Meripelastajat\",\"description\":\"Uusi SMPS Yhdistykset -sivusto\",\"potentialAction\":[{\"@type\":\"SearchAction\",\"target\":{\"@type\":\"EntryPoint\",\"urlTemplate\":\"https:\\\/\\\/meripelastus.fi\\\/naantali\\\/?s={search_term_string}\"},\"query-input\":{\"@type\":\"PropertyValueSpecification\",\"valueRequired\":true,\"valueName\":\"search_term_string\"}}],\"inLanguage\":\"fi\"}]}<\/script>\n<!-- \/ Yoast SEO Premium plugin. -->","yoast_head_json":{"title":"Pv Reka - Naantalin Seudun Meripelastajat","robots":{"index":"index","follow":"follow","max-snippet":"max-snippet:-1","max-image-preview":"max-image-preview:large","max-video-preview":"max-video-preview:-1"},"canonical":"https:\/\/meripelastus.fi\/naantali\/toiminta\/alukset\/reka\/","og_locale":"fi_FI","og_type":"article","og_title":"Pv Reka","og_description":"Pv Reka on avomerik\u00e4ytt\u00f6\u00f6n suunniteltu ja my\u00f6hemmin Meripelastusseuran k\u00e4ytt\u00f6\u00f6n muokattu Atlantic 75 -tyyppinen pelastusalus. Alus kykenee suurimpaan osaan alueen pelastusteht\u00e4vist\u00e4 itsen\u00e4isesti. Vene edustaa alkujaan RNLI:lle (Royal National Lifeboat Institution) suunniteltua Atlantic 75 -venesarjaa, jota valmistettiin l\u00e4hes 100 venett\u00e4. Palvelusaikanaan Iso-Britanniassa Reka oli ensin varaveneen\u00e4, sittemmin St Helierin pelastusasemalla ja viimeisen\u00e4 ennen suomeen tuloa Falmouthissa. Pv [&hellip;]","og_url":"https:\/\/meripelastus.fi\/naantali\/toiminta\/alukset\/reka\/","og_site_name":"Naantalin Seudun Meripelastajat","article_modified_time":"2025-02-04T00:51:49+00:00","og_image":[{"width":5760,"height":3840,"url":"https:\/\/meripelastus.fi\/naantali\/wp-content\/uploads\/sites\/9\/2022\/02\/MG_1780-scaled.jpg","type":"image\/jpeg"}],"twitter_card":"summary_large_image","twitter_misc":{"Arvioitu lukuaika":"2 minuuttia"},"schema":{"@context":"https:\/\/schema.org","@graph":[{"@type":"WebPage","@id":"https:\/\/meripelastus.fi\/naantali\/toiminta\/alukset\/reka\/","url":"https:\/\/meripelastus.fi\/naantali\/toiminta\/alukset\/reka\/","name":"Pv Reka - Naantalin Seudun Meripelastajat","isPartOf":{"@id":"https:\/\/meripelastus.fi\/naantali\/#website"},"primaryImageOfPage":{"@id":"https:\/\/meripelastus.fi\/naantali\/toiminta\/alukset\/reka\/#primaryimage"},"image":{"@id":"https:\/\/meripelastus.fi\/naantali\/toiminta\/alukset\/reka\/#primaryimage"},"thumbnailUrl":"https:\/\/meripelastus.fi\/naantali\/wp-content\/uploads\/sites\/9\/2022\/02\/MG_1780-scaled.jpg","datePublished":"2024-08-28T20:16:01+00:00","dateModified":"2025-02-04T00:51:49+00:00","breadcrumb":{"@id":"https:\/\/meripelastus.fi\/naantali\/toiminta\/alukset\/reka\/#breadcrumb"},"inLanguage":"fi","potentialAction":[{"@type":"ReadAction","target":["https:\/\/meripelastus.fi\/naantali\/toiminta\/alukset\/reka\/"]}]},{"@type":"ImageObject","inLanguage":"fi","@id":"https:\/\/meripelastus.fi\/naantali\/toiminta\/alukset\/reka\/#primaryimage","url":"https:\/\/meripelastus.fi\/naantali\/wp-content\/uploads\/sites\/9\/2022\/02\/MG_1780-scaled.jpg","contentUrl":"https:\/\/meripelastus.fi\/naantali\/wp-content\/uploads\/sites\/9\/2022\/02\/MG_1780-scaled.jpg","width":5760,"height":3840},{"@type":"BreadcrumbList","@id":"https:\/\/meripelastus.fi\/naantali\/toiminta\/alukset\/reka\/#breadcrumb","itemListElement":[{"@type":"ListItem","position":1,"name":"Etusivu","item":"https:\/\/meripelastus.fi\/naantali\/"},{"@type":"ListItem","position":2,"name":"Toiminta","item":"https:\/\/meripelastus.fi\/naantali\/toiminta\/"},{"@type":"ListItem","position":3,"name":"Alukset","item":"https:\/\/meripelastus.fi\/naantali\/toiminta\/alukset\/"},{"@type":"ListItem","position":4,"name":"Pv Reka"}]},{"@type":"WebSite","@id":"https:\/\/meripelastus.fi\/naantali\/#website","url":"https:\/\/meripelastus.fi\/naantali\/","name":"Naantalin Seudun Meripelastajat","description":"Uusi SMPS Yhdistykset -sivusto","potentialAction":[{"@type":"SearchAction","target":{"@type":"EntryPoint","urlTemplate":"https:\/\/meripelastus.fi\/naantali\/?s={search_term_string}"},"query-input":{"@type":"PropertyValueSpecification","valueRequired":true,"valueName":"search_term_string"}}],"inLanguage":"fi"}]}},"_links":{"self":[{"href":"https:\/\/meripelastus.fi\/naantali\/wp-json\/wp\/v2\/pages\/785","targetHints":{"allow":["GET"]}}],"collection":[{"href":"https:\/\/meripelastus.fi\/naantali\/wp-json\/wp\/v2\/pages"}],"about":[{"href":"https:\/\/meripelastus.fi\/naantali\/wp-json\/wp\/v2\/types\/page"}],"author":[{"embeddable":true,"href":"https:\/\/meripelastus.fi\/naantali\/wp-json\/wp\/v2\/users\/114"}],"replies":[{"embeddable":true,"href":"https:\/\/meripelastus.fi\/naantali\/wp-json\/wp\/v2\/comments?post=785"}],"version-history":[{"count":2,"href":"https:\/\/meripelastus.fi\/naantali\/wp-json\/wp\/v2\/pages\/785\/revisions"}],"predecessor-version":[{"id":787,"href":"https:\/\/meripelastus.fi\/naantali\/wp-json\/wp\/v2\/pages\/785\/revisions\/787"}],"up":[{"embeddable":true,"href":"https:\/\/meripelastus.fi\/naantali\/wp-json\/wp\/v2\/pages\/738"}],"wp:featuredmedia":[{"embeddable":true,"href":"https:\/\/meripelastus.fi\/naantali\/wp-json\/wp\/v2\/media\/494"}],"wp:attachment":[{"href":"https:\/\/meripelastus.fi\/naantali\/wp-json\/wp\/v2\/media?parent=785"}],"curies":[{"name":"wp","href":"https:\/\/api.w.org\/{rel}","templated":true}]}}