{"id":236,"date":"2019-07-11T11:01:14","date_gmt":"2019-07-11T08:01:14","guid":{"rendered":"https:\/\/meripelastus.fi\/molpe-vedos\/?page_id=236"},"modified":"2024-02-01T16:59:13","modified_gmt":"2024-02-01T14:59:13","slug":"om-oss","status":"publish","type":"page","link":"https:\/\/meripelastus.fi\/molpe\/molpe-sjoraddare\/om-oss\/","title":{"rendered":"Om oss"},"content":{"rendered":"<p><strong>Vem \u00e4r ni?<\/strong><br \/>\nVi \u00e4r ett sammansvetsat g\u00e4ng mellan 17 &#8211; 55 \u00e5r, vi aktiva kommer fr\u00e5n Harrstr\u00f6m, Molpe, Petalax, Berg\u00f6, Malax, Helsingby, Smedsby, Solf, Pargas och Vasa. V\u00e5r station \u00e4r positionerad vid Bredsk\u00e4rs Fiskehamn i Molpe men v\u00e5rt aktivitetsomr\u00e5de \u00e4r hela Kvarken.<\/p>\n<p><strong>F\u00e5r ni betalt?<\/strong><br \/>\nVi \u00e4r inte avl\u00f6nade, ibland f\u00e5r vi skorpor ur en 5 kg s\u00e4ck till kaffet. En g\u00e5ng gjorde en haverist vi hj\u00e4lpt sommaren innan en \u00e4ppelpaj med vaniljs\u00e5s, d\u00e5 var det fest och vi k\u00e4nde oss v\u00e4ldigt mycket avl\u00f6nade.<\/p>\n<p><strong>Vem kallar ut er?<\/strong><br \/>\nDet g\u00f6r MRCC \u00c5bo (Sj\u00f6r\u00e4ddningscentralen), de alarmerar oss per telefon (n\u00e4r vi \u00e4r hemma) och per VIRVE n\u00e4r vi \u00e4r i r\u00e4ddningsb\u00e5tarna. Ingen ringer oss direkt s\u00e5 d\u00e4rf\u00f6r har vi inget eget alarmnummer. MRCC \u00c5bo alarmerar n\u00e4rmaste enhet, ibland kan det vara Kask\u00f6 Sj\u00f6r\u00e4ddning eller Vaasa Sj\u00f6r\u00e4ddningsf\u00f6rening fast\u00e4n det \u00e4r i omr\u00e5det Malax-Korsn\u00e4s, ibland \u00e4r vi i N\u00e4rpes och ibland i Vasa\/Korsholm.<\/p>\n<p><strong>Varf\u00f6r g\u00f6r ni detta?<\/strong><br \/>\nBra fr\u00e5ga. Vi \u00e4r bara helt vanliga osj\u00e4lviska m\u00e4nniskor som \u00e4lskar om att vara p\u00e5 sj\u00f6n och g\u00e4rna hj\u00e4lper b\u00e5tar och personer p\u00e5 sj\u00f6n som beh\u00f6ver v\u00e5r hj\u00e4lp.<br \/>\nV\u00e5r bes\u00e4ttning best\u00e5r av flickor och pojkar, m\u00e4n och kvinnor samt gubbar o gummor, ingen \u00e4r f\u00f6r gammal. Vissa har varit med fr\u00e5n start 1993 och vissa kom med f\u00f6rra veckan.<\/p>\n<p><em><strong>V\u00e5r Vision<br \/>\n<\/strong>V\u00e5r vision \u00e4r att vara Kvarkens b\u00e4sta sj\u00f6r\u00e4ddningsstation och en resurs f\u00f6r b\u00e5tf\u00f6rare och v\u00e5r uppdragsgivare MRCC \u00c5bo<\/em><\/p>\n<p><em><strong>V\u00e5r Mission<br \/>\n<\/strong>V\u00e5r fr\u00e4msta uppgift \u00e4r att hj\u00e4lpa och r\u00e4dda n\u00f6dst\u00e4llda till havs samt att befr\u00e4mja s\u00e4kerhet och gott sj\u00f6manskap inom v\u00e5rt verksamhetsomr\u00e5de<\/em><\/p>\n","protected":false},"excerpt":{"rendered":"<p>Vem \u00e4r ni? Vi \u00e4r ett sammansvetsat g\u00e4ng mellan 17 &#8211; 55 \u00e5r, vi aktiva kommer fr\u00e5n Harrstr\u00f6m, Molpe, Petalax, Berg\u00f6, Malax, Helsingby, Smedsby, Solf, Pargas och Vasa. V\u00e5r station \u00e4r positionerad vid Bredsk\u00e4rs Fiskehamn i Molpe men v\u00e5rt aktivitetsomr\u00e5de \u00e4r hela Kvarken. F\u00e5r ni betalt? Vi \u00e4r inte avl\u00f6nade, ibland f\u00e5r vi skorpor ur [&hellip;]<\/p>\n","protected":false},"author":1,"featured_media":273,"parent":232,"menu_order":0,"comment_status":"closed","ping_status":"closed","template":"","meta":{"_acf_changed":false,"inline_featured_image":false,"footnotes":""},"class_list":["post-236","page","type-page","status-publish","has-post-thumbnail","hentry"],"acf":[],"yoast_head":"<!-- This site is optimized with the Yoast SEO Premium plugin v27.2 (Yoast SEO v27.2) - https:\/\/yoast.com\/product\/yoast-seo-premium-wordpress\/ -->\n<title>Om oss - Molpe Sj\u00f6r\u00e4ddare<\/title>\n<meta name=\"robots\" content=\"index, follow, max-snippet:-1, max-image-preview:large, max-video-preview:-1\" \/>\n<link rel=\"canonical\" href=\"https:\/\/meripelastus.fi\/molpe\/molpe-sjoraddare\/om-oss\/\" \/>\n<meta property=\"og:locale\" content=\"sv_SE\" \/>\n<meta property=\"og:type\" content=\"article\" \/>\n<meta property=\"og:title\" content=\"Om oss\" \/>\n<meta property=\"og:description\" content=\"Vem \u00e4r ni? Vi \u00e4r ett sammansvetsat g\u00e4ng mellan 17 &#8211; 55 \u00e5r, vi aktiva kommer fr\u00e5n Harrstr\u00f6m, Molpe, Petalax, Berg\u00f6, Malax, Helsingby, Smedsby, Solf, Pargas och Vasa. V\u00e5r station \u00e4r positionerad vid Bredsk\u00e4rs Fiskehamn i Molpe men v\u00e5rt aktivitetsomr\u00e5de \u00e4r hela Kvarken. F\u00e5r ni betalt? Vi \u00e4r inte avl\u00f6nade, ibland f\u00e5r vi skorpor ur [&hellip;]\" \/>\n<meta property=\"og:url\" content=\"https:\/\/meripelastus.fi\/molpe\/molpe-sjoraddare\/om-oss\/\" \/>\n<meta property=\"og:site_name\" content=\"Molpe Sj\u00f6r\u00e4ddare\" \/>\n<meta property=\"article:modified_time\" content=\"2024-02-01T14:59:13+00:00\" \/>\n<meta property=\"og:image\" content=\"https:\/\/meripelastus.fi\/molpe\/wp-content\/uploads\/sites\/25\/2019\/07\/defaultbg.jpg\" \/>\n\t<meta property=\"og:image:width\" content=\"1800\" \/>\n\t<meta property=\"og:image:height\" content=\"355\" \/>\n\t<meta property=\"og:image:type\" content=\"image\/jpeg\" \/>\n<meta name=\"twitter:card\" content=\"summary_large_image\" \/>\n<meta name=\"twitter:label1\" content=\"Ber\u00e4knad l\u00e4stid\" \/>\n\t<meta name=\"twitter:data1\" content=\"2 minuter\" \/>\n<script type=\"application\/ld+json\" class=\"yoast-schema-graph\">{\"@context\":\"https:\/\/schema.org\",\"@graph\":[{\"@type\":\"WebPage\",\"@id\":\"https:\/\/meripelastus.fi\/molpe\/molpe-sjoraddare\/om-oss\/\",\"url\":\"https:\/\/meripelastus.fi\/molpe\/molpe-sjoraddare\/om-oss\/\",\"name\":\"Om oss - Molpe Sj\u00f6r\u00e4ddare\",\"isPartOf\":{\"@id\":\"https:\/\/meripelastus.fi\/molpe\/#website\"},\"primaryImageOfPage\":{\"@id\":\"https:\/\/meripelastus.fi\/molpe\/molpe-sjoraddare\/om-oss\/#primaryimage\"},\"image\":{\"@id\":\"https:\/\/meripelastus.fi\/molpe\/molpe-sjoraddare\/om-oss\/#primaryimage\"},\"thumbnailUrl\":\"https:\/\/meripelastus.fi\/molpe\/wp-content\/uploads\/sites\/25\/2019\/07\/defaultbg.jpg\",\"datePublished\":\"2019-07-11T08:01:14+00:00\",\"dateModified\":\"2024-02-01T14:59:13+00:00\",\"breadcrumb\":{\"@id\":\"https:\/\/meripelastus.fi\/molpe\/molpe-sjoraddare\/om-oss\/#breadcrumb\"},\"inLanguage\":\"sv-SE\",\"potentialAction\":[{\"@type\":\"ReadAction\",\"target\":[\"https:\/\/meripelastus.fi\/molpe\/molpe-sjoraddare\/om-oss\/\"]}]},{\"@type\":\"ImageObject\",\"inLanguage\":\"sv-SE\",\"@id\":\"https:\/\/meripelastus.fi\/molpe\/molpe-sjoraddare\/om-oss\/#primaryimage\",\"url\":\"https:\/\/meripelastus.fi\/molpe\/wp-content\/uploads\/sites\/25\/2019\/07\/defaultbg.jpg\",\"contentUrl\":\"https:\/\/meripelastus.fi\/molpe\/wp-content\/uploads\/sites\/25\/2019\/07\/defaultbg.jpg\",\"width\":1800,\"height\":355},{\"@type\":\"BreadcrumbList\",\"@id\":\"https:\/\/meripelastus.fi\/molpe\/molpe-sjoraddare\/om-oss\/#breadcrumb\",\"itemListElement\":[{\"@type\":\"ListItem\",\"position\":1,\"name\":\"Home\",\"item\":\"https:\/\/meripelastus.fi\/molpe\/\"},{\"@type\":\"ListItem\",\"position\":2,\"name\":\"Molpe Sj\u00f6r\u00e4ddare\",\"item\":\"https:\/\/meripelastus.fi\/molpe\/molpe-sjoraddare\/\"},{\"@type\":\"ListItem\",\"position\":3,\"name\":\"Om oss\"}]},{\"@type\":\"WebSite\",\"@id\":\"https:\/\/meripelastus.fi\/molpe\/#website\",\"url\":\"https:\/\/meripelastus.fi\/molpe\/\",\"name\":\"Molpe Sj\u00f6r\u00e4ddare\",\"description\":\"Vapaaehtoiset apunasi vesill\u00e4\",\"potentialAction\":[{\"@type\":\"SearchAction\",\"target\":{\"@type\":\"EntryPoint\",\"urlTemplate\":\"https:\/\/meripelastus.fi\/molpe\/?s={search_term_string}\"},\"query-input\":{\"@type\":\"PropertyValueSpecification\",\"valueRequired\":true,\"valueName\":\"search_term_string\"}}],\"inLanguage\":\"sv-SE\"}]}<\/script>\n<!-- \/ Yoast SEO Premium plugin. -->","yoast_head_json":{"title":"Om oss - Molpe Sj\u00f6r\u00e4ddare","robots":{"index":"index","follow":"follow","max-snippet":"max-snippet:-1","max-image-preview":"max-image-preview:large","max-video-preview":"max-video-preview:-1"},"canonical":"https:\/\/meripelastus.fi\/molpe\/molpe-sjoraddare\/om-oss\/","og_locale":"sv_SE","og_type":"article","og_title":"Om oss","og_description":"Vem \u00e4r ni? Vi \u00e4r ett sammansvetsat g\u00e4ng mellan 17 &#8211; 55 \u00e5r, vi aktiva kommer fr\u00e5n Harrstr\u00f6m, Molpe, Petalax, Berg\u00f6, Malax, Helsingby, Smedsby, Solf, Pargas och Vasa. V\u00e5r station \u00e4r positionerad vid Bredsk\u00e4rs Fiskehamn i Molpe men v\u00e5rt aktivitetsomr\u00e5de \u00e4r hela Kvarken. F\u00e5r ni betalt? Vi \u00e4r inte avl\u00f6nade, ibland f\u00e5r vi skorpor ur [&hellip;]","og_url":"https:\/\/meripelastus.fi\/molpe\/molpe-sjoraddare\/om-oss\/","og_site_name":"Molpe Sj\u00f6r\u00e4ddare","article_modified_time":"2024-02-01T14:59:13+00:00","og_image":[{"width":1800,"height":355,"url":"https:\/\/meripelastus.fi\/molpe\/wp-content\/uploads\/sites\/25\/2019\/07\/defaultbg.jpg","type":"image\/jpeg"}],"twitter_card":"summary_large_image","twitter_misc":{"Ber\u00e4knad l\u00e4stid":"2 minuter"},"schema":{"@context":"https:\/\/schema.org","@graph":[{"@type":"WebPage","@id":"https:\/\/meripelastus.fi\/molpe\/molpe-sjoraddare\/om-oss\/","url":"https:\/\/meripelastus.fi\/molpe\/molpe-sjoraddare\/om-oss\/","name":"Om oss - Molpe Sj\u00f6r\u00e4ddare","isPartOf":{"@id":"https:\/\/meripelastus.fi\/molpe\/#website"},"primaryImageOfPage":{"@id":"https:\/\/meripelastus.fi\/molpe\/molpe-sjoraddare\/om-oss\/#primaryimage"},"image":{"@id":"https:\/\/meripelastus.fi\/molpe\/molpe-sjoraddare\/om-oss\/#primaryimage"},"thumbnailUrl":"https:\/\/meripelastus.fi\/molpe\/wp-content\/uploads\/sites\/25\/2019\/07\/defaultbg.jpg","datePublished":"2019-07-11T08:01:14+00:00","dateModified":"2024-02-01T14:59:13+00:00","breadcrumb":{"@id":"https:\/\/meripelastus.fi\/molpe\/molpe-sjoraddare\/om-oss\/#breadcrumb"},"inLanguage":"sv-SE","potentialAction":[{"@type":"ReadAction","target":["https:\/\/meripelastus.fi\/molpe\/molpe-sjoraddare\/om-oss\/"]}]},{"@type":"ImageObject","inLanguage":"sv-SE","@id":"https:\/\/meripelastus.fi\/molpe\/molpe-sjoraddare\/om-oss\/#primaryimage","url":"https:\/\/meripelastus.fi\/molpe\/wp-content\/uploads\/sites\/25\/2019\/07\/defaultbg.jpg","contentUrl":"https:\/\/meripelastus.fi\/molpe\/wp-content\/uploads\/sites\/25\/2019\/07\/defaultbg.jpg","width":1800,"height":355},{"@type":"BreadcrumbList","@id":"https:\/\/meripelastus.fi\/molpe\/molpe-sjoraddare\/om-oss\/#breadcrumb","itemListElement":[{"@type":"ListItem","position":1,"name":"Home","item":"https:\/\/meripelastus.fi\/molpe\/"},{"@type":"ListItem","position":2,"name":"Molpe Sj\u00f6r\u00e4ddare","item":"https:\/\/meripelastus.fi\/molpe\/molpe-sjoraddare\/"},{"@type":"ListItem","position":3,"name":"Om oss"}]},{"@type":"WebSite","@id":"https:\/\/meripelastus.fi\/molpe\/#website","url":"https:\/\/meripelastus.fi\/molpe\/","name":"Molpe Sj\u00f6r\u00e4ddare","description":"Vapaaehtoiset apunasi vesill\u00e4","potentialAction":[{"@type":"SearchAction","target":{"@type":"EntryPoint","urlTemplate":"https:\/\/meripelastus.fi\/molpe\/?s={search_term_string}"},"query-input":{"@type":"PropertyValueSpecification","valueRequired":true,"valueName":"search_term_string"}}],"inLanguage":"sv-SE"}]}},"_links":{"self":[{"href":"https:\/\/meripelastus.fi\/molpe\/wp-json\/wp\/v2\/pages\/236","targetHints":{"allow":["GET"]}}],"collection":[{"href":"https:\/\/meripelastus.fi\/molpe\/wp-json\/wp\/v2\/pages"}],"about":[{"href":"https:\/\/meripelastus.fi\/molpe\/wp-json\/wp\/v2\/types\/page"}],"author":[{"embeddable":true,"href":"https:\/\/meripelastus.fi\/molpe\/wp-json\/wp\/v2\/users\/1"}],"replies":[{"embeddable":true,"href":"https:\/\/meripelastus.fi\/molpe\/wp-json\/wp\/v2\/comments?post=236"}],"version-history":[{"count":14,"href":"https:\/\/meripelastus.fi\/molpe\/wp-json\/wp\/v2\/pages\/236\/revisions"}],"predecessor-version":[{"id":741,"href":"https:\/\/meripelastus.fi\/molpe\/wp-json\/wp\/v2\/pages\/236\/revisions\/741"}],"up":[{"embeddable":true,"href":"https:\/\/meripelastus.fi\/molpe\/wp-json\/wp\/v2\/pages\/232"}],"wp:featuredmedia":[{"embeddable":true,"href":"https:\/\/meripelastus.fi\/molpe\/wp-json\/wp\/v2\/media\/273"}],"wp:attachment":[{"href":"https:\/\/meripelastus.fi\/molpe\/wp-json\/wp\/v2\/media?parent=236"}],"curies":[{"name":"wp","href":"https:\/\/api.w.org\/{rel}","templated":true}]}}