{"id":8,"date":"2018-03-19T09:16:29","date_gmt":"2018-03-19T07:16:29","guid":{"rendered":"http:\/\/basetemplate.smpsyhdistykset.16.testivedos.com\/?page_id=8"},"modified":"2025-01-10T18:05:48","modified_gmt":"2025-01-10T16:05:48","slug":"tietoa-meista","status":"publish","type":"page","link":"https:\/\/meripelastus.fi\/mikkeli\/mikkelin-jarvipelastajat\/tietoa-meista\/","title":{"rendered":"Tietoa meist\u00e4"},"content":{"rendered":"\n<p>Mikkelin J\u00e4rvipelastajat ry on Suomen Meripelastusseuran alainen j\u00e4senyhdistys, jonka tarkoituksena on yll\u00e4pit\u00e4\u00e4 ja kehitt\u00e4\u00e4 vapaaehtoista j\u00e4rvipelastustoimintaa L\u00e4nsi-Saimaan alueella. Yhdistyksen kotipaikka on Mikkeli, mutta kotisatama Mikkelin Anttolassa. K\u00e4yt\u00f6ss\u00e4mme on Suomen Meripelastusseuran osoittamat alukset <a href=\"https:\/\/meripelastus.fi\/mikkeli-vedos\/toiminta\/alukset\/\">SAR P\/V Luonteri ja Atlantic 75-RIB Ikioma<\/a>, joilla tehd\u00e4\u00e4n avovesikauden aikana lukuisia etsint\u00e4- , pelastus- sek\u00e4 avustusteht\u00e4vi\u00e4 p\u00e4\u00e4osin Mikkelin, Juvan ja Puumalan vesialueilla.<\/p>\n\n\n\n<p>Suomen Meripelastusseuran (SMPS) ja siihen kuuluvien meri- ja j\u00e4rvipelastusyhdistysten ensisijaisena teht\u00e4v\u00e4n\u00e4 on merih\u00e4t\u00e4\u00e4n joutuneiden pelastaminen merialueilla ja sis\u00e4vesill\u00e4.<\/p>\n\n\n\n<h3 class=\"wp-block-heading\" id=\"h-monessa-mukana\">Monessa mukana<\/h3>\n\n\n\n<p>Joukkomme koostuu vapaaehtoisty\u00f6t\u00e4 tekevist\u00e4 j\u00e4senist\u00e4, jotka auttavat alueellamme h\u00e4t\u00e4\u00e4n joutuneita veneilij\u00f6it\u00e4. Pelastusteht\u00e4v\u00e4t tehd\u00e4\u00e4n itsen\u00e4isesti tai viranomaisten johdolla. Vakavissa h\u00e4t\u00e4tilanteissa pelastusaluksemme toimivat yhteisty\u00f6ss\u00e4 pelastuslaitoksen yksik\u00f6iden kanssa.<\/p>\n\n\n\n<p>Meripelastuksen t\u00e4rkein teht\u00e4v\u00e4 on ihmishenkien pelastaminen. Vakavia tilanteita sattuu onneksi harvoin ja yleisimpi\u00e4 teht\u00e4vi\u00e4 ovat erilaiset hinaus- ja avustusteht\u00e4v\u00e4t.<\/p>\n\n\n\n<p>Osallistumme tarvittaessa etsint\u00f6ihin yhteisty\u00f6ss\u00e4 poliisiviranomaisten kanssa sek\u00e4 avustamme pelastuslaitosta sairaankuljetus- ja sammutusteht\u00e4viss\u00e4.<\/p>\n\n\n\n<p><\/p>\n\n\n\n<p><\/p>\n\n\n<div class=\"wp-block-image\">\n<figure class=\"aligncenter size-large\"><img loading=\"lazy\" decoding=\"async\" width=\"1024\" height=\"576\" src=\"https:\/\/meripelastus.fi\/mikkeli\/wp-content\/uploads\/sites\/36\/2021\/11\/IMG-20190924-WA0007-1024x576.jpg\" alt=\"\" class=\"wp-image-267\" style=\"aspect-ratio:3\/2;object-fit:cover\" srcset=\"https:\/\/meripelastus.fi\/mikkeli\/wp-content\/uploads\/sites\/36\/2021\/11\/IMG-20190924-WA0007-1024x576.jpg 1024w, https:\/\/meripelastus.fi\/mikkeli\/wp-content\/uploads\/sites\/36\/2021\/11\/IMG-20190924-WA0007-300x169.jpg 300w, https:\/\/meripelastus.fi\/mikkeli\/wp-content\/uploads\/sites\/36\/2021\/11\/IMG-20190924-WA0007-768x432.jpg 768w, https:\/\/meripelastus.fi\/mikkeli\/wp-content\/uploads\/sites\/36\/2021\/11\/IMG-20190924-WA0007-1536x864.jpg 1536w, https:\/\/meripelastus.fi\/mikkeli\/wp-content\/uploads\/sites\/36\/2021\/11\/IMG-20190924-WA0007.jpg 1600w\" sizes=\"auto, (max-width: 1024px) 100vw, 1024px\" \/><\/figure>\n<\/div>","protected":false},"excerpt":{"rendered":"<p>Mikkelin J\u00e4rvipelastajat ry on Suomen Meripelastusseuran alainen j\u00e4senyhdistys, jonka tarkoituksena on yll\u00e4pit\u00e4\u00e4 ja kehitt\u00e4\u00e4 vapaaehtoista j\u00e4rvipelastustoimintaa L\u00e4nsi-Saimaan alueella. Yhdistyksen kotipaikka on Mikkeli, mutta kotisatama Mikkelin Anttolassa. K\u00e4yt\u00f6ss\u00e4mme on Suomen Meripelastusseuran osoittamat alukset SAR P\/V Luonteri ja Atlantic 75-RIB Ikioma, joilla tehd\u00e4\u00e4n avovesikauden aikana lukuisia etsint\u00e4- , pelastus- sek\u00e4 avustusteht\u00e4vi\u00e4 p\u00e4\u00e4osin Mikkelin, Juvan ja Puumalan vesialueilla. [&hellip;]<\/p>\n","protected":false},"author":1,"featured_media":238,"parent":6,"menu_order":0,"comment_status":"closed","ping_status":"closed","template":"","meta":{"_acf_changed":false,"inline_featured_image":false,"footnotes":""},"class_list":["post-8","page","type-page","status-publish","has-post-thumbnail","hentry"],"acf":[],"yoast_head":"<!-- This site is optimized with the Yoast SEO Premium plugin v27.2 (Yoast SEO v27.2) - https:\/\/yoast.com\/product\/yoast-seo-premium-wordpress\/ -->\n<title>Tietoa meist\u00e4 - Mikkelin J\u00e4rvipelastajat<\/title>\n<meta name=\"robots\" content=\"index, follow, max-snippet:-1, max-image-preview:large, max-video-preview:-1\" \/>\n<link rel=\"canonical\" href=\"https:\/\/meripelastus.fi\/mikkeli\/mikkelin-jarvipelastajat\/tietoa-meista\/\" \/>\n<meta property=\"og:locale\" content=\"fi_FI\" \/>\n<meta property=\"og:type\" content=\"article\" \/>\n<meta property=\"og:title\" content=\"Tietoa meist\u00e4\" \/>\n<meta property=\"og:description\" content=\"Mikkelin J\u00e4rvipelastajat ry on Suomen Meripelastusseuran alainen j\u00e4senyhdistys, jonka tarkoituksena on yll\u00e4pit\u00e4\u00e4 ja kehitt\u00e4\u00e4 vapaaehtoista j\u00e4rvipelastustoimintaa L\u00e4nsi-Saimaan alueella. Yhdistyksen kotipaikka on Mikkeli, mutta kotisatama Mikkelin Anttolassa. K\u00e4yt\u00f6ss\u00e4mme on Suomen Meripelastusseuran osoittamat alukset SAR P\/V Luonteri ja Atlantic 75-RIB Ikioma, joilla tehd\u00e4\u00e4n avovesikauden aikana lukuisia etsint\u00e4- , pelastus- sek\u00e4 avustusteht\u00e4vi\u00e4 p\u00e4\u00e4osin Mikkelin, Juvan ja Puumalan vesialueilla. [&hellip;]\" \/>\n<meta property=\"og:url\" content=\"https:\/\/meripelastus.fi\/mikkeli\/mikkelin-jarvipelastajat\/tietoa-meista\/\" \/>\n<meta property=\"og:site_name\" content=\"Mikkelin J\u00e4rvipelastajat\" \/>\n<meta property=\"article:modified_time\" content=\"2025-01-10T16:05:48+00:00\" \/>\n<meta property=\"og:image\" content=\"https:\/\/meripelastus.fi\/mikkeli\/wp-content\/uploads\/sites\/36\/2021\/10\/08B18529-A5EB-481D-820A-1CF3C920D9D2.jpg\" \/>\n\t<meta property=\"og:image:width\" content=\"1484\" \/>\n\t<meta property=\"og:image:height\" content=\"834\" \/>\n\t<meta property=\"og:image:type\" content=\"image\/jpeg\" \/>\n<meta name=\"twitter:card\" content=\"summary_large_image\" \/>\n<meta name=\"twitter:label1\" content=\"Arvioitu lukuaika\" \/>\n\t<meta name=\"twitter:data1\" content=\"2 minuuttia\" \/>\n<script type=\"application\/ld+json\" class=\"yoast-schema-graph\">{\"@context\":\"https:\/\/schema.org\",\"@graph\":[{\"@type\":\"WebPage\",\"@id\":\"https:\/\/meripelastus.fi\/mikkeli\/mikkelin-jarvipelastajat\/tietoa-meista\/\",\"url\":\"https:\/\/meripelastus.fi\/mikkeli\/mikkelin-jarvipelastajat\/tietoa-meista\/\",\"name\":\"Tietoa meist\u00e4 - Mikkelin J\u00e4rvipelastajat\",\"isPartOf\":{\"@id\":\"https:\/\/meripelastus.fi\/mikkeli\/#website\"},\"primaryImageOfPage\":{\"@id\":\"https:\/\/meripelastus.fi\/mikkeli\/mikkelin-jarvipelastajat\/tietoa-meista\/#primaryimage\"},\"image\":{\"@id\":\"https:\/\/meripelastus.fi\/mikkeli\/mikkelin-jarvipelastajat\/tietoa-meista\/#primaryimage\"},\"thumbnailUrl\":\"https:\/\/meripelastus.fi\/mikkeli\/wp-content\/uploads\/sites\/36\/2021\/10\/08B18529-A5EB-481D-820A-1CF3C920D9D2.jpg\",\"datePublished\":\"2018-03-19T07:16:29+00:00\",\"dateModified\":\"2025-01-10T16:05:48+00:00\",\"breadcrumb\":{\"@id\":\"https:\/\/meripelastus.fi\/mikkeli\/mikkelin-jarvipelastajat\/tietoa-meista\/#breadcrumb\"},\"inLanguage\":\"fi\",\"potentialAction\":[{\"@type\":\"ReadAction\",\"target\":[\"https:\/\/meripelastus.fi\/mikkeli\/mikkelin-jarvipelastajat\/tietoa-meista\/\"]}]},{\"@type\":\"ImageObject\",\"inLanguage\":\"fi\",\"@id\":\"https:\/\/meripelastus.fi\/mikkeli\/mikkelin-jarvipelastajat\/tietoa-meista\/#primaryimage\",\"url\":\"https:\/\/meripelastus.fi\/mikkeli\/wp-content\/uploads\/sites\/36\/2021\/10\/08B18529-A5EB-481D-820A-1CF3C920D9D2.jpg\",\"contentUrl\":\"https:\/\/meripelastus.fi\/mikkeli\/wp-content\/uploads\/sites\/36\/2021\/10\/08B18529-A5EB-481D-820A-1CF3C920D9D2.jpg\",\"width\":1484,\"height\":834},{\"@type\":\"BreadcrumbList\",\"@id\":\"https:\/\/meripelastus.fi\/mikkeli\/mikkelin-jarvipelastajat\/tietoa-meista\/#breadcrumb\",\"itemListElement\":[{\"@type\":\"ListItem\",\"position\":1,\"name\":\"Etusivu\",\"item\":\"https:\/\/meripelastus.fi\/mikkeli\/\"},{\"@type\":\"ListItem\",\"position\":2,\"name\":\"Mikkelin J\u00e4rvipelastajat\",\"item\":\"https:\/\/meripelastus.fi\/mikkeli\/mikkelin-jarvipelastajat\/\"},{\"@type\":\"ListItem\",\"position\":3,\"name\":\"Tietoa meist\u00e4\"}]},{\"@type\":\"WebSite\",\"@id\":\"https:\/\/meripelastus.fi\/mikkeli\/#website\",\"url\":\"https:\/\/meripelastus.fi\/mikkeli\/\",\"name\":\"Mikkelin J\u00e4rvipelastajat\",\"description\":\"Vapaaehtoiset apunasi vesill\u00e4\",\"potentialAction\":[{\"@type\":\"SearchAction\",\"target\":{\"@type\":\"EntryPoint\",\"urlTemplate\":\"https:\/\/meripelastus.fi\/mikkeli\/?s={search_term_string}\"},\"query-input\":{\"@type\":\"PropertyValueSpecification\",\"valueRequired\":true,\"valueName\":\"search_term_string\"}}],\"inLanguage\":\"fi\"}]}<\/script>\n<!-- \/ Yoast SEO Premium plugin. -->","yoast_head_json":{"title":"Tietoa meist\u00e4 - Mikkelin J\u00e4rvipelastajat","robots":{"index":"index","follow":"follow","max-snippet":"max-snippet:-1","max-image-preview":"max-image-preview:large","max-video-preview":"max-video-preview:-1"},"canonical":"https:\/\/meripelastus.fi\/mikkeli\/mikkelin-jarvipelastajat\/tietoa-meista\/","og_locale":"fi_FI","og_type":"article","og_title":"Tietoa meist\u00e4","og_description":"Mikkelin J\u00e4rvipelastajat ry on Suomen Meripelastusseuran alainen j\u00e4senyhdistys, jonka tarkoituksena on yll\u00e4pit\u00e4\u00e4 ja kehitt\u00e4\u00e4 vapaaehtoista j\u00e4rvipelastustoimintaa L\u00e4nsi-Saimaan alueella. Yhdistyksen kotipaikka on Mikkeli, mutta kotisatama Mikkelin Anttolassa. K\u00e4yt\u00f6ss\u00e4mme on Suomen Meripelastusseuran osoittamat alukset SAR P\/V Luonteri ja Atlantic 75-RIB Ikioma, joilla tehd\u00e4\u00e4n avovesikauden aikana lukuisia etsint\u00e4- , pelastus- sek\u00e4 avustusteht\u00e4vi\u00e4 p\u00e4\u00e4osin Mikkelin, Juvan ja Puumalan vesialueilla. [&hellip;]","og_url":"https:\/\/meripelastus.fi\/mikkeli\/mikkelin-jarvipelastajat\/tietoa-meista\/","og_site_name":"Mikkelin J\u00e4rvipelastajat","article_modified_time":"2025-01-10T16:05:48+00:00","og_image":[{"width":1484,"height":834,"url":"https:\/\/meripelastus.fi\/mikkeli\/wp-content\/uploads\/sites\/36\/2021\/10\/08B18529-A5EB-481D-820A-1CF3C920D9D2.jpg","type":"image\/jpeg"}],"twitter_card":"summary_large_image","twitter_misc":{"Arvioitu lukuaika":"2 minuuttia"},"schema":{"@context":"https:\/\/schema.org","@graph":[{"@type":"WebPage","@id":"https:\/\/meripelastus.fi\/mikkeli\/mikkelin-jarvipelastajat\/tietoa-meista\/","url":"https:\/\/meripelastus.fi\/mikkeli\/mikkelin-jarvipelastajat\/tietoa-meista\/","name":"Tietoa meist\u00e4 - Mikkelin J\u00e4rvipelastajat","isPartOf":{"@id":"https:\/\/meripelastus.fi\/mikkeli\/#website"},"primaryImageOfPage":{"@id":"https:\/\/meripelastus.fi\/mikkeli\/mikkelin-jarvipelastajat\/tietoa-meista\/#primaryimage"},"image":{"@id":"https:\/\/meripelastus.fi\/mikkeli\/mikkelin-jarvipelastajat\/tietoa-meista\/#primaryimage"},"thumbnailUrl":"https:\/\/meripelastus.fi\/mikkeli\/wp-content\/uploads\/sites\/36\/2021\/10\/08B18529-A5EB-481D-820A-1CF3C920D9D2.jpg","datePublished":"2018-03-19T07:16:29+00:00","dateModified":"2025-01-10T16:05:48+00:00","breadcrumb":{"@id":"https:\/\/meripelastus.fi\/mikkeli\/mikkelin-jarvipelastajat\/tietoa-meista\/#breadcrumb"},"inLanguage":"fi","potentialAction":[{"@type":"ReadAction","target":["https:\/\/meripelastus.fi\/mikkeli\/mikkelin-jarvipelastajat\/tietoa-meista\/"]}]},{"@type":"ImageObject","inLanguage":"fi","@id":"https:\/\/meripelastus.fi\/mikkeli\/mikkelin-jarvipelastajat\/tietoa-meista\/#primaryimage","url":"https:\/\/meripelastus.fi\/mikkeli\/wp-content\/uploads\/sites\/36\/2021\/10\/08B18529-A5EB-481D-820A-1CF3C920D9D2.jpg","contentUrl":"https:\/\/meripelastus.fi\/mikkeli\/wp-content\/uploads\/sites\/36\/2021\/10\/08B18529-A5EB-481D-820A-1CF3C920D9D2.jpg","width":1484,"height":834},{"@type":"BreadcrumbList","@id":"https:\/\/meripelastus.fi\/mikkeli\/mikkelin-jarvipelastajat\/tietoa-meista\/#breadcrumb","itemListElement":[{"@type":"ListItem","position":1,"name":"Etusivu","item":"https:\/\/meripelastus.fi\/mikkeli\/"},{"@type":"ListItem","position":2,"name":"Mikkelin J\u00e4rvipelastajat","item":"https:\/\/meripelastus.fi\/mikkeli\/mikkelin-jarvipelastajat\/"},{"@type":"ListItem","position":3,"name":"Tietoa meist\u00e4"}]},{"@type":"WebSite","@id":"https:\/\/meripelastus.fi\/mikkeli\/#website","url":"https:\/\/meripelastus.fi\/mikkeli\/","name":"Mikkelin J\u00e4rvipelastajat","description":"Vapaaehtoiset apunasi vesill\u00e4","potentialAction":[{"@type":"SearchAction","target":{"@type":"EntryPoint","urlTemplate":"https:\/\/meripelastus.fi\/mikkeli\/?s={search_term_string}"},"query-input":{"@type":"PropertyValueSpecification","valueRequired":true,"valueName":"search_term_string"}}],"inLanguage":"fi"}]}},"_links":{"self":[{"href":"https:\/\/meripelastus.fi\/mikkeli\/wp-json\/wp\/v2\/pages\/8","targetHints":{"allow":["GET"]}}],"collection":[{"href":"https:\/\/meripelastus.fi\/mikkeli\/wp-json\/wp\/v2\/pages"}],"about":[{"href":"https:\/\/meripelastus.fi\/mikkeli\/wp-json\/wp\/v2\/types\/page"}],"author":[{"embeddable":true,"href":"https:\/\/meripelastus.fi\/mikkeli\/wp-json\/wp\/v2\/users\/1"}],"replies":[{"embeddable":true,"href":"https:\/\/meripelastus.fi\/mikkeli\/wp-json\/wp\/v2\/comments?post=8"}],"version-history":[{"count":12,"href":"https:\/\/meripelastus.fi\/mikkeli\/wp-json\/wp\/v2\/pages\/8\/revisions"}],"predecessor-version":[{"id":444,"href":"https:\/\/meripelastus.fi\/mikkeli\/wp-json\/wp\/v2\/pages\/8\/revisions\/444"}],"up":[{"embeddable":true,"href":"https:\/\/meripelastus.fi\/mikkeli\/wp-json\/wp\/v2\/pages\/6"}],"wp:featuredmedia":[{"embeddable":true,"href":"https:\/\/meripelastus.fi\/mikkeli\/wp-json\/wp\/v2\/media\/238"}],"wp:attachment":[{"href":"https:\/\/meripelastus.fi\/mikkeli\/wp-json\/wp\/v2\/media?parent=8"}],"curies":[{"name":"wp","href":"https:\/\/api.w.org\/{rel}","templated":true}]}}