{"id":218,"date":"2021-10-27T20:57:44","date_gmt":"2021-10-27T17:57:44","guid":{"rendered":"https:\/\/meripelastus.fi\/mikkeli-vedos\/?page_id=218"},"modified":"2025-01-10T18:39:23","modified_gmt":"2025-01-10T16:39:23","slug":"tule-mukaan","status":"publish","type":"page","link":"https:\/\/meripelastus.fi\/mikkeli\/toiminta\/tule-mukaan\/","title":{"rendered":"Tule mukaan!"},"content":{"rendered":"\n<h2 class=\"wp-block-heading\" id=\"h-pida-pelastusveneet-valmiudessa-liity-jaseneksi\">Pid\u00e4 pelastusveneet valmiudessa &#8211; liity j\u00e4seneksi!<\/h2>\n\n\n\n<h3 class=\"wp-block-heading\" id=\"h-henkilojasenyys-35-vuodessa\">Henkil\u00f6j\u00e4senyys 35 \u20ac vuodessa<\/h3>\n\n\n\n<p>J\u00e4senmaksusi auttaa turvaamaan veneily\u00e4 ja merenkulkua Saimaalla. P\u00e4\u00e4set my\u00f6s halutessasi mukaan antoisaan toimintaan.<\/p>\n\n\n\n<h3 class=\"wp-block-heading\" id=\"h-jasenena-etujasi-ovat-muun-muassa\">J\u00e4senen\u00e4 etujasi ovat muun muassa:<\/h3>\n\n\n\n<ul class=\"wp-block-list\">\n<li>Trossi -lehti nelj\u00e4 kertaa vuodessa<\/li>\n\n\n\n<li>Mahdollisuus hankkia Trossi-j\u00e4senpalvelu<\/li>\n\n\n\n<li>Mahdollisuus osallistua koulutuksiimme oman veneilyturvallisuutesi parantamiseksi<\/li>\n\n\n\n<li>Mahdollisuus aloittaa uusi ja hy\u00f6dyllinen harrastus mahtavassa porukassa<\/li>\n<\/ul>\n\n\n\n<h3 class=\"wp-block-heading\" id=\"h-kiinnostuitko-ota-yhteytta\">Kiinnostuitko? Ota yhteytt\u00e4:<\/h3>\n\n\n\n<p><a href=\"mailto:pj.mikkeli@messi.meripelastus.fi\"><em>pj.mikkeli@messi.meripelastus.fi<\/em><\/a><\/p>\n\n\n\n<p class=\"has-medium-font-size\"><strong>Toimintaan tutustuminen ja uusien harrastajien rekrytointi:<\/strong><\/p>\n\n\n\n<p><em><a href=\"mailto:koulutus.mikkeli@messi.meripelastus.fi\">koulutus.mikkeli@messi.meripelastus.fi<\/a><\/em><\/p>\n\n\n\n<figure class=\"wp-block-image size-large\"><img loading=\"lazy\" decoding=\"async\" width=\"1024\" height=\"768\" src=\"https:\/\/meripelastus.fi\/mikkeli\/wp-content\/uploads\/sites\/36\/2022\/10\/1-1024x768.jpg\" alt=\"\" class=\"wp-image-299\" srcset=\"https:\/\/meripelastus.fi\/mikkeli\/wp-content\/uploads\/sites\/36\/2022\/10\/1-1024x768.jpg 1024w, https:\/\/meripelastus.fi\/mikkeli\/wp-content\/uploads\/sites\/36\/2022\/10\/1-300x225.jpg 300w, https:\/\/meripelastus.fi\/mikkeli\/wp-content\/uploads\/sites\/36\/2022\/10\/1-768x576.jpg 768w, https:\/\/meripelastus.fi\/mikkeli\/wp-content\/uploads\/sites\/36\/2022\/10\/1-1536x1152.jpg 1536w, https:\/\/meripelastus.fi\/mikkeli\/wp-content\/uploads\/sites\/36\/2022\/10\/1-1600x1200.jpg 1600w, https:\/\/meripelastus.fi\/mikkeli\/wp-content\/uploads\/sites\/36\/2022\/10\/1.jpg 2016w\" sizes=\"auto, (max-width: 1024px) 100vw, 1024px\" \/><\/figure>\n","protected":false},"excerpt":{"rendered":"<p>Pid\u00e4 pelastusveneet valmiudessa &#8211; liity j\u00e4seneksi! Henkil\u00f6j\u00e4senyys 35 \u20ac vuodessa J\u00e4senmaksusi auttaa turvaamaan veneily\u00e4 ja merenkulkua Saimaalla. P\u00e4\u00e4set my\u00f6s halutessasi mukaan antoisaan toimintaan. J\u00e4senen\u00e4 etujasi ovat muun muassa: Kiinnostuitko? Ota yhteytt\u00e4: pj.mikkeli@messi.meripelastus.fi Toimintaan tutustuminen ja uusien harrastajien rekrytointi: koulutus.mikkeli@messi.meripelastus.fi<\/p>\n","protected":false},"author":91,"featured_media":0,"parent":20,"menu_order":0,"comment_status":"closed","ping_status":"closed","template":"","meta":{"_acf_changed":false,"inline_featured_image":false,"footnotes":""},"class_list":["post-218","page","type-page","status-publish","hentry"],"acf":[],"yoast_head":"<!-- This site is optimized with the Yoast SEO Premium plugin v27.2 (Yoast SEO v27.2) - https:\/\/yoast.com\/product\/yoast-seo-premium-wordpress\/ -->\n<title>Tule mukaan! - Mikkelin J\u00e4rvipelastajat<\/title>\n<meta name=\"robots\" content=\"index, follow, max-snippet:-1, max-image-preview:large, max-video-preview:-1\" \/>\n<link rel=\"canonical\" href=\"https:\/\/meripelastus.fi\/mikkeli\/toiminta\/tule-mukaan\/\" \/>\n<meta property=\"og:locale\" content=\"fi_FI\" \/>\n<meta property=\"og:type\" content=\"article\" \/>\n<meta property=\"og:title\" content=\"Tule mukaan!\" \/>\n<meta property=\"og:description\" content=\"Pid\u00e4 pelastusveneet valmiudessa &#8211; liity j\u00e4seneksi! Henkil\u00f6j\u00e4senyys 35 \u20ac vuodessa J\u00e4senmaksusi auttaa turvaamaan veneily\u00e4 ja merenkulkua Saimaalla. P\u00e4\u00e4set my\u00f6s halutessasi mukaan antoisaan toimintaan. J\u00e4senen\u00e4 etujasi ovat muun muassa: Kiinnostuitko? Ota yhteytt\u00e4: pj.mikkeli@messi.meripelastus.fi Toimintaan tutustuminen ja uusien harrastajien rekrytointi: koulutus.mikkeli@messi.meripelastus.fi\" \/>\n<meta property=\"og:url\" content=\"https:\/\/meripelastus.fi\/mikkeli\/toiminta\/tule-mukaan\/\" \/>\n<meta property=\"og:site_name\" content=\"Mikkelin J\u00e4rvipelastajat\" \/>\n<meta property=\"article:modified_time\" content=\"2025-01-10T16:39:23+00:00\" \/>\n<meta property=\"og:image\" content=\"https:\/\/meripelastus.fi\/mikkeli\/wp-content\/uploads\/sites\/36\/2022\/10\/1.jpg\" \/>\n\t<meta property=\"og:image:width\" content=\"2016\" \/>\n\t<meta property=\"og:image:height\" content=\"1512\" \/>\n\t<meta property=\"og:image:type\" content=\"image\/jpeg\" \/>\n<meta name=\"twitter:card\" content=\"summary_large_image\" \/>\n<meta name=\"twitter:label1\" content=\"Arvioitu lukuaika\" \/>\n\t<meta name=\"twitter:data1\" content=\"1 minuutti\" \/>\n<script type=\"application\/ld+json\" class=\"yoast-schema-graph\">{\"@context\":\"https:\/\/schema.org\",\"@graph\":[{\"@type\":\"WebPage\",\"@id\":\"https:\/\/meripelastus.fi\/mikkeli\/toiminta\/tule-mukaan\/\",\"url\":\"https:\/\/meripelastus.fi\/mikkeli\/toiminta\/tule-mukaan\/\",\"name\":\"Tule mukaan! - Mikkelin J\u00e4rvipelastajat\",\"isPartOf\":{\"@id\":\"https:\/\/meripelastus.fi\/mikkeli\/#website\"},\"primaryImageOfPage\":{\"@id\":\"https:\/\/meripelastus.fi\/mikkeli\/toiminta\/tule-mukaan\/#primaryimage\"},\"image\":{\"@id\":\"https:\/\/meripelastus.fi\/mikkeli\/toiminta\/tule-mukaan\/#primaryimage\"},\"thumbnailUrl\":\"https:\/\/meripelastus.fi\/mikkeli\/wp-content\/uploads\/sites\/36\/2022\/10\/1-1024x768.jpg\",\"datePublished\":\"2021-10-27T17:57:44+00:00\",\"dateModified\":\"2025-01-10T16:39:23+00:00\",\"breadcrumb\":{\"@id\":\"https:\/\/meripelastus.fi\/mikkeli\/toiminta\/tule-mukaan\/#breadcrumb\"},\"inLanguage\":\"fi\",\"potentialAction\":[{\"@type\":\"ReadAction\",\"target\":[\"https:\/\/meripelastus.fi\/mikkeli\/toiminta\/tule-mukaan\/\"]}]},{\"@type\":\"ImageObject\",\"inLanguage\":\"fi\",\"@id\":\"https:\/\/meripelastus.fi\/mikkeli\/toiminta\/tule-mukaan\/#primaryimage\",\"url\":\"https:\/\/meripelastus.fi\/mikkeli\/wp-content\/uploads\/sites\/36\/2022\/10\/1.jpg\",\"contentUrl\":\"https:\/\/meripelastus.fi\/mikkeli\/wp-content\/uploads\/sites\/36\/2022\/10\/1.jpg\",\"width\":2016,\"height\":1512},{\"@type\":\"BreadcrumbList\",\"@id\":\"https:\/\/meripelastus.fi\/mikkeli\/toiminta\/tule-mukaan\/#breadcrumb\",\"itemListElement\":[{\"@type\":\"ListItem\",\"position\":1,\"name\":\"Etusivu\",\"item\":\"https:\/\/meripelastus.fi\/mikkeli\/\"},{\"@type\":\"ListItem\",\"position\":2,\"name\":\"Toiminta\",\"item\":\"https:\/\/meripelastus.fi\/mikkeli\/toiminta\/\"},{\"@type\":\"ListItem\",\"position\":3,\"name\":\"Tule mukaan!\"}]},{\"@type\":\"WebSite\",\"@id\":\"https:\/\/meripelastus.fi\/mikkeli\/#website\",\"url\":\"https:\/\/meripelastus.fi\/mikkeli\/\",\"name\":\"Mikkelin J\u00e4rvipelastajat\",\"description\":\"Vapaaehtoiset apunasi vesill\u00e4\",\"potentialAction\":[{\"@type\":\"SearchAction\",\"target\":{\"@type\":\"EntryPoint\",\"urlTemplate\":\"https:\/\/meripelastus.fi\/mikkeli\/?s={search_term_string}\"},\"query-input\":{\"@type\":\"PropertyValueSpecification\",\"valueRequired\":true,\"valueName\":\"search_term_string\"}}],\"inLanguage\":\"fi\"}]}<\/script>\n<!-- \/ Yoast SEO Premium plugin. -->","yoast_head_json":{"title":"Tule mukaan! - Mikkelin J\u00e4rvipelastajat","robots":{"index":"index","follow":"follow","max-snippet":"max-snippet:-1","max-image-preview":"max-image-preview:large","max-video-preview":"max-video-preview:-1"},"canonical":"https:\/\/meripelastus.fi\/mikkeli\/toiminta\/tule-mukaan\/","og_locale":"fi_FI","og_type":"article","og_title":"Tule mukaan!","og_description":"Pid\u00e4 pelastusveneet valmiudessa &#8211; liity j\u00e4seneksi! Henkil\u00f6j\u00e4senyys 35 \u20ac vuodessa J\u00e4senmaksusi auttaa turvaamaan veneily\u00e4 ja merenkulkua Saimaalla. P\u00e4\u00e4set my\u00f6s halutessasi mukaan antoisaan toimintaan. J\u00e4senen\u00e4 etujasi ovat muun muassa: Kiinnostuitko? Ota yhteytt\u00e4: pj.mikkeli@messi.meripelastus.fi Toimintaan tutustuminen ja uusien harrastajien rekrytointi: koulutus.mikkeli@messi.meripelastus.fi","og_url":"https:\/\/meripelastus.fi\/mikkeli\/toiminta\/tule-mukaan\/","og_site_name":"Mikkelin J\u00e4rvipelastajat","article_modified_time":"2025-01-10T16:39:23+00:00","og_image":[{"width":2016,"height":1512,"url":"https:\/\/meripelastus.fi\/mikkeli\/wp-content\/uploads\/sites\/36\/2022\/10\/1.jpg","type":"image\/jpeg"}],"twitter_card":"summary_large_image","twitter_misc":{"Arvioitu lukuaika":"1 minuutti"},"schema":{"@context":"https:\/\/schema.org","@graph":[{"@type":"WebPage","@id":"https:\/\/meripelastus.fi\/mikkeli\/toiminta\/tule-mukaan\/","url":"https:\/\/meripelastus.fi\/mikkeli\/toiminta\/tule-mukaan\/","name":"Tule mukaan! - Mikkelin J\u00e4rvipelastajat","isPartOf":{"@id":"https:\/\/meripelastus.fi\/mikkeli\/#website"},"primaryImageOfPage":{"@id":"https:\/\/meripelastus.fi\/mikkeli\/toiminta\/tule-mukaan\/#primaryimage"},"image":{"@id":"https:\/\/meripelastus.fi\/mikkeli\/toiminta\/tule-mukaan\/#primaryimage"},"thumbnailUrl":"https:\/\/meripelastus.fi\/mikkeli\/wp-content\/uploads\/sites\/36\/2022\/10\/1-1024x768.jpg","datePublished":"2021-10-27T17:57:44+00:00","dateModified":"2025-01-10T16:39:23+00:00","breadcrumb":{"@id":"https:\/\/meripelastus.fi\/mikkeli\/toiminta\/tule-mukaan\/#breadcrumb"},"inLanguage":"fi","potentialAction":[{"@type":"ReadAction","target":["https:\/\/meripelastus.fi\/mikkeli\/toiminta\/tule-mukaan\/"]}]},{"@type":"ImageObject","inLanguage":"fi","@id":"https:\/\/meripelastus.fi\/mikkeli\/toiminta\/tule-mukaan\/#primaryimage","url":"https:\/\/meripelastus.fi\/mikkeli\/wp-content\/uploads\/sites\/36\/2022\/10\/1.jpg","contentUrl":"https:\/\/meripelastus.fi\/mikkeli\/wp-content\/uploads\/sites\/36\/2022\/10\/1.jpg","width":2016,"height":1512},{"@type":"BreadcrumbList","@id":"https:\/\/meripelastus.fi\/mikkeli\/toiminta\/tule-mukaan\/#breadcrumb","itemListElement":[{"@type":"ListItem","position":1,"name":"Etusivu","item":"https:\/\/meripelastus.fi\/mikkeli\/"},{"@type":"ListItem","position":2,"name":"Toiminta","item":"https:\/\/meripelastus.fi\/mikkeli\/toiminta\/"},{"@type":"ListItem","position":3,"name":"Tule mukaan!"}]},{"@type":"WebSite","@id":"https:\/\/meripelastus.fi\/mikkeli\/#website","url":"https:\/\/meripelastus.fi\/mikkeli\/","name":"Mikkelin J\u00e4rvipelastajat","description":"Vapaaehtoiset apunasi vesill\u00e4","potentialAction":[{"@type":"SearchAction","target":{"@type":"EntryPoint","urlTemplate":"https:\/\/meripelastus.fi\/mikkeli\/?s={search_term_string}"},"query-input":{"@type":"PropertyValueSpecification","valueRequired":true,"valueName":"search_term_string"}}],"inLanguage":"fi"}]}},"_links":{"self":[{"href":"https:\/\/meripelastus.fi\/mikkeli\/wp-json\/wp\/v2\/pages\/218","targetHints":{"allow":["GET"]}}],"collection":[{"href":"https:\/\/meripelastus.fi\/mikkeli\/wp-json\/wp\/v2\/pages"}],"about":[{"href":"https:\/\/meripelastus.fi\/mikkeli\/wp-json\/wp\/v2\/types\/page"}],"author":[{"embeddable":true,"href":"https:\/\/meripelastus.fi\/mikkeli\/wp-json\/wp\/v2\/users\/91"}],"replies":[{"embeddable":true,"href":"https:\/\/meripelastus.fi\/mikkeli\/wp-json\/wp\/v2\/comments?post=218"}],"version-history":[{"count":15,"href":"https:\/\/meripelastus.fi\/mikkeli\/wp-json\/wp\/v2\/pages\/218\/revisions"}],"predecessor-version":[{"id":455,"href":"https:\/\/meripelastus.fi\/mikkeli\/wp-json\/wp\/v2\/pages\/218\/revisions\/455"}],"up":[{"embeddable":true,"href":"https:\/\/meripelastus.fi\/mikkeli\/wp-json\/wp\/v2\/pages\/20"}],"wp:attachment":[{"href":"https:\/\/meripelastus.fi\/mikkeli\/wp-json\/wp\/v2\/media?parent=218"}],"curies":[{"name":"wp","href":"https:\/\/api.w.org\/{rel}","templated":true}]}}