{"id":206,"date":"2021-10-27T20:28:16","date_gmt":"2021-10-27T17:28:16","guid":{"rendered":"https:\/\/meripelastus.fi\/mikkeli-vedos\/?page_id=206"},"modified":"2025-01-10T18:25:15","modified_gmt":"2025-01-10T16:25:15","slug":"koulutus","status":"publish","type":"page","link":"https:\/\/meripelastus.fi\/mikkeli\/toiminta\/koulutus\/","title":{"rendered":"Koulutus"},"content":{"rendered":"\n<p>Miehist\u00f6n koulutus pohjautuu Suomen Meripelastusseuran koulutusj\u00e4rjestelm\u00e4\u00e4n.<\/p>\n\n\n\n<p>Aikaisempaa veneilykokemusta ei tarvita, vaan yhdistyksen antama koulutus sek\u00e4 Suomen Meripelastuseuran kurssit antavat toiminnassamme tarvittavat tiedot ja taidot.<\/p>\n\n\n\n<p>Mikkelin J\u00e4rvipelastajien miehist\u00f6 aloittaa viikottaiset harjoitukset helmi-maaliskuussa. Tietoja ja taitoja kerrataan niin teoriassa kuin k\u00e4yt\u00e4nn\u00f6ss\u00e4. Viikkoharjoitukset kest\u00e4v\u00e4t aina lokakuun loppuun saakka.<\/p>\n\n\n\n<p>Harjoitusten aiheina ovat muun muassa navigointi, ensiapu, vedess\u00e4 ty\u00f6skentely ja pintapelastus, hinaus sek\u00e4 viestiliikenne. My\u00f6s koneiden ja varusteiden huolto kuuluvat t\u00e4rke\u00e4n\u00e4 osana koulutukseen ja toimintaan.<\/p>\n\n\n\n<p>Lis\u00e4tietoja koulutuksesta:&nbsp;<a href=\"mailto:koulutus.mikkeli@messi.meripelastus.fi\">koulutus.mikkeli@messi.meripelastus.fi<\/a><\/p>\n\n\n\n<div class=\"wp-block-group is-nowrap is-layout-flex wp-container-core-group-is-layout-ad2f72ca wp-block-group-is-layout-flex\">\n<div class=\"wp-block-columns is-layout-flex wp-container-core-columns-is-layout-9d6595d7 wp-block-columns-is-layout-flex\">\n<div class=\"wp-block-column is-layout-flow wp-block-column-is-layout-flow\" style=\"flex-basis:100%\">\n<figure class=\"wp-block-gallery has-nested-images columns-default is-cropped wp-block-gallery-1 is-layout-flex wp-block-gallery-is-layout-flex\"><\/figure>\n<\/div>\n<\/div>\n<\/div>\n\n\n\n<figure class=\"wp-block-gallery has-nested-images columns-default is-cropped wp-block-gallery-2 is-layout-flex wp-block-gallery-is-layout-flex\">\n<figure class=\"wp-block-image size-large\"><a href=\"https:\/\/meripelastus.fi\/mikkeli\/wp-content\/uploads\/sites\/36\/2021\/11\/IMG-20181013-WA0005.jpg\"><img loading=\"lazy\" decoding=\"async\" width=\"1024\" height=\"768\" data-id=\"263\" src=\"https:\/\/meripelastus.fi\/mikkeli\/wp-content\/uploads\/sites\/36\/2021\/11\/IMG-20181013-WA0005-1024x768.jpg\" alt=\"\" class=\"wp-image-263\" srcset=\"https:\/\/meripelastus.fi\/mikkeli\/wp-content\/uploads\/sites\/36\/2021\/11\/IMG-20181013-WA0005-1024x768.jpg 1024w, https:\/\/meripelastus.fi\/mikkeli\/wp-content\/uploads\/sites\/36\/2021\/11\/IMG-20181013-WA0005-300x225.jpg 300w, https:\/\/meripelastus.fi\/mikkeli\/wp-content\/uploads\/sites\/36\/2021\/11\/IMG-20181013-WA0005-768x576.jpg 768w, https:\/\/meripelastus.fi\/mikkeli\/wp-content\/uploads\/sites\/36\/2021\/11\/IMG-20181013-WA0005-1536x1152.jpg 1536w, https:\/\/meripelastus.fi\/mikkeli\/wp-content\/uploads\/sites\/36\/2021\/11\/IMG-20181013-WA0005.jpg 1600w\" sizes=\"auto, (max-width: 1024px) 100vw, 1024px\" \/><\/a><\/figure>\n\n\n\n<figure class=\"wp-block-image size-large\"><a href=\"https:\/\/meripelastus.fi\/mikkeli\/wp-content\/uploads\/sites\/36\/2021\/10\/IMG_3240.jpg\"><img loading=\"lazy\" decoding=\"async\" width=\"640\" height=\"480\" data-id=\"235\" src=\"https:\/\/meripelastus.fi\/mikkeli\/wp-content\/uploads\/sites\/36\/2021\/10\/IMG_3240.jpg\" alt=\"\" class=\"wp-image-235\" srcset=\"https:\/\/meripelastus.fi\/mikkeli\/wp-content\/uploads\/sites\/36\/2021\/10\/IMG_3240.jpg 640w, https:\/\/meripelastus.fi\/mikkeli\/wp-content\/uploads\/sites\/36\/2021\/10\/IMG_3240-300x225.jpg 300w\" sizes=\"auto, (max-width: 640px) 100vw, 640px\" \/><\/a><\/figure>\n<\/figure>\n\n\n\n<div class=\"wp-block-group is-layout-grid wp-container-core-group-is-layout-9649a0d9 wp-block-group-is-layout-grid\">\n<figure class=\"wp-block-gallery has-nested-images columns-1 is-cropped wp-block-gallery-3 is-layout-flex wp-block-gallery-is-layout-flex\"><\/figure>\n<\/div>\n","protected":false},"excerpt":{"rendered":"<p>Miehist\u00f6n koulutus pohjautuu Suomen Meripelastusseuran koulutusj\u00e4rjestelm\u00e4\u00e4n. Aikaisempaa veneilykokemusta ei tarvita, vaan yhdistyksen antama koulutus sek\u00e4 Suomen Meripelastuseuran kurssit antavat toiminnassamme tarvittavat tiedot ja taidot. Mikkelin J\u00e4rvipelastajien miehist\u00f6 aloittaa viikottaiset harjoitukset helmi-maaliskuussa. Tietoja ja taitoja kerrataan niin teoriassa kuin k\u00e4yt\u00e4nn\u00f6ss\u00e4. Viikkoharjoitukset kest\u00e4v\u00e4t aina lokakuun loppuun saakka. Harjoitusten aiheina ovat muun muassa navigointi, ensiapu, vedess\u00e4 ty\u00f6skentely ja [&hellip;]<\/p>\n","protected":false},"author":91,"featured_media":0,"parent":20,"menu_order":0,"comment_status":"closed","ping_status":"closed","template":"","meta":{"_acf_changed":false,"inline_featured_image":false,"footnotes":""},"class_list":["post-206","page","type-page","status-publish","hentry"],"acf":[],"yoast_head":"<!-- This site is optimized with the Yoast SEO Premium plugin v27.2 (Yoast SEO v27.2) - https:\/\/yoast.com\/product\/yoast-seo-premium-wordpress\/ -->\n<title>Koulutus - Mikkelin J\u00e4rvipelastajat<\/title>\n<meta name=\"robots\" content=\"index, follow, max-snippet:-1, max-image-preview:large, max-video-preview:-1\" \/>\n<link rel=\"canonical\" href=\"https:\/\/meripelastus.fi\/mikkeli\/toiminta\/koulutus\/\" \/>\n<meta property=\"og:locale\" content=\"fi_FI\" \/>\n<meta property=\"og:type\" content=\"article\" \/>\n<meta property=\"og:title\" content=\"Koulutus\" \/>\n<meta property=\"og:description\" content=\"Miehist\u00f6n koulutus pohjautuu Suomen Meripelastusseuran koulutusj\u00e4rjestelm\u00e4\u00e4n. Aikaisempaa veneilykokemusta ei tarvita, vaan yhdistyksen antama koulutus sek\u00e4 Suomen Meripelastuseuran kurssit antavat toiminnassamme tarvittavat tiedot ja taidot. Mikkelin J\u00e4rvipelastajien miehist\u00f6 aloittaa viikottaiset harjoitukset helmi-maaliskuussa. Tietoja ja taitoja kerrataan niin teoriassa kuin k\u00e4yt\u00e4nn\u00f6ss\u00e4. Viikkoharjoitukset kest\u00e4v\u00e4t aina lokakuun loppuun saakka. Harjoitusten aiheina ovat muun muassa navigointi, ensiapu, vedess\u00e4 ty\u00f6skentely ja [&hellip;]\" \/>\n<meta property=\"og:url\" content=\"https:\/\/meripelastus.fi\/mikkeli\/toiminta\/koulutus\/\" \/>\n<meta property=\"og:site_name\" content=\"Mikkelin J\u00e4rvipelastajat\" \/>\n<meta property=\"article:modified_time\" content=\"2025-01-10T16:25:15+00:00\" \/>\n<meta property=\"og:image\" content=\"https:\/\/meripelastus.fi\/mikkeli\/wp-content\/uploads\/sites\/36\/2021\/11\/IMG-20181013-WA0005.jpg\" \/>\n\t<meta property=\"og:image:width\" content=\"1600\" \/>\n\t<meta property=\"og:image:height\" content=\"1200\" \/>\n\t<meta property=\"og:image:type\" content=\"image\/jpeg\" \/>\n<meta name=\"twitter:card\" content=\"summary_large_image\" \/>\n<meta name=\"twitter:label1\" content=\"Arvioitu lukuaika\" \/>\n\t<meta name=\"twitter:data1\" content=\"1 minuutti\" \/>\n<script type=\"application\/ld+json\" class=\"yoast-schema-graph\">{\"@context\":\"https:\/\/schema.org\",\"@graph\":[{\"@type\":\"WebPage\",\"@id\":\"https:\/\/meripelastus.fi\/mikkeli\/toiminta\/koulutus\/\",\"url\":\"https:\/\/meripelastus.fi\/mikkeli\/toiminta\/koulutus\/\",\"name\":\"Koulutus - Mikkelin J\u00e4rvipelastajat\",\"isPartOf\":{\"@id\":\"https:\/\/meripelastus.fi\/mikkeli\/#website\"},\"primaryImageOfPage\":{\"@id\":\"https:\/\/meripelastus.fi\/mikkeli\/toiminta\/koulutus\/#primaryimage\"},\"image\":{\"@id\":\"https:\/\/meripelastus.fi\/mikkeli\/toiminta\/koulutus\/#primaryimage\"},\"thumbnailUrl\":\"https:\/\/meripelastus.fi\/mikkeli\/wp-content\/uploads\/sites\/36\/2021\/11\/IMG-20181013-WA0005-1024x768.jpg\",\"datePublished\":\"2021-10-27T17:28:16+00:00\",\"dateModified\":\"2025-01-10T16:25:15+00:00\",\"breadcrumb\":{\"@id\":\"https:\/\/meripelastus.fi\/mikkeli\/toiminta\/koulutus\/#breadcrumb\"},\"inLanguage\":\"fi\",\"potentialAction\":[{\"@type\":\"ReadAction\",\"target\":[\"https:\/\/meripelastus.fi\/mikkeli\/toiminta\/koulutus\/\"]}]},{\"@type\":\"ImageObject\",\"inLanguage\":\"fi\",\"@id\":\"https:\/\/meripelastus.fi\/mikkeli\/toiminta\/koulutus\/#primaryimage\",\"url\":\"https:\/\/meripelastus.fi\/mikkeli\/wp-content\/uploads\/sites\/36\/2021\/11\/IMG-20181013-WA0005.jpg\",\"contentUrl\":\"https:\/\/meripelastus.fi\/mikkeli\/wp-content\/uploads\/sites\/36\/2021\/11\/IMG-20181013-WA0005.jpg\",\"width\":1600,\"height\":1200},{\"@type\":\"BreadcrumbList\",\"@id\":\"https:\/\/meripelastus.fi\/mikkeli\/toiminta\/koulutus\/#breadcrumb\",\"itemListElement\":[{\"@type\":\"ListItem\",\"position\":1,\"name\":\"Etusivu\",\"item\":\"https:\/\/meripelastus.fi\/mikkeli\/\"},{\"@type\":\"ListItem\",\"position\":2,\"name\":\"Toiminta\",\"item\":\"https:\/\/meripelastus.fi\/mikkeli\/toiminta\/\"},{\"@type\":\"ListItem\",\"position\":3,\"name\":\"Koulutus\"}]},{\"@type\":\"WebSite\",\"@id\":\"https:\/\/meripelastus.fi\/mikkeli\/#website\",\"url\":\"https:\/\/meripelastus.fi\/mikkeli\/\",\"name\":\"Mikkelin J\u00e4rvipelastajat\",\"description\":\"Vapaaehtoiset apunasi vesill\u00e4\",\"potentialAction\":[{\"@type\":\"SearchAction\",\"target\":{\"@type\":\"EntryPoint\",\"urlTemplate\":\"https:\/\/meripelastus.fi\/mikkeli\/?s={search_term_string}\"},\"query-input\":{\"@type\":\"PropertyValueSpecification\",\"valueRequired\":true,\"valueName\":\"search_term_string\"}}],\"inLanguage\":\"fi\"}]}<\/script>\n<!-- \/ Yoast SEO Premium plugin. -->","yoast_head_json":{"title":"Koulutus - Mikkelin J\u00e4rvipelastajat","robots":{"index":"index","follow":"follow","max-snippet":"max-snippet:-1","max-image-preview":"max-image-preview:large","max-video-preview":"max-video-preview:-1"},"canonical":"https:\/\/meripelastus.fi\/mikkeli\/toiminta\/koulutus\/","og_locale":"fi_FI","og_type":"article","og_title":"Koulutus","og_description":"Miehist\u00f6n koulutus pohjautuu Suomen Meripelastusseuran koulutusj\u00e4rjestelm\u00e4\u00e4n. Aikaisempaa veneilykokemusta ei tarvita, vaan yhdistyksen antama koulutus sek\u00e4 Suomen Meripelastuseuran kurssit antavat toiminnassamme tarvittavat tiedot ja taidot. Mikkelin J\u00e4rvipelastajien miehist\u00f6 aloittaa viikottaiset harjoitukset helmi-maaliskuussa. Tietoja ja taitoja kerrataan niin teoriassa kuin k\u00e4yt\u00e4nn\u00f6ss\u00e4. Viikkoharjoitukset kest\u00e4v\u00e4t aina lokakuun loppuun saakka. Harjoitusten aiheina ovat muun muassa navigointi, ensiapu, vedess\u00e4 ty\u00f6skentely ja [&hellip;]","og_url":"https:\/\/meripelastus.fi\/mikkeli\/toiminta\/koulutus\/","og_site_name":"Mikkelin J\u00e4rvipelastajat","article_modified_time":"2025-01-10T16:25:15+00:00","og_image":[{"width":1600,"height":1200,"url":"https:\/\/meripelastus.fi\/mikkeli\/wp-content\/uploads\/sites\/36\/2021\/11\/IMG-20181013-WA0005.jpg","type":"image\/jpeg"}],"twitter_card":"summary_large_image","twitter_misc":{"Arvioitu lukuaika":"1 minuutti"},"schema":{"@context":"https:\/\/schema.org","@graph":[{"@type":"WebPage","@id":"https:\/\/meripelastus.fi\/mikkeli\/toiminta\/koulutus\/","url":"https:\/\/meripelastus.fi\/mikkeli\/toiminta\/koulutus\/","name":"Koulutus - Mikkelin J\u00e4rvipelastajat","isPartOf":{"@id":"https:\/\/meripelastus.fi\/mikkeli\/#website"},"primaryImageOfPage":{"@id":"https:\/\/meripelastus.fi\/mikkeli\/toiminta\/koulutus\/#primaryimage"},"image":{"@id":"https:\/\/meripelastus.fi\/mikkeli\/toiminta\/koulutus\/#primaryimage"},"thumbnailUrl":"https:\/\/meripelastus.fi\/mikkeli\/wp-content\/uploads\/sites\/36\/2021\/11\/IMG-20181013-WA0005-1024x768.jpg","datePublished":"2021-10-27T17:28:16+00:00","dateModified":"2025-01-10T16:25:15+00:00","breadcrumb":{"@id":"https:\/\/meripelastus.fi\/mikkeli\/toiminta\/koulutus\/#breadcrumb"},"inLanguage":"fi","potentialAction":[{"@type":"ReadAction","target":["https:\/\/meripelastus.fi\/mikkeli\/toiminta\/koulutus\/"]}]},{"@type":"ImageObject","inLanguage":"fi","@id":"https:\/\/meripelastus.fi\/mikkeli\/toiminta\/koulutus\/#primaryimage","url":"https:\/\/meripelastus.fi\/mikkeli\/wp-content\/uploads\/sites\/36\/2021\/11\/IMG-20181013-WA0005.jpg","contentUrl":"https:\/\/meripelastus.fi\/mikkeli\/wp-content\/uploads\/sites\/36\/2021\/11\/IMG-20181013-WA0005.jpg","width":1600,"height":1200},{"@type":"BreadcrumbList","@id":"https:\/\/meripelastus.fi\/mikkeli\/toiminta\/koulutus\/#breadcrumb","itemListElement":[{"@type":"ListItem","position":1,"name":"Etusivu","item":"https:\/\/meripelastus.fi\/mikkeli\/"},{"@type":"ListItem","position":2,"name":"Toiminta","item":"https:\/\/meripelastus.fi\/mikkeli\/toiminta\/"},{"@type":"ListItem","position":3,"name":"Koulutus"}]},{"@type":"WebSite","@id":"https:\/\/meripelastus.fi\/mikkeli\/#website","url":"https:\/\/meripelastus.fi\/mikkeli\/","name":"Mikkelin J\u00e4rvipelastajat","description":"Vapaaehtoiset apunasi vesill\u00e4","potentialAction":[{"@type":"SearchAction","target":{"@type":"EntryPoint","urlTemplate":"https:\/\/meripelastus.fi\/mikkeli\/?s={search_term_string}"},"query-input":{"@type":"PropertyValueSpecification","valueRequired":true,"valueName":"search_term_string"}}],"inLanguage":"fi"}]}},"_links":{"self":[{"href":"https:\/\/meripelastus.fi\/mikkeli\/wp-json\/wp\/v2\/pages\/206","targetHints":{"allow":["GET"]}}],"collection":[{"href":"https:\/\/meripelastus.fi\/mikkeli\/wp-json\/wp\/v2\/pages"}],"about":[{"href":"https:\/\/meripelastus.fi\/mikkeli\/wp-json\/wp\/v2\/types\/page"}],"author":[{"embeddable":true,"href":"https:\/\/meripelastus.fi\/mikkeli\/wp-json\/wp\/v2\/users\/91"}],"replies":[{"embeddable":true,"href":"https:\/\/meripelastus.fi\/mikkeli\/wp-json\/wp\/v2\/comments?post=206"}],"version-history":[{"count":12,"href":"https:\/\/meripelastus.fi\/mikkeli\/wp-json\/wp\/v2\/pages\/206\/revisions"}],"predecessor-version":[{"id":448,"href":"https:\/\/meripelastus.fi\/mikkeli\/wp-json\/wp\/v2\/pages\/206\/revisions\/448"}],"up":[{"embeddable":true,"href":"https:\/\/meripelastus.fi\/mikkeli\/wp-json\/wp\/v2\/pages\/20"}],"wp:attachment":[{"href":"https:\/\/meripelastus.fi\/mikkeli\/wp-json\/wp\/v2\/media?parent=206"}],"curies":[{"name":"wp","href":"https:\/\/api.w.org\/{rel}","templated":true}]}}