{"id":244,"date":"2018-06-12T13:15:52","date_gmt":"2018-06-12T10:15:52","guid":{"rendered":"http:\/\/etela-saimaa.smpsyhdistykset.16.testivedos.com\/?page_id=244"},"modified":"2025-04-29T21:57:25","modified_gmt":"2025-04-29T18:57:25","slug":"willimies","status":"publish","type":"page","link":"https:\/\/meripelastus.fi\/lappeenranta\/willimies\/","title":{"rendered":"Willimies \/ VEK108"},"content":{"rendered":"<p>Willimies soveltuu kaikkiin meri- ja j\u00e4rvipelastusteht\u00e4viin sek\u00e4 kuljetusalustaksi saarissa tapahtuviin pelastusteht\u00e4viin, sek\u00e4 k\u00e4ytett\u00e4v\u00e4ksi kaikissa Saimaan olosuhteissa. L\u00e4ht\u00f6aika on 30 minuuttia ja Saimaalla ollessa v\u00e4lit\u00f6n. Willimies on sijoitettuna Rapasaareen joka sijaitsee Lappeenrannan sataman yhteydess\u00e4.<\/p>\n<p><b>Ominaisuudet:<\/b><\/p>\n<p>&#8211; Valmistaja: Marine Alutech Oy<br \/>\n&#8211; Rakennettu 1999<br \/>\n&#8211; Koneteho: 441 kW<br \/>\n<strong>&#8211; P\u00e4ivityskorjaus: 2020 Weldmec Marine<\/strong><br \/>\n<strong>&#8211; Koneteho: 643 kW<\/strong><br \/>\n&#8211; Propulsio: Vesisuihku<br \/>\n&#8211; Nopeus: 38 solmua (70 km\/h)<\/p>\n<p>&#8211; Pituus: 12m<br \/>\n&#8211; Leveys: 3,5m<br \/>\n&#8211; Syv\u00e4ys: 0,8m<br \/>\n&#8211; Korkeus: 5m<\/p>\n<p>&#8211; Miehitys: 1+2 henk.<br \/>\n&#8211; Kapasiteetti: 12 henk. (sis. miehitys)<br \/>\n1 paari potilas<\/p>\n<p><b>Varustus: <\/b><\/p>\n<p>&#8211; Rankalauta ja kauhapaarit<br \/>\n&#8211; Tyhji\u00f6patja ja tyhji\u00f6lastat<br \/>\n&#8211; Ensivastevarustus<\/p>\n<p>&#8211; Vesipumppu 600l\/min tyhj.\/sammutus<br \/>\n&#8211; Sammutusletkua 100m<br \/>\n&#8211; S\u00e4hk\u00f6k\u00e4ytt\u00f6inen uppopumppu<br \/>\n&#8211; Raivauskalustoa<\/p>\n<p>&#8211; Pintapelastusvarusteet<br \/>\n&#8211; Hiab nosturi<\/p>\n<p>&#8211; Viistokaikuluotain<\/p>\n<p><b>Viestiyhteydet: <\/b><\/p>\n<p>&#8211; Virve (ajoneuvoasema ja k\u00e4siradio)<br \/>\n&#8211; Meri-VHF (miehist\u00f6n j\u00e4senille kannettavat VHF radiot)<br \/>\n&#8211; VHF-DSC<br \/>\n&#8211; AIS (tunnus SAR Willimies)<br \/>\n&#8211; GSM<br \/>\n&#8211; 4G internet yhteys<\/p>\n<p><a href=\"http:\/\/meripelastuslpr.kuvat.fi\/kuvat\/Alukset\/PV+Willimies+\/\" target=\"_blank\" rel=\"noopener noreferrer\">Kuvia aluksesta <\/a><\/p>\n","protected":false},"excerpt":{"rendered":"<p>Willimies soveltuu kaikkiin meri- ja j\u00e4rvipelastusteht\u00e4viin sek\u00e4 kuljetusalustaksi saarissa tapahtuviin pelastusteht\u00e4viin, sek\u00e4 k\u00e4ytett\u00e4v\u00e4ksi kaikissa Saimaan olosuhteissa. L\u00e4ht\u00f6aika on 30 minuuttia ja Saimaalla ollessa v\u00e4lit\u00f6n. Willimies on sijoitettuna Rapasaareen joka sijaitsee Lappeenrannan sataman yhteydess\u00e4. Ominaisuudet: &#8211; Valmistaja: Marine Alutech Oy &#8211; Rakennettu 1999 &#8211; Koneteho: 441 kW &#8211; P\u00e4ivityskorjaus: 2020 Weldmec Marine &#8211; Koneteho: 643 kW [&hellip;]<\/p>\n","protected":false},"author":9,"featured_media":558,"parent":0,"menu_order":0,"comment_status":"closed","ping_status":"closed","template":"","meta":{"_acf_changed":false,"inline_featured_image":false,"footnotes":""},"class_list":["post-244","page","type-page","status-publish","has-post-thumbnail","hentry"],"acf":[],"yoast_head":"<!-- This site is optimized with the Yoast SEO Premium plugin v27.2 (Yoast SEO v27.2) - https:\/\/yoast.com\/product\/yoast-seo-premium-wordpress\/ -->\n<title>Willimies \/ VEK108 - Suomen Meripelastusseura Etel\u00e4-Saimaa<\/title>\n<meta name=\"robots\" content=\"index, follow, max-snippet:-1, max-image-preview:large, max-video-preview:-1\" \/>\n<link rel=\"canonical\" href=\"https:\/\/meripelastus.fi\/lappeenranta\/willimies\/\" \/>\n<meta property=\"og:locale\" content=\"fi_FI\" \/>\n<meta property=\"og:type\" content=\"article\" \/>\n<meta property=\"og:title\" content=\"Willimies \/ VEK108\" \/>\n<meta property=\"og:description\" content=\"Willimies soveltuu kaikkiin meri- ja j\u00e4rvipelastusteht\u00e4viin sek\u00e4 kuljetusalustaksi saarissa tapahtuviin pelastusteht\u00e4viin, sek\u00e4 k\u00e4ytett\u00e4v\u00e4ksi kaikissa Saimaan olosuhteissa. L\u00e4ht\u00f6aika on 30 minuuttia ja Saimaalla ollessa v\u00e4lit\u00f6n. Willimies on sijoitettuna Rapasaareen joka sijaitsee Lappeenrannan sataman yhteydess\u00e4. Ominaisuudet: &#8211; Valmistaja: Marine Alutech Oy &#8211; Rakennettu 1999 &#8211; Koneteho: 441 kW &#8211; P\u00e4ivityskorjaus: 2020 Weldmec Marine &#8211; Koneteho: 643 kW [&hellip;]\" \/>\n<meta property=\"og:url\" content=\"https:\/\/meripelastus.fi\/lappeenranta\/willimies\/\" \/>\n<meta property=\"og:site_name\" content=\"Suomen Meripelastusseura Etel\u00e4-Saimaa\" \/>\n<meta property=\"article:modified_time\" content=\"2025-04-29T18:57:25+00:00\" \/>\n<meta property=\"og:image\" content=\"https:\/\/meripelastus.fi\/lappeenranta\/wp-content\/uploads\/sites\/6\/2019\/05\/IMG_0853.jpg\" \/>\n\t<meta property=\"og:image:width\" content=\"4393\" \/>\n\t<meta property=\"og:image:height\" content=\"2929\" \/>\n\t<meta property=\"og:image:type\" content=\"image\/jpeg\" \/>\n<meta name=\"twitter:card\" content=\"summary_large_image\" \/>\n<meta name=\"twitter:label1\" content=\"Arvioitu lukuaika\" \/>\n\t<meta name=\"twitter:data1\" content=\"1 minuutti\" \/>\n<script type=\"application\/ld+json\" class=\"yoast-schema-graph\">{\"@context\":\"https:\/\/schema.org\",\"@graph\":[{\"@type\":\"WebPage\",\"@id\":\"https:\/\/meripelastus.fi\/lappeenranta\/willimies\/\",\"url\":\"https:\/\/meripelastus.fi\/lappeenranta\/willimies\/\",\"name\":\"Willimies \/ VEK108 - Suomen Meripelastusseura Etel\u00e4-Saimaa\",\"isPartOf\":{\"@id\":\"https:\/\/meripelastus.fi\/lappeenranta\/#website\"},\"primaryImageOfPage\":{\"@id\":\"https:\/\/meripelastus.fi\/lappeenranta\/willimies\/#primaryimage\"},\"image\":{\"@id\":\"https:\/\/meripelastus.fi\/lappeenranta\/willimies\/#primaryimage\"},\"thumbnailUrl\":\"https:\/\/meripelastus.fi\/lappeenranta\/wp-content\/uploads\/sites\/6\/2019\/05\/IMG_0853.jpg\",\"datePublished\":\"2018-06-12T10:15:52+00:00\",\"dateModified\":\"2025-04-29T18:57:25+00:00\",\"breadcrumb\":{\"@id\":\"https:\/\/meripelastus.fi\/lappeenranta\/willimies\/#breadcrumb\"},\"inLanguage\":\"fi\",\"potentialAction\":[{\"@type\":\"ReadAction\",\"target\":[\"https:\/\/meripelastus.fi\/lappeenranta\/willimies\/\"]}]},{\"@type\":\"ImageObject\",\"inLanguage\":\"fi\",\"@id\":\"https:\/\/meripelastus.fi\/lappeenranta\/willimies\/#primaryimage\",\"url\":\"https:\/\/meripelastus.fi\/lappeenranta\/wp-content\/uploads\/sites\/6\/2019\/05\/IMG_0853.jpg\",\"contentUrl\":\"https:\/\/meripelastus.fi\/lappeenranta\/wp-content\/uploads\/sites\/6\/2019\/05\/IMG_0853.jpg\",\"width\":4393,\"height\":2929},{\"@type\":\"BreadcrumbList\",\"@id\":\"https:\/\/meripelastus.fi\/lappeenranta\/willimies\/#breadcrumb\",\"itemListElement\":[{\"@type\":\"ListItem\",\"position\":1,\"name\":\"Etusivu\",\"item\":\"https:\/\/meripelastus.fi\/lappeenranta\/\"},{\"@type\":\"ListItem\",\"position\":2,\"name\":\"Willimies \/ VEK108\"}]},{\"@type\":\"WebSite\",\"@id\":\"https:\/\/meripelastus.fi\/lappeenranta\/#website\",\"url\":\"https:\/\/meripelastus.fi\/lappeenranta\/\",\"name\":\"Suomen Meripelastusseura Etel\u00e4-Saimaa\",\"description\":\"Vapaaehtoiset apunasi vesill\u00e4\",\"potentialAction\":[{\"@type\":\"SearchAction\",\"target\":{\"@type\":\"EntryPoint\",\"urlTemplate\":\"https:\/\/meripelastus.fi\/lappeenranta\/?s={search_term_string}\"},\"query-input\":{\"@type\":\"PropertyValueSpecification\",\"valueRequired\":true,\"valueName\":\"search_term_string\"}}],\"inLanguage\":\"fi\"}]}<\/script>\n<!-- \/ Yoast SEO Premium plugin. -->","yoast_head_json":{"title":"Willimies \/ VEK108 - Suomen Meripelastusseura Etel\u00e4-Saimaa","robots":{"index":"index","follow":"follow","max-snippet":"max-snippet:-1","max-image-preview":"max-image-preview:large","max-video-preview":"max-video-preview:-1"},"canonical":"https:\/\/meripelastus.fi\/lappeenranta\/willimies\/","og_locale":"fi_FI","og_type":"article","og_title":"Willimies \/ VEK108","og_description":"Willimies soveltuu kaikkiin meri- ja j\u00e4rvipelastusteht\u00e4viin sek\u00e4 kuljetusalustaksi saarissa tapahtuviin pelastusteht\u00e4viin, sek\u00e4 k\u00e4ytett\u00e4v\u00e4ksi kaikissa Saimaan olosuhteissa. L\u00e4ht\u00f6aika on 30 minuuttia ja Saimaalla ollessa v\u00e4lit\u00f6n. Willimies on sijoitettuna Rapasaareen joka sijaitsee Lappeenrannan sataman yhteydess\u00e4. Ominaisuudet: &#8211; Valmistaja: Marine Alutech Oy &#8211; Rakennettu 1999 &#8211; Koneteho: 441 kW &#8211; P\u00e4ivityskorjaus: 2020 Weldmec Marine &#8211; Koneteho: 643 kW [&hellip;]","og_url":"https:\/\/meripelastus.fi\/lappeenranta\/willimies\/","og_site_name":"Suomen Meripelastusseura Etel\u00e4-Saimaa","article_modified_time":"2025-04-29T18:57:25+00:00","og_image":[{"width":4393,"height":2929,"url":"https:\/\/meripelastus.fi\/lappeenranta\/wp-content\/uploads\/sites\/6\/2019\/05\/IMG_0853.jpg","type":"image\/jpeg"}],"twitter_card":"summary_large_image","twitter_misc":{"Arvioitu lukuaika":"1 minuutti"},"schema":{"@context":"https:\/\/schema.org","@graph":[{"@type":"WebPage","@id":"https:\/\/meripelastus.fi\/lappeenranta\/willimies\/","url":"https:\/\/meripelastus.fi\/lappeenranta\/willimies\/","name":"Willimies \/ VEK108 - Suomen Meripelastusseura Etel\u00e4-Saimaa","isPartOf":{"@id":"https:\/\/meripelastus.fi\/lappeenranta\/#website"},"primaryImageOfPage":{"@id":"https:\/\/meripelastus.fi\/lappeenranta\/willimies\/#primaryimage"},"image":{"@id":"https:\/\/meripelastus.fi\/lappeenranta\/willimies\/#primaryimage"},"thumbnailUrl":"https:\/\/meripelastus.fi\/lappeenranta\/wp-content\/uploads\/sites\/6\/2019\/05\/IMG_0853.jpg","datePublished":"2018-06-12T10:15:52+00:00","dateModified":"2025-04-29T18:57:25+00:00","breadcrumb":{"@id":"https:\/\/meripelastus.fi\/lappeenranta\/willimies\/#breadcrumb"},"inLanguage":"fi","potentialAction":[{"@type":"ReadAction","target":["https:\/\/meripelastus.fi\/lappeenranta\/willimies\/"]}]},{"@type":"ImageObject","inLanguage":"fi","@id":"https:\/\/meripelastus.fi\/lappeenranta\/willimies\/#primaryimage","url":"https:\/\/meripelastus.fi\/lappeenranta\/wp-content\/uploads\/sites\/6\/2019\/05\/IMG_0853.jpg","contentUrl":"https:\/\/meripelastus.fi\/lappeenranta\/wp-content\/uploads\/sites\/6\/2019\/05\/IMG_0853.jpg","width":4393,"height":2929},{"@type":"BreadcrumbList","@id":"https:\/\/meripelastus.fi\/lappeenranta\/willimies\/#breadcrumb","itemListElement":[{"@type":"ListItem","position":1,"name":"Etusivu","item":"https:\/\/meripelastus.fi\/lappeenranta\/"},{"@type":"ListItem","position":2,"name":"Willimies \/ VEK108"}]},{"@type":"WebSite","@id":"https:\/\/meripelastus.fi\/lappeenranta\/#website","url":"https:\/\/meripelastus.fi\/lappeenranta\/","name":"Suomen Meripelastusseura Etel\u00e4-Saimaa","description":"Vapaaehtoiset apunasi vesill\u00e4","potentialAction":[{"@type":"SearchAction","target":{"@type":"EntryPoint","urlTemplate":"https:\/\/meripelastus.fi\/lappeenranta\/?s={search_term_string}"},"query-input":{"@type":"PropertyValueSpecification","valueRequired":true,"valueName":"search_term_string"}}],"inLanguage":"fi"}]}},"_links":{"self":[{"href":"https:\/\/meripelastus.fi\/lappeenranta\/wp-json\/wp\/v2\/pages\/244","targetHints":{"allow":["GET"]}}],"collection":[{"href":"https:\/\/meripelastus.fi\/lappeenranta\/wp-json\/wp\/v2\/pages"}],"about":[{"href":"https:\/\/meripelastus.fi\/lappeenranta\/wp-json\/wp\/v2\/types\/page"}],"author":[{"embeddable":true,"href":"https:\/\/meripelastus.fi\/lappeenranta\/wp-json\/wp\/v2\/users\/9"}],"replies":[{"embeddable":true,"href":"https:\/\/meripelastus.fi\/lappeenranta\/wp-json\/wp\/v2\/comments?post=244"}],"version-history":[{"count":18,"href":"https:\/\/meripelastus.fi\/lappeenranta\/wp-json\/wp\/v2\/pages\/244\/revisions"}],"predecessor-version":[{"id":1166,"href":"https:\/\/meripelastus.fi\/lappeenranta\/wp-json\/wp\/v2\/pages\/244\/revisions\/1166"}],"wp:featuredmedia":[{"embeddable":true,"href":"https:\/\/meripelastus.fi\/lappeenranta\/wp-json\/wp\/v2\/media\/558"}],"wp:attachment":[{"href":"https:\/\/meripelastus.fi\/lappeenranta\/wp-json\/wp\/v2\/media?parent=244"}],"curies":[{"name":"wp","href":"https:\/\/api.w.org\/{rel}","templated":true}]}}