{"id":618,"date":"2025-02-06T20:26:07","date_gmt":"2025-02-06T18:26:07","guid":{"rendered":"https:\/\/meripelastus.fi\/lahti\/?page_id=618"},"modified":"2025-07-04T11:45:51","modified_gmt":"2025-07-04T08:45:51","slug":"meripelastajaksi","status":"publish","type":"page","link":"https:\/\/meripelastus.fi\/lahti\/meripelastajaksi\/","title":{"rendered":"MERIPELASTAJAKSI?"},"content":{"rendered":"\n<p>Haluaisitko ryhty\u00e4 vapaaehtoiseksi meripelastajaksi? Lahden j\u00e4rvipelastajat hakevat uutta miehist\u00f6\u00e4 s\u00e4\u00e4nn\u00f6llisesti ja kauden 2026 toiminta suunnitellaan edelt\u00e4v\u00e4n 25-26 talvikauden aikana. T\u00e4st\u00e4 tiedotamme ennen kauden alkua sosiaalisen median kanavillamme (Instagram ja Facebook).<\/p>\n\n\n\n<p>Ensimm\u00e4isen kautesi aikana p\u00e4\u00e4set tutustumaan meripelastusaluksiimme PV Teemuun, PV Vesij\u00e4rveen ja PV Jouseen. Koulutus koostuu Meripelastusseuran koulutusj\u00e4rjestelm\u00e4n mukaisista osaamisalueista:<\/p>\n\n\n\n<ul class=\"wp-block-list\">\n<li>Merimiestaidot<\/li>\n\n\n\n<li>Navigointi ja aluksen ohjaaminen<\/li>\n\n\n\n<li>Sammutusteht\u00e4v\u00e4t<\/li>\n\n\n\n<li>Pelastusteht\u00e4v\u00e4t<\/li>\n\n\n\n<li>Avustusteht\u00e4v\u00e4t<\/li>\n\n\n\n<li>Ensivastetoiminta<\/li>\n\n\n\n<li>Turvallisuus ja h\u00e4t\u00e4tilanteet meripelastustoiminnassa<\/li>\n<\/ul>\n\n\n\n<p><\/p>\n\n\n\n<p>Lis\u00e4tietoa saat t\u00e4st\u00e4 linkist\u00e4 <a href=\"https:\/\/meripelastus.fi\/toiminta\/tule-mukaan\/\">https:\/\/meripelastus.fi\/toiminta\/tule-mukaan\/<\/a><\/p>\n\n\n\n<p>Koulutusvastaavamme vastaa mielell\u00e4\u00e4n kysymyksiin!<\/p>\n\n\n\n<p><strong>Koulutusvastaavat<\/strong><br>Jari P\u00f6yh\u00f6nen ja Matias Sarkkinen<br><a href=\"mailto:koulutus.lahti@messi.meripelastus.fi\">koulutus.lahti@messi.meripelastus.fi<\/a><\/p>\n\n\n\n<h3 class=\"wp-block-heading\" id=\"h-miten-liityn-jaseneksi\">Miten liityn j\u00e4seneksi?<\/h3>\n\n\n\n<p>Aktiivitoiminta edellytt\u00e4\u00e4 j\u00e4senyytt\u00e4 ja j\u00e4seneksi voin liitty\u00e4 <a href=\"https:\/\/meripelastus.fi\/jasenyys\/liittymislomakkeet\/\">t\u00e4\u00e4lt\u00e4<\/a>.<\/p>\n\n\n\n<p>J\u00e4sen voi olla aktiivinen meripelastaja tai jos haluat tukea toimintaa kannatusmieless\u00e4, voit liitty\u00e4 kannatusj\u00e4seneksi.<\/p>\n\n\n\n<h3 class=\"wp-block-heading\" id=\"h-tervetuloa-mukaan\">Tervetuloa mukaan!<\/h3>\n\n\n","protected":false},"excerpt":{"rendered":"<p>Haluaisitko ryhty\u00e4 vapaaehtoiseksi meripelastajaksi? Lahden j\u00e4rvipelastajat hakevat uutta miehist\u00f6\u00e4 s\u00e4\u00e4nn\u00f6llisesti ja kauden 2026 toiminta suunnitellaan edelt\u00e4v\u00e4n 25-26 talvikauden aikana. T\u00e4st\u00e4 tiedotamme ennen kauden alkua sosiaalisen median kanavillamme (Instagram ja Facebook). Ensimm\u00e4isen kautesi aikana p\u00e4\u00e4set tutustumaan meripelastusaluksiimme PV Teemuun, PV Vesij\u00e4rveen ja PV Jouseen. Koulutus koostuu Meripelastusseuran koulutusj\u00e4rjestelm\u00e4n mukaisista osaamisalueista: Lis\u00e4tietoa saat t\u00e4st\u00e4 linkist\u00e4 https:\/\/meripelastus.fi\/toiminta\/tule-mukaan\/ Koulutusvastaavamme [&hellip;]<\/p>\n","protected":false},"author":17,"featured_media":631,"parent":0,"menu_order":0,"comment_status":"closed","ping_status":"closed","template":"","meta":{"_acf_changed":false,"inline_featured_image":false,"footnotes":"[]"},"class_list":["post-618","page","type-page","status-publish","has-post-thumbnail","hentry"],"acf":[],"yoast_head":"<!-- This site is optimized with the Yoast SEO Premium plugin v27.2 (Yoast SEO v27.2) - https:\/\/yoast.com\/product\/yoast-seo-premium-wordpress\/ -->\n<title>MERIPELASTAJAKSI? - Lahden J\u00e4rvipelastajat<\/title>\n<meta name=\"robots\" content=\"index, follow, max-snippet:-1, max-image-preview:large, max-video-preview:-1\" \/>\n<link rel=\"canonical\" href=\"https:\/\/meripelastus.fi\/lahti\/meripelastajaksi\/\" \/>\n<meta property=\"og:locale\" content=\"fi_FI\" \/>\n<meta property=\"og:type\" content=\"article\" \/>\n<meta property=\"og:title\" content=\"MERIPELASTAJAKSI?\" \/>\n<meta property=\"og:description\" content=\"Haluaisitko ryhty\u00e4 vapaaehtoiseksi meripelastajaksi? Lahden j\u00e4rvipelastajat hakevat uutta miehist\u00f6\u00e4 s\u00e4\u00e4nn\u00f6llisesti ja kauden 2026 toiminta suunnitellaan edelt\u00e4v\u00e4n 25-26 talvikauden aikana. T\u00e4st\u00e4 tiedotamme ennen kauden alkua sosiaalisen median kanavillamme (Instagram ja Facebook). Ensimm\u00e4isen kautesi aikana p\u00e4\u00e4set tutustumaan meripelastusaluksiimme PV Teemuun, PV Vesij\u00e4rveen ja PV Jouseen. Koulutus koostuu Meripelastusseuran koulutusj\u00e4rjestelm\u00e4n mukaisista osaamisalueista: Lis\u00e4tietoa saat t\u00e4st\u00e4 linkist\u00e4 https:\/\/meripelastus.fi\/toiminta\/tule-mukaan\/ Koulutusvastaavamme [&hellip;]\" \/>\n<meta property=\"og:url\" content=\"https:\/\/meripelastus.fi\/lahti\/meripelastajaksi\/\" \/>\n<meta property=\"og:site_name\" content=\"Lahden J\u00e4rvipelastajat\" \/>\n<meta property=\"article:modified_time\" content=\"2025-07-04T08:45:51+00:00\" \/>\n<meta property=\"og:image\" content=\"https:\/\/meripelastus.fi\/lahti\/wp-content\/uploads\/sites\/10\/2025\/02\/IMG_0371.jpeg\" \/>\n\t<meta property=\"og:image:width\" content=\"1500\" \/>\n\t<meta property=\"og:image:height\" content=\"1000\" \/>\n\t<meta property=\"og:image:type\" content=\"image\/jpeg\" \/>\n<meta name=\"twitter:card\" content=\"summary_large_image\" \/>\n<meta name=\"twitter:label1\" content=\"Arvioitu lukuaika\" \/>\n\t<meta name=\"twitter:data1\" content=\"1 minuutti\" \/>\n<script type=\"application\/ld+json\" class=\"yoast-schema-graph\">{\"@context\":\"https:\/\/schema.org\",\"@graph\":[{\"@type\":\"WebPage\",\"@id\":\"https:\/\/meripelastus.fi\/lahti\/meripelastajaksi\/\",\"url\":\"https:\/\/meripelastus.fi\/lahti\/meripelastajaksi\/\",\"name\":\"MERIPELASTAJAKSI? - Lahden J\u00e4rvipelastajat\",\"isPartOf\":{\"@id\":\"https:\/\/meripelastus.fi\/lahti\/#website\"},\"primaryImageOfPage\":{\"@id\":\"https:\/\/meripelastus.fi\/lahti\/meripelastajaksi\/#primaryimage\"},\"image\":{\"@id\":\"https:\/\/meripelastus.fi\/lahti\/meripelastajaksi\/#primaryimage\"},\"thumbnailUrl\":\"https:\/\/meripelastus.fi\/lahti\/wp-content\/uploads\/sites\/10\/2025\/02\/IMG_0371.jpeg\",\"datePublished\":\"2025-02-06T18:26:07+00:00\",\"dateModified\":\"2025-07-04T08:45:51+00:00\",\"breadcrumb\":{\"@id\":\"https:\/\/meripelastus.fi\/lahti\/meripelastajaksi\/#breadcrumb\"},\"inLanguage\":\"fi\",\"potentialAction\":[{\"@type\":\"ReadAction\",\"target\":[\"https:\/\/meripelastus.fi\/lahti\/meripelastajaksi\/\"]}]},{\"@type\":\"ImageObject\",\"inLanguage\":\"fi\",\"@id\":\"https:\/\/meripelastus.fi\/lahti\/meripelastajaksi\/#primaryimage\",\"url\":\"https:\/\/meripelastus.fi\/lahti\/wp-content\/uploads\/sites\/10\/2025\/02\/IMG_0371.jpeg\",\"contentUrl\":\"https:\/\/meripelastus.fi\/lahti\/wp-content\/uploads\/sites\/10\/2025\/02\/IMG_0371.jpeg\",\"width\":1500,\"height\":1000,\"caption\":\"PV Vesij\u00e4rven miehist\u00f6.\"},{\"@type\":\"BreadcrumbList\",\"@id\":\"https:\/\/meripelastus.fi\/lahti\/meripelastajaksi\/#breadcrumb\",\"itemListElement\":[{\"@type\":\"ListItem\",\"position\":1,\"name\":\"Etusivu\",\"item\":\"https:\/\/meripelastus.fi\/lahti\/\"},{\"@type\":\"ListItem\",\"position\":2,\"name\":\"MERIPELASTAJAKSI?\"}]},{\"@type\":\"WebSite\",\"@id\":\"https:\/\/meripelastus.fi\/lahti\/#website\",\"url\":\"https:\/\/meripelastus.fi\/lahti\/\",\"name\":\"Lahden J\u00e4rvipelastajat\",\"description\":\"Vapaaehtoiset apunasi vesill\u00e4\",\"potentialAction\":[{\"@type\":\"SearchAction\",\"target\":{\"@type\":\"EntryPoint\",\"urlTemplate\":\"https:\/\/meripelastus.fi\/lahti\/?s={search_term_string}\"},\"query-input\":{\"@type\":\"PropertyValueSpecification\",\"valueRequired\":true,\"valueName\":\"search_term_string\"}}],\"inLanguage\":\"fi\"}]}<\/script>\n<!-- \/ Yoast SEO Premium plugin. -->","yoast_head_json":{"title":"MERIPELASTAJAKSI? - Lahden J\u00e4rvipelastajat","robots":{"index":"index","follow":"follow","max-snippet":"max-snippet:-1","max-image-preview":"max-image-preview:large","max-video-preview":"max-video-preview:-1"},"canonical":"https:\/\/meripelastus.fi\/lahti\/meripelastajaksi\/","og_locale":"fi_FI","og_type":"article","og_title":"MERIPELASTAJAKSI?","og_description":"Haluaisitko ryhty\u00e4 vapaaehtoiseksi meripelastajaksi? Lahden j\u00e4rvipelastajat hakevat uutta miehist\u00f6\u00e4 s\u00e4\u00e4nn\u00f6llisesti ja kauden 2026 toiminta suunnitellaan edelt\u00e4v\u00e4n 25-26 talvikauden aikana. T\u00e4st\u00e4 tiedotamme ennen kauden alkua sosiaalisen median kanavillamme (Instagram ja Facebook). Ensimm\u00e4isen kautesi aikana p\u00e4\u00e4set tutustumaan meripelastusaluksiimme PV Teemuun, PV Vesij\u00e4rveen ja PV Jouseen. Koulutus koostuu Meripelastusseuran koulutusj\u00e4rjestelm\u00e4n mukaisista osaamisalueista: Lis\u00e4tietoa saat t\u00e4st\u00e4 linkist\u00e4 https:\/\/meripelastus.fi\/toiminta\/tule-mukaan\/ Koulutusvastaavamme [&hellip;]","og_url":"https:\/\/meripelastus.fi\/lahti\/meripelastajaksi\/","og_site_name":"Lahden J\u00e4rvipelastajat","article_modified_time":"2025-07-04T08:45:51+00:00","og_image":[{"width":1500,"height":1000,"url":"https:\/\/meripelastus.fi\/lahti\/wp-content\/uploads\/sites\/10\/2025\/02\/IMG_0371.jpeg","type":"image\/jpeg"}],"twitter_card":"summary_large_image","twitter_misc":{"Arvioitu lukuaika":"1 minuutti"},"schema":{"@context":"https:\/\/schema.org","@graph":[{"@type":"WebPage","@id":"https:\/\/meripelastus.fi\/lahti\/meripelastajaksi\/","url":"https:\/\/meripelastus.fi\/lahti\/meripelastajaksi\/","name":"MERIPELASTAJAKSI? - Lahden J\u00e4rvipelastajat","isPartOf":{"@id":"https:\/\/meripelastus.fi\/lahti\/#website"},"primaryImageOfPage":{"@id":"https:\/\/meripelastus.fi\/lahti\/meripelastajaksi\/#primaryimage"},"image":{"@id":"https:\/\/meripelastus.fi\/lahti\/meripelastajaksi\/#primaryimage"},"thumbnailUrl":"https:\/\/meripelastus.fi\/lahti\/wp-content\/uploads\/sites\/10\/2025\/02\/IMG_0371.jpeg","datePublished":"2025-02-06T18:26:07+00:00","dateModified":"2025-07-04T08:45:51+00:00","breadcrumb":{"@id":"https:\/\/meripelastus.fi\/lahti\/meripelastajaksi\/#breadcrumb"},"inLanguage":"fi","potentialAction":[{"@type":"ReadAction","target":["https:\/\/meripelastus.fi\/lahti\/meripelastajaksi\/"]}]},{"@type":"ImageObject","inLanguage":"fi","@id":"https:\/\/meripelastus.fi\/lahti\/meripelastajaksi\/#primaryimage","url":"https:\/\/meripelastus.fi\/lahti\/wp-content\/uploads\/sites\/10\/2025\/02\/IMG_0371.jpeg","contentUrl":"https:\/\/meripelastus.fi\/lahti\/wp-content\/uploads\/sites\/10\/2025\/02\/IMG_0371.jpeg","width":1500,"height":1000,"caption":"PV Vesij\u00e4rven miehist\u00f6."},{"@type":"BreadcrumbList","@id":"https:\/\/meripelastus.fi\/lahti\/meripelastajaksi\/#breadcrumb","itemListElement":[{"@type":"ListItem","position":1,"name":"Etusivu","item":"https:\/\/meripelastus.fi\/lahti\/"},{"@type":"ListItem","position":2,"name":"MERIPELASTAJAKSI?"}]},{"@type":"WebSite","@id":"https:\/\/meripelastus.fi\/lahti\/#website","url":"https:\/\/meripelastus.fi\/lahti\/","name":"Lahden J\u00e4rvipelastajat","description":"Vapaaehtoiset apunasi vesill\u00e4","potentialAction":[{"@type":"SearchAction","target":{"@type":"EntryPoint","urlTemplate":"https:\/\/meripelastus.fi\/lahti\/?s={search_term_string}"},"query-input":{"@type":"PropertyValueSpecification","valueRequired":true,"valueName":"search_term_string"}}],"inLanguage":"fi"}]}},"_links":{"self":[{"href":"https:\/\/meripelastus.fi\/lahti\/wp-json\/wp\/v2\/pages\/618","targetHints":{"allow":["GET"]}}],"collection":[{"href":"https:\/\/meripelastus.fi\/lahti\/wp-json\/wp\/v2\/pages"}],"about":[{"href":"https:\/\/meripelastus.fi\/lahti\/wp-json\/wp\/v2\/types\/page"}],"author":[{"embeddable":true,"href":"https:\/\/meripelastus.fi\/lahti\/wp-json\/wp\/v2\/users\/17"}],"replies":[{"embeddable":true,"href":"https:\/\/meripelastus.fi\/lahti\/wp-json\/wp\/v2\/comments?post=618"}],"version-history":[{"count":7,"href":"https:\/\/meripelastus.fi\/lahti\/wp-json\/wp\/v2\/pages\/618\/revisions"}],"predecessor-version":[{"id":643,"href":"https:\/\/meripelastus.fi\/lahti\/wp-json\/wp\/v2\/pages\/618\/revisions\/643"}],"wp:featuredmedia":[{"embeddable":true,"href":"https:\/\/meripelastus.fi\/lahti\/wp-json\/wp\/v2\/media\/631"}],"wp:attachment":[{"href":"https:\/\/meripelastus.fi\/lahti\/wp-json\/wp\/v2\/media?parent=618"}],"curies":[{"name":"wp","href":"https:\/\/api.w.org\/{rel}","templated":true}]}}