{"id":51,"date":"2018-03-19T09:24:37","date_gmt":"2018-03-19T07:24:37","guid":{"rendered":"http:\/\/basetemplate.smpsyhdistykset.16.testivedos.com\/?page_id=51"},"modified":"2026-02-14T10:06:46","modified_gmt":"2026-02-14T08:06:46","slug":"yhteystiedot","status":"publish","type":"page","link":"https:\/\/meripelastus.fi\/lahti\/lahden-jarvipelastajat\/yhteystiedot\/","title":{"rendered":"Yhteystiedot"},"content":{"rendered":"<h2>Kiireet\u00f6n apu vesill\u00e4 &#8211; Trossi: 0800 302 230<\/h2>\n<h2>Postiosoite<\/h2>\n<p>SMPS Lahden J\u00e4rvipelastajat ry<br \/>\nTelakkakatu 5<br \/>\n15140 LAHTI<\/p>\n<p>Facebook: <a href=\"https:\/\/web.facebook.com\/lahdenjarvipelastajat\/\" target=\"_blank\" rel=\"noopener noreferrer\">Lahden J\u00e4rvipelastajat<\/a><br \/>\nInstagram: <a href=\"https:\/\/www.instagram.com\/smps_lahti\/\" target=\"_blank\" rel=\"noopener noreferrer\">Lahden J\u00e4rvipelastajat<\/a><\/p>\n<p><span style=\"font-family: 'Hurme titles', Verdana, Helvetica, sans-serif;font-size: 1.47rem;font-weight: 900;text-transform: uppercase\">Hallitus<\/span><\/p>\n<h3>Harry Nordstr\u00f6m<\/h3>\n<p>Puheenjohtaja<\/p>\n<p>puh. 044 449 6778<\/p>\n<p>pj.lahti(\u00e4t)messi.meripelastus.fi<\/p>\n<h3>Sami Kaijanen<\/h3>\n<p>Varapuheenjohtaja<\/p>\n<p>vpj.lahti(\u00e4t)messi.meripelastus.fi<\/p>\n<h3>Marjo Vanhala<\/h3>\n<p>Sihteeri<\/p>\n<h3>Antti Hasari<\/h3>\n<p>Hallituksen j\u00e4sen<\/p>\n<h3>Lauri Nuuttila<\/h3>\n<p>Hallituksen j\u00e4sen<\/p>\n<h3>Alina Nuuttila<\/h3>\n<p>Hallituksen j\u00e4sen<\/p>\n<h3>Jari P\u00f6yh\u00f6nen<\/h3>\n<p>Hallituksen j\u00e4sen<\/p>\n<h3>Petri Korteniemi<\/h3>\n<p>Hallituksen j\u00e4sen<\/p>\n<h3>Arttu Vatanen<\/h3>\n<p>Hallituksen j\u00e4sen<\/p>\n<h3>P\u00e4r-Gustaf Relander<\/h3>\n<p>Hallituksen j\u00e4sen<\/p>\n<h2>Toimihenkil\u00f6t<\/h2>\n<h3>Lauri Nuuttila<\/h3>\n<p>Alusvastaava PV Vesij\u00e4rvi<\/p>\n<p>alus.lahti(\u00e4t)messi.meripelastus.fi<\/p>\n<h3>Ville V\u00e4is\u00e4nen<\/h3>\n<p>Alusvastaava Pv Teemu<\/p>\n<p>alus.lahti(\u00e4t)messi.meripelastus.fi<\/p>\n<h3>Tommi Vanhala<\/h3>\n<p>Alusvastaava Pv Jousi<\/p>\n<p>alus.lahti(\u00e4t)messi.meripelastus.fi<\/p>\n<h3>Jari P\u00f6yh\u00f6nen<\/h3>\n<p>Koulutusvastaava<\/p>\n<p>koulutus.lahti(\u00e4t)messi.meripelastus.fi<\/p>\n<h3>Jarkko Siitari<\/h3>\n<p>Kalustovastaava<\/p>\n<p>kalusto.lahti(\u00e4t)messi.meripelastus.fi<\/p>\n<h3>Alina Nuuttila<\/h3>\n<p>Valmiusvastaava<\/p>\n<p>valmius.lahti(\u00e4t)messi.meripelastus.fi<\/p>\n<h3>Matias Sarkkinen<\/h3>\n<p>Ensivastevastaava<\/p>\n<p>ensivaste.lahti(\u00e4t)messi.meripelastus.fi<\/p>\n<h3>Marjo Vanhala<\/h3>\n<p>Talousvastaava<\/p>\n<p>talous.lahti(\u00e4t)messi.meripelastus.fi<\/p>\n<h3>Jukka Hjelm<\/h3>\n<p>Tukikohtavastaava<\/p>\n<p>asema.lahti(\u00e4t)messi.meripelastus.fi<\/p>\n<h3>Minna Snickeri<\/h3>\n<p>Tiedotusvastaava<\/p>\n<p>tiedotus.lahti(\u00e4t)messi.meripelastus.fi<\/p>\n<h3>Esa Kes\u00e4niemi<\/h3>\n<p>J\u00e4sensihteeri ja webmaster<\/p>\n<p>jasensihteeri.lahti(\u00e4t)messi.meripelastus.fi<\/p>\n<p>webmaster.lahti(\u00e4t)messi.meripelastus.fi<\/p>\n","protected":false},"excerpt":{"rendered":"<p>Kiireet\u00f6n apu vesill\u00e4 &#8211; Trossi: 0800 302 230 Postiosoite SMPS Lahden J\u00e4rvipelastajat ry Telakkakatu 5 15140 LAHTI Facebook: Lahden J\u00e4rvipelastajat Instagram: Lahden J\u00e4rvipelastajat Hallitus Harry Nordstr\u00f6m Puheenjohtaja puh. 044 449 6778 pj.lahti(\u00e4t)messi.meripelastus.fi Sami Kaijanen Varapuheenjohtaja vpj.lahti(\u00e4t)messi.meripelastus.fi Marjo Vanhala Sihteeri Antti Hasari Hallituksen j\u00e4sen Lauri Nuuttila Hallituksen j\u00e4sen Alina Nuuttila Hallituksen j\u00e4sen Jari P\u00f6yh\u00f6nen Hallituksen j\u00e4sen [&hellip;]<\/p>\n","protected":false},"author":1,"featured_media":0,"parent":6,"menu_order":4,"comment_status":"closed","ping_status":"closed","template":"","meta":{"_acf_changed":false,"inline_featured_image":false,"footnotes":""},"class_list":["post-51","page","type-page","status-publish","hentry"],"acf":[],"yoast_head":"<!-- This site is optimized with the Yoast SEO Premium plugin v27.4 (Yoast SEO v27.4) - https:\/\/yoast.com\/product\/yoast-seo-premium-wordpress\/ -->\n<title>Yhteystiedot - Lahden J\u00e4rvipelastajat<\/title>\n<meta name=\"robots\" content=\"index, follow, max-snippet:-1, max-image-preview:large, max-video-preview:-1\" \/>\n<link rel=\"canonical\" href=\"https:\/\/meripelastus.fi\/lahti\/lahden-jarvipelastajat\/yhteystiedot\/\" \/>\n<meta property=\"og:locale\" content=\"fi_FI\" \/>\n<meta property=\"og:type\" content=\"article\" \/>\n<meta property=\"og:title\" content=\"Yhteystiedot\" \/>\n<meta property=\"og:description\" content=\"Kiireet\u00f6n apu vesill\u00e4 &#8211; Trossi: 0800 302 230 Postiosoite SMPS Lahden J\u00e4rvipelastajat ry Telakkakatu 5 15140 LAHTI Facebook: Lahden J\u00e4rvipelastajat Instagram: Lahden J\u00e4rvipelastajat Hallitus Harry Nordstr\u00f6m Puheenjohtaja puh. 044 449 6778 pj.lahti(\u00e4t)messi.meripelastus.fi Sami Kaijanen Varapuheenjohtaja vpj.lahti(\u00e4t)messi.meripelastus.fi Marjo Vanhala Sihteeri Antti Hasari Hallituksen j\u00e4sen Lauri Nuuttila Hallituksen j\u00e4sen Alina Nuuttila Hallituksen j\u00e4sen Jari P\u00f6yh\u00f6nen Hallituksen j\u00e4sen [&hellip;]\" \/>\n<meta property=\"og:url\" content=\"https:\/\/meripelastus.fi\/lahti\/lahden-jarvipelastajat\/yhteystiedot\/\" \/>\n<meta property=\"og:site_name\" content=\"Lahden J\u00e4rvipelastajat\" \/>\n<meta property=\"article:modified_time\" content=\"2026-02-14T08:06:46+00:00\" \/>\n<meta name=\"twitter:card\" content=\"summary_large_image\" \/>\n<meta name=\"twitter:label1\" content=\"Arvioitu lukuaika\" \/>\n\t<meta name=\"twitter:data1\" content=\"1 minuutti\" \/>\n<script type=\"application\/ld+json\" class=\"yoast-schema-graph\">{\"@context\":\"https:\\\/\\\/schema.org\",\"@graph\":[{\"@type\":\"WebPage\",\"@id\":\"https:\\\/\\\/meripelastus.fi\\\/lahti\\\/lahden-jarvipelastajat\\\/yhteystiedot\\\/\",\"url\":\"https:\\\/\\\/meripelastus.fi\\\/lahti\\\/lahden-jarvipelastajat\\\/yhteystiedot\\\/\",\"name\":\"Yhteystiedot - Lahden J\u00e4rvipelastajat\",\"isPartOf\":{\"@id\":\"https:\\\/\\\/meripelastus.fi\\\/lahti\\\/#website\"},\"datePublished\":\"2018-03-19T07:24:37+00:00\",\"dateModified\":\"2026-02-14T08:06:46+00:00\",\"breadcrumb\":{\"@id\":\"https:\\\/\\\/meripelastus.fi\\\/lahti\\\/lahden-jarvipelastajat\\\/yhteystiedot\\\/#breadcrumb\"},\"inLanguage\":\"fi\",\"potentialAction\":[{\"@type\":\"ReadAction\",\"target\":[\"https:\\\/\\\/meripelastus.fi\\\/lahti\\\/lahden-jarvipelastajat\\\/yhteystiedot\\\/\"]}]},{\"@type\":\"BreadcrumbList\",\"@id\":\"https:\\\/\\\/meripelastus.fi\\\/lahti\\\/lahden-jarvipelastajat\\\/yhteystiedot\\\/#breadcrumb\",\"itemListElement\":[{\"@type\":\"ListItem\",\"position\":1,\"name\":\"Etusivu\",\"item\":\"https:\\\/\\\/meripelastus.fi\\\/lahti\\\/\"},{\"@type\":\"ListItem\",\"position\":2,\"name\":\"Lahden J\u00e4rvipelastajat\",\"item\":\"https:\\\/\\\/meripelastus.fi\\\/lahti\\\/lahden-jarvipelastajat\\\/\"},{\"@type\":\"ListItem\",\"position\":3,\"name\":\"Yhteystiedot\"}]},{\"@type\":\"WebSite\",\"@id\":\"https:\\\/\\\/meripelastus.fi\\\/lahti\\\/#website\",\"url\":\"https:\\\/\\\/meripelastus.fi\\\/lahti\\\/\",\"name\":\"Lahden J\u00e4rvipelastajat\",\"description\":\"Vapaaehtoiset apunasi vesill\u00e4\",\"potentialAction\":[{\"@type\":\"SearchAction\",\"target\":{\"@type\":\"EntryPoint\",\"urlTemplate\":\"https:\\\/\\\/meripelastus.fi\\\/lahti\\\/?s={search_term_string}\"},\"query-input\":{\"@type\":\"PropertyValueSpecification\",\"valueRequired\":true,\"valueName\":\"search_term_string\"}}],\"inLanguage\":\"fi\"}]}<\/script>\n<!-- \/ Yoast SEO Premium plugin. -->","yoast_head_json":{"title":"Yhteystiedot - Lahden J\u00e4rvipelastajat","robots":{"index":"index","follow":"follow","max-snippet":"max-snippet:-1","max-image-preview":"max-image-preview:large","max-video-preview":"max-video-preview:-1"},"canonical":"https:\/\/meripelastus.fi\/lahti\/lahden-jarvipelastajat\/yhteystiedot\/","og_locale":"fi_FI","og_type":"article","og_title":"Yhteystiedot","og_description":"Kiireet\u00f6n apu vesill\u00e4 &#8211; Trossi: 0800 302 230 Postiosoite SMPS Lahden J\u00e4rvipelastajat ry Telakkakatu 5 15140 LAHTI Facebook: Lahden J\u00e4rvipelastajat Instagram: Lahden J\u00e4rvipelastajat Hallitus Harry Nordstr\u00f6m Puheenjohtaja puh. 044 449 6778 pj.lahti(\u00e4t)messi.meripelastus.fi Sami Kaijanen Varapuheenjohtaja vpj.lahti(\u00e4t)messi.meripelastus.fi Marjo Vanhala Sihteeri Antti Hasari Hallituksen j\u00e4sen Lauri Nuuttila Hallituksen j\u00e4sen Alina Nuuttila Hallituksen j\u00e4sen Jari P\u00f6yh\u00f6nen Hallituksen j\u00e4sen [&hellip;]","og_url":"https:\/\/meripelastus.fi\/lahti\/lahden-jarvipelastajat\/yhteystiedot\/","og_site_name":"Lahden J\u00e4rvipelastajat","article_modified_time":"2026-02-14T08:06:46+00:00","twitter_card":"summary_large_image","twitter_misc":{"Arvioitu lukuaika":"1 minuutti"},"schema":{"@context":"https:\/\/schema.org","@graph":[{"@type":"WebPage","@id":"https:\/\/meripelastus.fi\/lahti\/lahden-jarvipelastajat\/yhteystiedot\/","url":"https:\/\/meripelastus.fi\/lahti\/lahden-jarvipelastajat\/yhteystiedot\/","name":"Yhteystiedot - Lahden J\u00e4rvipelastajat","isPartOf":{"@id":"https:\/\/meripelastus.fi\/lahti\/#website"},"datePublished":"2018-03-19T07:24:37+00:00","dateModified":"2026-02-14T08:06:46+00:00","breadcrumb":{"@id":"https:\/\/meripelastus.fi\/lahti\/lahden-jarvipelastajat\/yhteystiedot\/#breadcrumb"},"inLanguage":"fi","potentialAction":[{"@type":"ReadAction","target":["https:\/\/meripelastus.fi\/lahti\/lahden-jarvipelastajat\/yhteystiedot\/"]}]},{"@type":"BreadcrumbList","@id":"https:\/\/meripelastus.fi\/lahti\/lahden-jarvipelastajat\/yhteystiedot\/#breadcrumb","itemListElement":[{"@type":"ListItem","position":1,"name":"Etusivu","item":"https:\/\/meripelastus.fi\/lahti\/"},{"@type":"ListItem","position":2,"name":"Lahden J\u00e4rvipelastajat","item":"https:\/\/meripelastus.fi\/lahti\/lahden-jarvipelastajat\/"},{"@type":"ListItem","position":3,"name":"Yhteystiedot"}]},{"@type":"WebSite","@id":"https:\/\/meripelastus.fi\/lahti\/#website","url":"https:\/\/meripelastus.fi\/lahti\/","name":"Lahden J\u00e4rvipelastajat","description":"Vapaaehtoiset apunasi vesill\u00e4","potentialAction":[{"@type":"SearchAction","target":{"@type":"EntryPoint","urlTemplate":"https:\/\/meripelastus.fi\/lahti\/?s={search_term_string}"},"query-input":{"@type":"PropertyValueSpecification","valueRequired":true,"valueName":"search_term_string"}}],"inLanguage":"fi"}]}},"_links":{"self":[{"href":"https:\/\/meripelastus.fi\/lahti\/wp-json\/wp\/v2\/pages\/51","targetHints":{"allow":["GET"]}}],"collection":[{"href":"https:\/\/meripelastus.fi\/lahti\/wp-json\/wp\/v2\/pages"}],"about":[{"href":"https:\/\/meripelastus.fi\/lahti\/wp-json\/wp\/v2\/types\/page"}],"author":[{"embeddable":true,"href":"https:\/\/meripelastus.fi\/lahti\/wp-json\/wp\/v2\/users\/1"}],"replies":[{"embeddable":true,"href":"https:\/\/meripelastus.fi\/lahti\/wp-json\/wp\/v2\/comments?post=51"}],"version-history":[{"count":20,"href":"https:\/\/meripelastus.fi\/lahti\/wp-json\/wp\/v2\/pages\/51\/revisions"}],"predecessor-version":[{"id":676,"href":"https:\/\/meripelastus.fi\/lahti\/wp-json\/wp\/v2\/pages\/51\/revisions\/676"}],"up":[{"embeddable":true,"href":"https:\/\/meripelastus.fi\/lahti\/wp-json\/wp\/v2\/pages\/6"}],"wp:attachment":[{"href":"https:\/\/meripelastus.fi\/lahti\/wp-json\/wp\/v2\/media?parent=51"}],"curies":[{"name":"wp","href":"https:\/\/api.w.org\/{rel}","templated":true}]}}