{"id":262,"date":"2018-11-11T18:57:56","date_gmt":"2018-11-11T16:57:56","guid":{"rendered":"https:\/\/meripelastus.fi\/lahti-vedos\/?page_id=262"},"modified":"2018-11-11T19:00:01","modified_gmt":"2018-11-11T17:00:01","slug":"rekisteriselosteet","status":"publish","type":"page","link":"https:\/\/meripelastus.fi\/lahti\/lahden-jarvipelastajat\/rekisteriselosteet\/","title":{"rendered":"Rekisteriselosteet"},"content":{"rendered":"<p>Rekisteri- ja tietosuojaselosteissa on kuvattu Suomen Meripalastusseura Lahden J\u00e4rvipelastat ry:n yll\u00e4pit\u00e4mien henkil\u00f6rekisterien sis\u00e4lt\u00e4m\u00e4t tiedot sek\u00e4 tietojen k\u00e4ytt\u00f6tarkoitus, s\u00e4\u00e4nn\u00f6nmukaiset luovutukset ja suojauksen periaatteet. Lis\u00e4ksi tietosuojaselosteet sis\u00e4lt\u00e4v\u00e4t tietoja rekister\u00f6idyn oikeuksista sek\u00e4 yhteystiedot.<\/p>\n<p>Henkil\u00f6rekisterill\u00e4 tarkoitetaan sellaista henkil\u00f6tietojen muodostamaa kokonaisuutta, jossa henkil\u00f6tietoja k\u00e4ytet\u00e4\u00e4n\u00a0yhdenmukaisiin k\u00e4ytt\u00f6tarkoituksiin.<\/p>\n<p>Tutustu Suomen Meripalastusseura Lahden J\u00e4rvipelastat ry:n rekisteri- ja tietosuojaselosteisiin:<\/p>\n<p><a href=\"https:\/\/meripelastus.fi\/lahti-vedos\/wp-content\/uploads\/sites\/10\/2018\/11\/Rekisteriseloste_LJPY.pdf\">J\u00e4senrekisteri<\/a><\/p>\n<p><a href=\"https:\/\/meripelastus.fi\/lahti-vedos\/wp-content\/uploads\/sites\/10\/2018\/11\/Rekisteriseloste_laivap\u00e4iv\u00e4kirjat_LJPY.pdf\">Laivap\u00e4iv\u00e4kirjat<\/a><\/p>\n<p><a href=\"https:\/\/meripelastus.fi\/lahti-vedos\/wp-content\/uploads\/sites\/10\/2018\/11\/Rekisteriseloste_avustussopimukset_LJPY.pdf\">Avustussopimukset<\/a><\/p>\n<p>K\u00e4sittelemme kaikkia henkil\u00f6tietoja Euroopan tietosuoja-asetuksen mukaisesti hyvi\u00e4 hallintotapoja noudattaen.<\/p>\n","protected":false},"excerpt":{"rendered":"<p>Rekisteri- ja tietosuojaselosteissa on kuvattu Suomen Meripalastusseura Lahden J\u00e4rvipelastat ry:n yll\u00e4pit\u00e4mien henkil\u00f6rekisterien sis\u00e4lt\u00e4m\u00e4t tiedot sek\u00e4 tietojen k\u00e4ytt\u00f6tarkoitus, s\u00e4\u00e4nn\u00f6nmukaiset luovutukset ja suojauksen periaatteet. Lis\u00e4ksi tietosuojaselosteet sis\u00e4lt\u00e4v\u00e4t tietoja rekister\u00f6idyn oikeuksista sek\u00e4 yhteystiedot. Henkil\u00f6rekisterill\u00e4 tarkoitetaan sellaista henkil\u00f6tietojen muodostamaa kokonaisuutta, jossa henkil\u00f6tietoja k\u00e4ytet\u00e4\u00e4n\u00a0yhdenmukaisiin k\u00e4ytt\u00f6tarkoituksiin. Tutustu Suomen Meripalastusseura Lahden J\u00e4rvipelastat ry:n rekisteri- ja tietosuojaselosteisiin: J\u00e4senrekisteri Laivap\u00e4iv\u00e4kirjat Avustussopimukset K\u00e4sittelemme kaikkia henkil\u00f6tietoja [&hellip;]<\/p>\n","protected":false},"author":17,"featured_media":0,"parent":6,"menu_order":0,"comment_status":"closed","ping_status":"closed","template":"","meta":{"_acf_changed":false,"inline_featured_image":false,"footnotes":""},"class_list":["post-262","page","type-page","status-publish","hentry"],"acf":[],"yoast_head":"<!-- This site is optimized with the Yoast SEO Premium plugin v27.2 (Yoast SEO v27.2) - https:\/\/yoast.com\/product\/yoast-seo-premium-wordpress\/ -->\n<title>Rekisteriselosteet - Lahden J\u00e4rvipelastajat<\/title>\n<meta name=\"robots\" content=\"index, follow, max-snippet:-1, max-image-preview:large, max-video-preview:-1\" \/>\n<link rel=\"canonical\" href=\"https:\/\/meripelastus.fi\/lahti\/lahden-jarvipelastajat\/rekisteriselosteet\/\" \/>\n<meta property=\"og:locale\" content=\"fi_FI\" \/>\n<meta property=\"og:type\" content=\"article\" \/>\n<meta property=\"og:title\" content=\"Rekisteriselosteet\" \/>\n<meta property=\"og:description\" content=\"Rekisteri- ja tietosuojaselosteissa on kuvattu Suomen Meripalastusseura Lahden J\u00e4rvipelastat ry:n yll\u00e4pit\u00e4mien henkil\u00f6rekisterien sis\u00e4lt\u00e4m\u00e4t tiedot sek\u00e4 tietojen k\u00e4ytt\u00f6tarkoitus, s\u00e4\u00e4nn\u00f6nmukaiset luovutukset ja suojauksen periaatteet. Lis\u00e4ksi tietosuojaselosteet sis\u00e4lt\u00e4v\u00e4t tietoja rekister\u00f6idyn oikeuksista sek\u00e4 yhteystiedot. Henkil\u00f6rekisterill\u00e4 tarkoitetaan sellaista henkil\u00f6tietojen muodostamaa kokonaisuutta, jossa henkil\u00f6tietoja k\u00e4ytet\u00e4\u00e4n\u00a0yhdenmukaisiin k\u00e4ytt\u00f6tarkoituksiin. Tutustu Suomen Meripalastusseura Lahden J\u00e4rvipelastat ry:n rekisteri- ja tietosuojaselosteisiin: J\u00e4senrekisteri Laivap\u00e4iv\u00e4kirjat Avustussopimukset K\u00e4sittelemme kaikkia henkil\u00f6tietoja [&hellip;]\" \/>\n<meta property=\"og:url\" content=\"https:\/\/meripelastus.fi\/lahti\/lahden-jarvipelastajat\/rekisteriselosteet\/\" \/>\n<meta property=\"og:site_name\" content=\"Lahden J\u00e4rvipelastajat\" \/>\n<meta property=\"article:modified_time\" content=\"2018-11-11T17:00:01+00:00\" \/>\n<meta name=\"twitter:card\" content=\"summary_large_image\" \/>\n<script type=\"application\/ld+json\" class=\"yoast-schema-graph\">{\"@context\":\"https:\/\/schema.org\",\"@graph\":[{\"@type\":\"WebPage\",\"@id\":\"https:\/\/meripelastus.fi\/lahti\/lahden-jarvipelastajat\/rekisteriselosteet\/\",\"url\":\"https:\/\/meripelastus.fi\/lahti\/lahden-jarvipelastajat\/rekisteriselosteet\/\",\"name\":\"Rekisteriselosteet - Lahden J\u00e4rvipelastajat\",\"isPartOf\":{\"@id\":\"https:\/\/meripelastus.fi\/lahti\/#website\"},\"datePublished\":\"2018-11-11T16:57:56+00:00\",\"dateModified\":\"2018-11-11T17:00:01+00:00\",\"breadcrumb\":{\"@id\":\"https:\/\/meripelastus.fi\/lahti\/lahden-jarvipelastajat\/rekisteriselosteet\/#breadcrumb\"},\"inLanguage\":\"fi\",\"potentialAction\":[{\"@type\":\"ReadAction\",\"target\":[\"https:\/\/meripelastus.fi\/lahti\/lahden-jarvipelastajat\/rekisteriselosteet\/\"]}]},{\"@type\":\"BreadcrumbList\",\"@id\":\"https:\/\/meripelastus.fi\/lahti\/lahden-jarvipelastajat\/rekisteriselosteet\/#breadcrumb\",\"itemListElement\":[{\"@type\":\"ListItem\",\"position\":1,\"name\":\"Etusivu\",\"item\":\"https:\/\/meripelastus.fi\/lahti\/\"},{\"@type\":\"ListItem\",\"position\":2,\"name\":\"Lahden J\u00e4rvipelastajat\",\"item\":\"https:\/\/meripelastus.fi\/lahti\/lahden-jarvipelastajat\/\"},{\"@type\":\"ListItem\",\"position\":3,\"name\":\"Rekisteriselosteet\"}]},{\"@type\":\"WebSite\",\"@id\":\"https:\/\/meripelastus.fi\/lahti\/#website\",\"url\":\"https:\/\/meripelastus.fi\/lahti\/\",\"name\":\"Lahden J\u00e4rvipelastajat\",\"description\":\"Vapaaehtoiset apunasi vesill\u00e4\",\"potentialAction\":[{\"@type\":\"SearchAction\",\"target\":{\"@type\":\"EntryPoint\",\"urlTemplate\":\"https:\/\/meripelastus.fi\/lahti\/?s={search_term_string}\"},\"query-input\":{\"@type\":\"PropertyValueSpecification\",\"valueRequired\":true,\"valueName\":\"search_term_string\"}}],\"inLanguage\":\"fi\"}]}<\/script>\n<!-- \/ Yoast SEO Premium plugin. -->","yoast_head_json":{"title":"Rekisteriselosteet - Lahden J\u00e4rvipelastajat","robots":{"index":"index","follow":"follow","max-snippet":"max-snippet:-1","max-image-preview":"max-image-preview:large","max-video-preview":"max-video-preview:-1"},"canonical":"https:\/\/meripelastus.fi\/lahti\/lahden-jarvipelastajat\/rekisteriselosteet\/","og_locale":"fi_FI","og_type":"article","og_title":"Rekisteriselosteet","og_description":"Rekisteri- ja tietosuojaselosteissa on kuvattu Suomen Meripalastusseura Lahden J\u00e4rvipelastat ry:n yll\u00e4pit\u00e4mien henkil\u00f6rekisterien sis\u00e4lt\u00e4m\u00e4t tiedot sek\u00e4 tietojen k\u00e4ytt\u00f6tarkoitus, s\u00e4\u00e4nn\u00f6nmukaiset luovutukset ja suojauksen periaatteet. Lis\u00e4ksi tietosuojaselosteet sis\u00e4lt\u00e4v\u00e4t tietoja rekister\u00f6idyn oikeuksista sek\u00e4 yhteystiedot. Henkil\u00f6rekisterill\u00e4 tarkoitetaan sellaista henkil\u00f6tietojen muodostamaa kokonaisuutta, jossa henkil\u00f6tietoja k\u00e4ytet\u00e4\u00e4n\u00a0yhdenmukaisiin k\u00e4ytt\u00f6tarkoituksiin. Tutustu Suomen Meripalastusseura Lahden J\u00e4rvipelastat ry:n rekisteri- ja tietosuojaselosteisiin: J\u00e4senrekisteri Laivap\u00e4iv\u00e4kirjat Avustussopimukset K\u00e4sittelemme kaikkia henkil\u00f6tietoja [&hellip;]","og_url":"https:\/\/meripelastus.fi\/lahti\/lahden-jarvipelastajat\/rekisteriselosteet\/","og_site_name":"Lahden J\u00e4rvipelastajat","article_modified_time":"2018-11-11T17:00:01+00:00","twitter_card":"summary_large_image","schema":{"@context":"https:\/\/schema.org","@graph":[{"@type":"WebPage","@id":"https:\/\/meripelastus.fi\/lahti\/lahden-jarvipelastajat\/rekisteriselosteet\/","url":"https:\/\/meripelastus.fi\/lahti\/lahden-jarvipelastajat\/rekisteriselosteet\/","name":"Rekisteriselosteet - Lahden J\u00e4rvipelastajat","isPartOf":{"@id":"https:\/\/meripelastus.fi\/lahti\/#website"},"datePublished":"2018-11-11T16:57:56+00:00","dateModified":"2018-11-11T17:00:01+00:00","breadcrumb":{"@id":"https:\/\/meripelastus.fi\/lahti\/lahden-jarvipelastajat\/rekisteriselosteet\/#breadcrumb"},"inLanguage":"fi","potentialAction":[{"@type":"ReadAction","target":["https:\/\/meripelastus.fi\/lahti\/lahden-jarvipelastajat\/rekisteriselosteet\/"]}]},{"@type":"BreadcrumbList","@id":"https:\/\/meripelastus.fi\/lahti\/lahden-jarvipelastajat\/rekisteriselosteet\/#breadcrumb","itemListElement":[{"@type":"ListItem","position":1,"name":"Etusivu","item":"https:\/\/meripelastus.fi\/lahti\/"},{"@type":"ListItem","position":2,"name":"Lahden J\u00e4rvipelastajat","item":"https:\/\/meripelastus.fi\/lahti\/lahden-jarvipelastajat\/"},{"@type":"ListItem","position":3,"name":"Rekisteriselosteet"}]},{"@type":"WebSite","@id":"https:\/\/meripelastus.fi\/lahti\/#website","url":"https:\/\/meripelastus.fi\/lahti\/","name":"Lahden J\u00e4rvipelastajat","description":"Vapaaehtoiset apunasi vesill\u00e4","potentialAction":[{"@type":"SearchAction","target":{"@type":"EntryPoint","urlTemplate":"https:\/\/meripelastus.fi\/lahti\/?s={search_term_string}"},"query-input":{"@type":"PropertyValueSpecification","valueRequired":true,"valueName":"search_term_string"}}],"inLanguage":"fi"}]}},"_links":{"self":[{"href":"https:\/\/meripelastus.fi\/lahti\/wp-json\/wp\/v2\/pages\/262","targetHints":{"allow":["GET"]}}],"collection":[{"href":"https:\/\/meripelastus.fi\/lahti\/wp-json\/wp\/v2\/pages"}],"about":[{"href":"https:\/\/meripelastus.fi\/lahti\/wp-json\/wp\/v2\/types\/page"}],"author":[{"embeddable":true,"href":"https:\/\/meripelastus.fi\/lahti\/wp-json\/wp\/v2\/users\/17"}],"replies":[{"embeddable":true,"href":"https:\/\/meripelastus.fi\/lahti\/wp-json\/wp\/v2\/comments?post=262"}],"version-history":[{"count":1,"href":"https:\/\/meripelastus.fi\/lahti\/wp-json\/wp\/v2\/pages\/262\/revisions"}],"predecessor-version":[{"id":266,"href":"https:\/\/meripelastus.fi\/lahti\/wp-json\/wp\/v2\/pages\/262\/revisions\/266"}],"up":[{"embeddable":true,"href":"https:\/\/meripelastus.fi\/lahti\/wp-json\/wp\/v2\/pages\/6"}],"wp:attachment":[{"href":"https:\/\/meripelastus.fi\/lahti\/wp-json\/wp\/v2\/media?parent=262"}],"curies":[{"name":"wp","href":"https:\/\/api.w.org\/{rel}","templated":true}]}}