{"id":26,"date":"2018-03-19T09:19:10","date_gmt":"2018-03-19T07:19:10","guid":{"rendered":"http:\/\/basetemplate.smpsyhdistykset.16.testivedos.com\/?page_id=26"},"modified":"2021-01-25T18:57:49","modified_gmt":"2021-01-25T16:57:49","slug":"alukset","status":"publish","type":"page","link":"https:\/\/meripelastus.fi\/lahti\/toiminta\/alukset\/","title":{"rendered":"Alukset"},"content":{"rendered":"<h3>PV Teemu<\/h3>\n<p>&nbsp;<\/p>\n<p><img loading=\"lazy\" decoding=\"async\" class=\"alignnone size-full wp-image-192\" src=\"https:\/\/meripelastus.fi\/lahti-vedos\/wp-content\/uploads\/sites\/10\/2018\/10\/421.jpg\" alt=\"\" width=\"410\" height=\"250\" srcset=\"https:\/\/meripelastus.fi\/lahti\/wp-content\/uploads\/sites\/10\/2018\/10\/421.jpg 410w, https:\/\/meripelastus.fi\/lahti\/wp-content\/uploads\/sites\/10\/2018\/10\/421-300x183.jpg 300w\" sizes=\"auto, (max-width: 410px) 100vw, 410px\" \/><\/p>\n<p>Valmistaja: Mobimar Oy, 2013<br \/>\nMateriaali: Alumiini<br \/>\nMitat: Pituus 13,5 m, leveys 4,5 m, syv\u00e4ys 0,8 m<br \/>\nPaino: 14 tn<br \/>\nMaksiminopeus: 40 kn<br \/>\nMatkanopeus: 30 kn<br \/>\nTeho: 2&#215;423 kW<br \/>\nPropulsio: vesisuihku<br \/>\nMiehist\u00f6: 3<br \/>\nKotisatama: Lahti<\/p>\n<p>&nbsp;<\/p>\n<h3>PV Vesij\u00e4rvi<\/h3>\n<p>&nbsp;<\/p>\n<p><img loading=\"lazy\" decoding=\"async\" class=\"alignnone size-large wp-image-392\" src=\"https:\/\/meripelastus.fi\/lahti-vedos\/wp-content\/uploads\/sites\/10\/2018\/11\/MG_0324-1-1024x682.jpg\" alt=\"\" width=\"1024\" height=\"682\" srcset=\"https:\/\/meripelastus.fi\/lahti\/wp-content\/uploads\/sites\/10\/2018\/11\/MG_0324-1-1024x682.jpg 1024w, https:\/\/meripelastus.fi\/lahti\/wp-content\/uploads\/sites\/10\/2018\/11\/MG_0324-1-300x200.jpg 300w, https:\/\/meripelastus.fi\/lahti\/wp-content\/uploads\/sites\/10\/2018\/11\/MG_0324-1-768x511.jpg 768w, https:\/\/meripelastus.fi\/lahti\/wp-content\/uploads\/sites\/10\/2018\/11\/MG_0324-1.jpg 2000w\" sizes=\"auto, (max-width: 1024px) 100vw, 1024px\" \/><\/p>\n<p>Valmistaja: Boomeranger Boats Oy, 2005<br \/>\nMateriaali: RIB<br \/>\nMitat: Pituus 10,7 m, leveys 3,5 m<br \/>\nPaino: 3,5 tn<br \/>\nMaksiminopeus: 46 kn<br \/>\nMatkanopeus: 35 kn<br \/>\nTeho: 2&#215;184 kW<br \/>\nPropulsio: per\u00e4moottori x2<br \/>\nMiehist\u00f6: 2<br \/>\nKotisatama: Padasjoki<\/p>\n<p>&nbsp;<\/p>\n<h3>PV Jousi<\/h3>\n<p>&nbsp;<\/p>\n<p><img loading=\"lazy\" decoding=\"async\" class=\"alignnone size-large wp-image-393\" src=\"https:\/\/meripelastus.fi\/lahti-vedos\/wp-content\/uploads\/sites\/10\/2018\/11\/IMG_0744-1024x768.jpg\" alt=\"\" width=\"1024\" height=\"768\" srcset=\"https:\/\/meripelastus.fi\/lahti\/wp-content\/uploads\/sites\/10\/2018\/11\/IMG_0744-1024x768.jpg 1024w, https:\/\/meripelastus.fi\/lahti\/wp-content\/uploads\/sites\/10\/2018\/11\/IMG_0744-300x225.jpg 300w, https:\/\/meripelastus.fi\/lahti\/wp-content\/uploads\/sites\/10\/2018\/11\/IMG_0744-768x576.jpg 768w, https:\/\/meripelastus.fi\/lahti\/wp-content\/uploads\/sites\/10\/2018\/11\/IMG_0744-1600x1200.jpg 1600w, https:\/\/meripelastus.fi\/lahti\/wp-content\/uploads\/sites\/10\/2018\/11\/IMG_0744.jpg 2000w\" sizes=\"auto, (max-width: 1024px) 100vw, 1024px\" \/><\/p>\n<p>Valmistaja: RNLI\/Halmatic Ltd, 1998\/2018<br \/>\nMateriaali: lujitemuovi<br \/>\nMitat: Pituus 7,5 m, leveys 2,64 m, syv\u00e4ys 0,8 m<br \/>\nPaino: 1,6 tn<br \/>\nMaksiminopeus: 36 kn<br \/>\nMatkanopeus: 33 kn<br \/>\nTeho: 2&#215;59 kW<br \/>\nPropulsio: per\u00e4moottori x2<br \/>\nMiehist\u00f6: 2<br \/>\nKotisatama: Lahti<\/p>\n","protected":false},"excerpt":{"rendered":"<p>PV Teemu &nbsp; Valmistaja: Mobimar Oy, 2013 Materiaali: Alumiini Mitat: Pituus 13,5 m, leveys 4,5 m, syv\u00e4ys 0,8 m Paino: 14 tn Maksiminopeus: 40 kn Matkanopeus: 30 kn Teho: 2&#215;423 kW Propulsio: vesisuihku Miehist\u00f6: 3 Kotisatama: Lahti &nbsp; PV Vesij\u00e4rvi &nbsp; Valmistaja: Boomeranger Boats Oy, 2005 Materiaali: RIB Mitat: Pituus 10,7 m, leveys 3,5 m [&hellip;]<\/p>\n","protected":false},"author":1,"featured_media":0,"parent":20,"menu_order":0,"comment_status":"closed","ping_status":"closed","template":"","meta":{"_acf_changed":false,"inline_featured_image":false,"footnotes":""},"class_list":["post-26","page","type-page","status-publish","hentry"],"acf":[],"yoast_head":"<!-- This site is optimized with the Yoast SEO Premium plugin v27.4 (Yoast SEO v27.4) - https:\/\/yoast.com\/product\/yoast-seo-premium-wordpress\/ -->\n<title>Alukset - Lahden J\u00e4rvipelastajat<\/title>\n<meta name=\"robots\" content=\"index, follow, max-snippet:-1, max-image-preview:large, max-video-preview:-1\" \/>\n<link rel=\"canonical\" href=\"https:\/\/meripelastus.fi\/lahti\/toiminta\/alukset\/\" \/>\n<meta property=\"og:locale\" content=\"fi_FI\" \/>\n<meta property=\"og:type\" content=\"article\" \/>\n<meta property=\"og:title\" content=\"Alukset\" \/>\n<meta property=\"og:description\" content=\"PV Teemu &nbsp; Valmistaja: Mobimar Oy, 2013 Materiaali: Alumiini Mitat: Pituus 13,5 m, leveys 4,5 m, syv\u00e4ys 0,8 m Paino: 14 tn Maksiminopeus: 40 kn Matkanopeus: 30 kn Teho: 2&#215;423 kW Propulsio: vesisuihku Miehist\u00f6: 3 Kotisatama: Lahti &nbsp; PV Vesij\u00e4rvi &nbsp; Valmistaja: Boomeranger Boats Oy, 2005 Materiaali: RIB Mitat: Pituus 10,7 m, leveys 3,5 m [&hellip;]\" \/>\n<meta property=\"og:url\" content=\"https:\/\/meripelastus.fi\/lahti\/toiminta\/alukset\/\" \/>\n<meta property=\"og:site_name\" content=\"Lahden J\u00e4rvipelastajat\" \/>\n<meta property=\"article:modified_time\" content=\"2021-01-25T16:57:49+00:00\" \/>\n<meta property=\"og:image\" content=\"https:\/\/meripelastus.fi\/lahti-vedos\/wp-content\/uploads\/sites\/10\/2018\/10\/421.jpg\" \/>\n<meta name=\"twitter:card\" content=\"summary_large_image\" \/>\n<script type=\"application\/ld+json\" class=\"yoast-schema-graph\">{\"@context\":\"https:\\\/\\\/schema.org\",\"@graph\":[{\"@type\":\"WebPage\",\"@id\":\"https:\\\/\\\/meripelastus.fi\\\/lahti\\\/toiminta\\\/alukset\\\/\",\"url\":\"https:\\\/\\\/meripelastus.fi\\\/lahti\\\/toiminta\\\/alukset\\\/\",\"name\":\"Alukset - Lahden J\u00e4rvipelastajat\",\"isPartOf\":{\"@id\":\"https:\\\/\\\/meripelastus.fi\\\/lahti\\\/#website\"},\"primaryImageOfPage\":{\"@id\":\"https:\\\/\\\/meripelastus.fi\\\/lahti\\\/toiminta\\\/alukset\\\/#primaryimage\"},\"image\":{\"@id\":\"https:\\\/\\\/meripelastus.fi\\\/lahti\\\/toiminta\\\/alukset\\\/#primaryimage\"},\"thumbnailUrl\":\"https:\\\/\\\/meripelastus.fi\\\/lahti-vedos\\\/wp-content\\\/uploads\\\/sites\\\/10\\\/2018\\\/10\\\/421.jpg\",\"datePublished\":\"2018-03-19T07:19:10+00:00\",\"dateModified\":\"2021-01-25T16:57:49+00:00\",\"breadcrumb\":{\"@id\":\"https:\\\/\\\/meripelastus.fi\\\/lahti\\\/toiminta\\\/alukset\\\/#breadcrumb\"},\"inLanguage\":\"fi\",\"potentialAction\":[{\"@type\":\"ReadAction\",\"target\":[\"https:\\\/\\\/meripelastus.fi\\\/lahti\\\/toiminta\\\/alukset\\\/\"]}]},{\"@type\":\"ImageObject\",\"inLanguage\":\"fi\",\"@id\":\"https:\\\/\\\/meripelastus.fi\\\/lahti\\\/toiminta\\\/alukset\\\/#primaryimage\",\"url\":\"https:\\\/\\\/meripelastus.fi\\\/lahti-vedos\\\/wp-content\\\/uploads\\\/sites\\\/10\\\/2018\\\/10\\\/421.jpg\",\"contentUrl\":\"https:\\\/\\\/meripelastus.fi\\\/lahti-vedos\\\/wp-content\\\/uploads\\\/sites\\\/10\\\/2018\\\/10\\\/421.jpg\"},{\"@type\":\"BreadcrumbList\",\"@id\":\"https:\\\/\\\/meripelastus.fi\\\/lahti\\\/toiminta\\\/alukset\\\/#breadcrumb\",\"itemListElement\":[{\"@type\":\"ListItem\",\"position\":1,\"name\":\"Etusivu\",\"item\":\"https:\\\/\\\/meripelastus.fi\\\/lahti\\\/\"},{\"@type\":\"ListItem\",\"position\":2,\"name\":\"Toiminta\",\"item\":\"https:\\\/\\\/meripelastus.fi\\\/lahti\\\/toiminta\\\/\"},{\"@type\":\"ListItem\",\"position\":3,\"name\":\"Alukset\"}]},{\"@type\":\"WebSite\",\"@id\":\"https:\\\/\\\/meripelastus.fi\\\/lahti\\\/#website\",\"url\":\"https:\\\/\\\/meripelastus.fi\\\/lahti\\\/\",\"name\":\"Lahden J\u00e4rvipelastajat\",\"description\":\"Vapaaehtoiset apunasi vesill\u00e4\",\"potentialAction\":[{\"@type\":\"SearchAction\",\"target\":{\"@type\":\"EntryPoint\",\"urlTemplate\":\"https:\\\/\\\/meripelastus.fi\\\/lahti\\\/?s={search_term_string}\"},\"query-input\":{\"@type\":\"PropertyValueSpecification\",\"valueRequired\":true,\"valueName\":\"search_term_string\"}}],\"inLanguage\":\"fi\"}]}<\/script>\n<!-- \/ Yoast SEO Premium plugin. -->","yoast_head_json":{"title":"Alukset - Lahden J\u00e4rvipelastajat","robots":{"index":"index","follow":"follow","max-snippet":"max-snippet:-1","max-image-preview":"max-image-preview:large","max-video-preview":"max-video-preview:-1"},"canonical":"https:\/\/meripelastus.fi\/lahti\/toiminta\/alukset\/","og_locale":"fi_FI","og_type":"article","og_title":"Alukset","og_description":"PV Teemu &nbsp; Valmistaja: Mobimar Oy, 2013 Materiaali: Alumiini Mitat: Pituus 13,5 m, leveys 4,5 m, syv\u00e4ys 0,8 m Paino: 14 tn Maksiminopeus: 40 kn Matkanopeus: 30 kn Teho: 2&#215;423 kW Propulsio: vesisuihku Miehist\u00f6: 3 Kotisatama: Lahti &nbsp; PV Vesij\u00e4rvi &nbsp; Valmistaja: Boomeranger Boats Oy, 2005 Materiaali: RIB Mitat: Pituus 10,7 m, leveys 3,5 m [&hellip;]","og_url":"https:\/\/meripelastus.fi\/lahti\/toiminta\/alukset\/","og_site_name":"Lahden J\u00e4rvipelastajat","article_modified_time":"2021-01-25T16:57:49+00:00","og_image":[{"url":"https:\/\/meripelastus.fi\/lahti-vedos\/wp-content\/uploads\/sites\/10\/2018\/10\/421.jpg","type":"","width":"","height":""}],"twitter_card":"summary_large_image","schema":{"@context":"https:\/\/schema.org","@graph":[{"@type":"WebPage","@id":"https:\/\/meripelastus.fi\/lahti\/toiminta\/alukset\/","url":"https:\/\/meripelastus.fi\/lahti\/toiminta\/alukset\/","name":"Alukset - Lahden J\u00e4rvipelastajat","isPartOf":{"@id":"https:\/\/meripelastus.fi\/lahti\/#website"},"primaryImageOfPage":{"@id":"https:\/\/meripelastus.fi\/lahti\/toiminta\/alukset\/#primaryimage"},"image":{"@id":"https:\/\/meripelastus.fi\/lahti\/toiminta\/alukset\/#primaryimage"},"thumbnailUrl":"https:\/\/meripelastus.fi\/lahti-vedos\/wp-content\/uploads\/sites\/10\/2018\/10\/421.jpg","datePublished":"2018-03-19T07:19:10+00:00","dateModified":"2021-01-25T16:57:49+00:00","breadcrumb":{"@id":"https:\/\/meripelastus.fi\/lahti\/toiminta\/alukset\/#breadcrumb"},"inLanguage":"fi","potentialAction":[{"@type":"ReadAction","target":["https:\/\/meripelastus.fi\/lahti\/toiminta\/alukset\/"]}]},{"@type":"ImageObject","inLanguage":"fi","@id":"https:\/\/meripelastus.fi\/lahti\/toiminta\/alukset\/#primaryimage","url":"https:\/\/meripelastus.fi\/lahti-vedos\/wp-content\/uploads\/sites\/10\/2018\/10\/421.jpg","contentUrl":"https:\/\/meripelastus.fi\/lahti-vedos\/wp-content\/uploads\/sites\/10\/2018\/10\/421.jpg"},{"@type":"BreadcrumbList","@id":"https:\/\/meripelastus.fi\/lahti\/toiminta\/alukset\/#breadcrumb","itemListElement":[{"@type":"ListItem","position":1,"name":"Etusivu","item":"https:\/\/meripelastus.fi\/lahti\/"},{"@type":"ListItem","position":2,"name":"Toiminta","item":"https:\/\/meripelastus.fi\/lahti\/toiminta\/"},{"@type":"ListItem","position":3,"name":"Alukset"}]},{"@type":"WebSite","@id":"https:\/\/meripelastus.fi\/lahti\/#website","url":"https:\/\/meripelastus.fi\/lahti\/","name":"Lahden J\u00e4rvipelastajat","description":"Vapaaehtoiset apunasi vesill\u00e4","potentialAction":[{"@type":"SearchAction","target":{"@type":"EntryPoint","urlTemplate":"https:\/\/meripelastus.fi\/lahti\/?s={search_term_string}"},"query-input":{"@type":"PropertyValueSpecification","valueRequired":true,"valueName":"search_term_string"}}],"inLanguage":"fi"}]}},"_links":{"self":[{"href":"https:\/\/meripelastus.fi\/lahti\/wp-json\/wp\/v2\/pages\/26","targetHints":{"allow":["GET"]}}],"collection":[{"href":"https:\/\/meripelastus.fi\/lahti\/wp-json\/wp\/v2\/pages"}],"about":[{"href":"https:\/\/meripelastus.fi\/lahti\/wp-json\/wp\/v2\/types\/page"}],"author":[{"embeddable":true,"href":"https:\/\/meripelastus.fi\/lahti\/wp-json\/wp\/v2\/users\/1"}],"replies":[{"embeddable":true,"href":"https:\/\/meripelastus.fi\/lahti\/wp-json\/wp\/v2\/comments?post=26"}],"version-history":[{"count":10,"href":"https:\/\/meripelastus.fi\/lahti\/wp-json\/wp\/v2\/pages\/26\/revisions"}],"predecessor-version":[{"id":427,"href":"https:\/\/meripelastus.fi\/lahti\/wp-json\/wp\/v2\/pages\/26\/revisions\/427"}],"up":[{"embeddable":true,"href":"https:\/\/meripelastus.fi\/lahti\/wp-json\/wp\/v2\/pages\/20"}],"wp:attachment":[{"href":"https:\/\/meripelastus.fi\/lahti\/wp-json\/wp\/v2\/media?parent=26"}],"curies":[{"name":"wp","href":"https:\/\/api.w.org\/{rel}","templated":true}]}}