{"id":22,"date":"2018-03-19T09:18:43","date_gmt":"2018-03-19T07:18:43","guid":{"rendered":"http:\/\/basetemplate.smpsyhdistykset.16.testivedos.com\/?page_id=22"},"modified":"2026-02-16T16:18:05","modified_gmt":"2026-02-16T14:18:05","slug":"halytysohje","status":"publish","type":"page","link":"https:\/\/meripelastus.fi\/kuopio\/halytysohje\/","title":{"rendered":"H\u00e4lytysohje"},"content":{"rendered":"<p>Merell\u00e4 meripelastuksen h\u00e4lytysnumero <b>0294 1000<\/b><br \/>\nTai VHF-kanava <b>16 \/ VHF-DSC 70<\/b><br \/>\n<strong>Sis\u00e4vesill\u00e4<\/strong> yleinen h\u00e4t\u00e4numero <b>112<\/b><\/p>\n<ol>\n<li>Kerro (aluksesi) nimi ja yhteystiedot<\/li>\n<li>Kerro tarkka tapahtumapaikka<\/li>\n<li>Kerro mit\u00e4 on tapahtunut<\/li>\n<li>Montako ihmist\u00e4 on vaarassa, onko loukkaantuneita?<\/li>\n<li>Kerro mit\u00e4 apua tarvitaan<\/li>\n<li>\u00c4l\u00e4 katkaise yhteytt\u00e4 ennen kuin saat luvan<\/li>\n<\/ol>\n<h2>Kiireett\u00f6m\u00e4t avustusteht\u00e4v\u00e4t<\/h2>\n<p>Meripelastusseuran palvelunumero (1.5.-31.10.)<br \/>\n0800 30 22 30<\/p>\n<div class=\"module\">\n<div class=\"title\">\n<h2>Emergency instructions<\/h2>\n<p>Kuopio and lake Saimaa: call 112<\/p>\n<\/div>\n<p>Distress calls to the Maritime Rescue Centre via VHF ch <b>16 \/ VHF-DSC 70<\/b><br \/>\nor by telephone <b>+358-294 1000<\/b> (international) <b>0294 1000<\/b> (national)<\/p>\n<ol>\n<li>Tell your (ships) name and contact information<\/li>\n<li>Tell your position<\/li>\n<li>Tell what has happened<\/li>\n<li>How many people are in danger, how many are injured ?<\/li>\n<li>Tell what kind of help is needed<\/li>\n<li>Do not hang up before you get premission to do so<\/li>\n<\/ol>\n<\/div>\n","protected":false},"excerpt":{"rendered":"<p>Merell\u00e4 meripelastuksen h\u00e4lytysnumero 0294 1000 Tai VHF-kanava 16 \/ VHF-DSC 70 Sis\u00e4vesill\u00e4 yleinen h\u00e4t\u00e4numero 112 Kerro (aluksesi) nimi ja yhteystiedot Kerro tarkka tapahtumapaikka Kerro mit\u00e4 on tapahtunut Montako ihmist\u00e4 on vaarassa, onko loukkaantuneita? Kerro mit\u00e4 apua tarvitaan \u00c4l\u00e4 katkaise yhteytt\u00e4 ennen kuin saat luvan Kiireett\u00f6m\u00e4t avustusteht\u00e4v\u00e4t Meripelastusseuran palvelunumero (1.5.-31.10.) 0800 30 22 30 Emergency instructions [&hellip;]<\/p>\n","protected":false},"author":1,"featured_media":0,"parent":0,"menu_order":0,"comment_status":"closed","ping_status":"closed","template":"","meta":{"_acf_changed":false,"inline_featured_image":false,"footnotes":""},"class_list":["post-22","page","type-page","status-publish","hentry"],"acf":[],"yoast_head":"<!-- This site is optimized with the Yoast SEO Premium plugin v27.4 (Yoast SEO v27.4) - https:\/\/yoast.com\/product\/yoast-seo-premium-wordpress\/ -->\n<title>H\u00e4lytysohje - Kuopion J\u00e4rvipelastajat<\/title>\n<meta name=\"description\" content=\"Merell\u00e4 meripelastuksen h\u00e4lytysnumero 0294 1000Tai VHF-kanava 16 \/ VHF-DSC 70Sis\u00e4vesill\u00e4 yleinen h\u00e4t\u00e4numero 112\" \/>\n<meta name=\"robots\" content=\"index, follow, max-snippet:-1, max-image-preview:large, max-video-preview:-1\" \/>\n<link rel=\"canonical\" href=\"https:\/\/meripelastus.fi\/kuopio\/halytysohje\/\" \/>\n<meta property=\"og:locale\" content=\"fi_FI\" \/>\n<meta property=\"og:type\" content=\"article\" \/>\n<meta property=\"og:title\" content=\"H\u00e4lytysohje\" \/>\n<meta property=\"og:description\" content=\"Merell\u00e4 meripelastuksen h\u00e4lytysnumero 0294 1000Tai VHF-kanava 16 \/ VHF-DSC 70Sis\u00e4vesill\u00e4 yleinen h\u00e4t\u00e4numero 112\" \/>\n<meta property=\"og:url\" content=\"https:\/\/meripelastus.fi\/kuopio\/halytysohje\/\" \/>\n<meta property=\"og:site_name\" content=\"Kuopion J\u00e4rvipelastajat\" \/>\n<meta property=\"article:modified_time\" content=\"2026-02-16T14:18:05+00:00\" \/>\n<meta name=\"twitter:card\" content=\"summary_large_image\" \/>\n<meta name=\"twitter:label1\" content=\"Arvioitu lukuaika\" \/>\n\t<meta name=\"twitter:data1\" content=\"1 minuutti\" \/>\n<script type=\"application\/ld+json\" class=\"yoast-schema-graph\">{\"@context\":\"https:\\\/\\\/schema.org\",\"@graph\":[{\"@type\":\"WebPage\",\"@id\":\"https:\\\/\\\/meripelastus.fi\\\/kuopio\\\/halytysohje\\\/\",\"url\":\"https:\\\/\\\/meripelastus.fi\\\/kuopio\\\/halytysohje\\\/\",\"name\":\"H\u00e4lytysohje - Kuopion J\u00e4rvipelastajat\",\"isPartOf\":{\"@id\":\"https:\\\/\\\/meripelastus.fi\\\/kuopio\\\/#website\"},\"datePublished\":\"2018-03-19T07:18:43+00:00\",\"dateModified\":\"2026-02-16T14:18:05+00:00\",\"description\":\"Merell\u00e4 meripelastuksen h\u00e4lytysnumero 0294 1000Tai VHF-kanava 16 \\\/ VHF-DSC 70Sis\u00e4vesill\u00e4 yleinen h\u00e4t\u00e4numero 112\",\"breadcrumb\":{\"@id\":\"https:\\\/\\\/meripelastus.fi\\\/kuopio\\\/halytysohje\\\/#breadcrumb\"},\"inLanguage\":\"fi\",\"potentialAction\":[{\"@type\":\"ReadAction\",\"target\":[\"https:\\\/\\\/meripelastus.fi\\\/kuopio\\\/halytysohje\\\/\"]}]},{\"@type\":\"BreadcrumbList\",\"@id\":\"https:\\\/\\\/meripelastus.fi\\\/kuopio\\\/halytysohje\\\/#breadcrumb\",\"itemListElement\":[{\"@type\":\"ListItem\",\"position\":1,\"name\":\"Etusivu\",\"item\":\"https:\\\/\\\/meripelastus.fi\\\/kuopio\\\/\"},{\"@type\":\"ListItem\",\"position\":2,\"name\":\"H\u00e4lytysohje\"}]},{\"@type\":\"WebSite\",\"@id\":\"https:\\\/\\\/meripelastus.fi\\\/kuopio\\\/#website\",\"url\":\"https:\\\/\\\/meripelastus.fi\\\/kuopio\\\/\",\"name\":\"Kuopion J\u00e4rvipelastajat\",\"description\":\"Vapaaehtoiset apunasi vesill\u00e4\",\"potentialAction\":[{\"@type\":\"SearchAction\",\"target\":{\"@type\":\"EntryPoint\",\"urlTemplate\":\"https:\\\/\\\/meripelastus.fi\\\/kuopio\\\/?s={search_term_string}\"},\"query-input\":{\"@type\":\"PropertyValueSpecification\",\"valueRequired\":true,\"valueName\":\"search_term_string\"}}],\"inLanguage\":\"fi\"}]}<\/script>\n<!-- \/ Yoast SEO Premium plugin. -->","yoast_head_json":{"title":"H\u00e4lytysohje - Kuopion J\u00e4rvipelastajat","description":"Merell\u00e4 meripelastuksen h\u00e4lytysnumero 0294 1000Tai VHF-kanava 16 \/ VHF-DSC 70Sis\u00e4vesill\u00e4 yleinen h\u00e4t\u00e4numero 112","robots":{"index":"index","follow":"follow","max-snippet":"max-snippet:-1","max-image-preview":"max-image-preview:large","max-video-preview":"max-video-preview:-1"},"canonical":"https:\/\/meripelastus.fi\/kuopio\/halytysohje\/","og_locale":"fi_FI","og_type":"article","og_title":"H\u00e4lytysohje","og_description":"Merell\u00e4 meripelastuksen h\u00e4lytysnumero 0294 1000Tai VHF-kanava 16 \/ VHF-DSC 70Sis\u00e4vesill\u00e4 yleinen h\u00e4t\u00e4numero 112","og_url":"https:\/\/meripelastus.fi\/kuopio\/halytysohje\/","og_site_name":"Kuopion J\u00e4rvipelastajat","article_modified_time":"2026-02-16T14:18:05+00:00","twitter_card":"summary_large_image","twitter_misc":{"Arvioitu lukuaika":"1 minuutti"},"schema":{"@context":"https:\/\/schema.org","@graph":[{"@type":"WebPage","@id":"https:\/\/meripelastus.fi\/kuopio\/halytysohje\/","url":"https:\/\/meripelastus.fi\/kuopio\/halytysohje\/","name":"H\u00e4lytysohje - Kuopion J\u00e4rvipelastajat","isPartOf":{"@id":"https:\/\/meripelastus.fi\/kuopio\/#website"},"datePublished":"2018-03-19T07:18:43+00:00","dateModified":"2026-02-16T14:18:05+00:00","description":"Merell\u00e4 meripelastuksen h\u00e4lytysnumero 0294 1000Tai VHF-kanava 16 \/ VHF-DSC 70Sis\u00e4vesill\u00e4 yleinen h\u00e4t\u00e4numero 112","breadcrumb":{"@id":"https:\/\/meripelastus.fi\/kuopio\/halytysohje\/#breadcrumb"},"inLanguage":"fi","potentialAction":[{"@type":"ReadAction","target":["https:\/\/meripelastus.fi\/kuopio\/halytysohje\/"]}]},{"@type":"BreadcrumbList","@id":"https:\/\/meripelastus.fi\/kuopio\/halytysohje\/#breadcrumb","itemListElement":[{"@type":"ListItem","position":1,"name":"Etusivu","item":"https:\/\/meripelastus.fi\/kuopio\/"},{"@type":"ListItem","position":2,"name":"H\u00e4lytysohje"}]},{"@type":"WebSite","@id":"https:\/\/meripelastus.fi\/kuopio\/#website","url":"https:\/\/meripelastus.fi\/kuopio\/","name":"Kuopion J\u00e4rvipelastajat","description":"Vapaaehtoiset apunasi vesill\u00e4","potentialAction":[{"@type":"SearchAction","target":{"@type":"EntryPoint","urlTemplate":"https:\/\/meripelastus.fi\/kuopio\/?s={search_term_string}"},"query-input":{"@type":"PropertyValueSpecification","valueRequired":true,"valueName":"search_term_string"}}],"inLanguage":"fi"}]}},"_links":{"self":[{"href":"https:\/\/meripelastus.fi\/kuopio\/wp-json\/wp\/v2\/pages\/22","targetHints":{"allow":["GET"]}}],"collection":[{"href":"https:\/\/meripelastus.fi\/kuopio\/wp-json\/wp\/v2\/pages"}],"about":[{"href":"https:\/\/meripelastus.fi\/kuopio\/wp-json\/wp\/v2\/types\/page"}],"author":[{"embeddable":true,"href":"https:\/\/meripelastus.fi\/kuopio\/wp-json\/wp\/v2\/users\/1"}],"replies":[{"embeddable":true,"href":"https:\/\/meripelastus.fi\/kuopio\/wp-json\/wp\/v2\/comments?post=22"}],"version-history":[{"count":7,"href":"https:\/\/meripelastus.fi\/kuopio\/wp-json\/wp\/v2\/pages\/22\/revisions"}],"predecessor-version":[{"id":691,"href":"https:\/\/meripelastus.fi\/kuopio\/wp-json\/wp\/v2\/pages\/22\/revisions\/691"}],"wp:attachment":[{"href":"https:\/\/meripelastus.fi\/kuopio\/wp-json\/wp\/v2\/media?parent=22"}],"curies":[{"name":"wp","href":"https:\/\/api.w.org\/{rel}","templated":true}]}}