{"id":8,"date":"2018-03-19T09:16:29","date_gmt":"2018-03-19T07:16:29","guid":{"rendered":"http:\/\/basetemplate.smpsyhdistykset.16.testivedos.com\/?page_id=8"},"modified":"2025-05-28T23:54:46","modified_gmt":"2025-05-28T20:54:46","slug":"tietoa-meista","status":"publish","type":"page","link":"https:\/\/meripelastus.fi\/kotka\/kotkan-meripelastusyhdistys\/tietoa-meista\/","title":{"rendered":"Tietoa meist\u00e4"},"content":{"rendered":"<div class=\"title\">\n<h2>Kotkan Meripelastusyhdistys ry<\/h2>\n<\/div>\n<ul>\n<li>\u00a0Perustettu 1957<\/li>\n<li>J\u00e4seni\u00e4 noin 600<\/li>\n<li>Asemapaikka Luotsi-Kuusinen, Kotkansaari<\/li>\n<li>Toiminta-alue It\u00e4inen Suomenlahti<\/li>\n<li>Teht\u00e4v\u00e4t: Meripelastuskeskuksen m\u00e4\u00e4r\u00e4\u00e4m\u00e4t pelastus- ja avustusteht\u00e4v\u00e4t, Trossi- sek\u00e4 ensivasteteht\u00e4v\u00e4t omalla toiminta-alueella it\u00e4isell\u00e4 Suomenlahdella.<\/li>\n<li>Alukset: PV Kotka, apuveneen\u00e4 AV Skuutteri (vesijetti) sek\u00e4 PV Lassi<\/li>\n<li>Toimii ensivasteyksikk\u00f6n\u00e4 omalla alueellaan<\/li>\n<\/ul>\n<p>It\u00e4isell\u00e4 Suomenlahdella on harjoitettu vapaaehtoista meripelastusta jo 1850-luvulta l\u00e4htien. Kotkaan perustettiin vuonna 1957 Suomen Meripelastusseuran paikallisosasto, joka rekister\u00f6itiin Kymenlaakson Meripelastusyhdistykseksi vuonna 1960. Yhdistyksen nimeksi tuli vuonna 1987 Kotkan Meripelastusyhdistys ry.<\/p>\n<p><img loading=\"lazy\" decoding=\"async\" class=\"alignnone size-medium wp-image-236\" src=\"https:\/\/meripelastus.fi\/kotka-vedos\/wp-content\/uploads\/sites\/27\/2020\/01\/mepe2-225x300.jpg\" alt=\"\" width=\"225\" height=\"300\" srcset=\"https:\/\/meripelastus.fi\/kotka\/wp-content\/uploads\/sites\/27\/2020\/01\/mepe2-225x300.jpg 225w, https:\/\/meripelastus.fi\/kotka\/wp-content\/uploads\/sites\/27\/2020\/01\/mepe2.jpg 666w\" sizes=\"auto, (max-width: 225px) 100vw, 225px\" \/><\/p>\n","protected":false},"excerpt":{"rendered":"<p>Kotkan Meripelastusyhdistys ry \u00a0Perustettu 1957 J\u00e4seni\u00e4 noin 600 Asemapaikka Luotsi-Kuusinen, Kotkansaari Toiminta-alue It\u00e4inen Suomenlahti Teht\u00e4v\u00e4t: Meripelastuskeskuksen m\u00e4\u00e4r\u00e4\u00e4m\u00e4t pelastus- ja avustusteht\u00e4v\u00e4t, Trossi- sek\u00e4 ensivasteteht\u00e4v\u00e4t omalla toiminta-alueella it\u00e4isell\u00e4 Suomenlahdella. Alukset: PV Kotka, apuveneen\u00e4 AV Skuutteri (vesijetti) sek\u00e4 PV Lassi Toimii ensivasteyksikk\u00f6n\u00e4 omalla alueellaan It\u00e4isell\u00e4 Suomenlahdella on harjoitettu vapaaehtoista meripelastusta jo 1850-luvulta l\u00e4htien. Kotkaan perustettiin vuonna 1957 Suomen [&hellip;]<\/p>\n","protected":false},"author":1,"featured_media":237,"parent":6,"menu_order":0,"comment_status":"closed","ping_status":"closed","template":"","meta":{"_acf_changed":false,"inline_featured_image":false,"footnotes":""},"class_list":["post-8","page","type-page","status-publish","has-post-thumbnail","hentry"],"acf":[],"yoast_head":"<!-- This site is optimized with the Yoast SEO Premium plugin v27.2 (Yoast SEO v27.2) - https:\/\/yoast.com\/product\/yoast-seo-premium-wordpress\/ -->\n<title>Tietoa meist\u00e4 - Kotkan Meripelastusyhdistys<\/title>\n<meta name=\"robots\" content=\"index, follow, max-snippet:-1, max-image-preview:large, max-video-preview:-1\" \/>\n<link rel=\"canonical\" href=\"https:\/\/meripelastus.fi\/kotka\/kotkan-meripelastusyhdistys\/tietoa-meista\/\" \/>\n<meta property=\"og:locale\" content=\"fi_FI\" \/>\n<meta property=\"og:type\" content=\"article\" \/>\n<meta property=\"og:title\" content=\"Tietoa meist\u00e4\" \/>\n<meta property=\"og:description\" content=\"Kotkan Meripelastusyhdistys ry \u00a0Perustettu 1957 J\u00e4seni\u00e4 noin 600 Asemapaikka Luotsi-Kuusinen, Kotkansaari Toiminta-alue It\u00e4inen Suomenlahti Teht\u00e4v\u00e4t: Meripelastuskeskuksen m\u00e4\u00e4r\u00e4\u00e4m\u00e4t pelastus- ja avustusteht\u00e4v\u00e4t, Trossi- sek\u00e4 ensivasteteht\u00e4v\u00e4t omalla toiminta-alueella it\u00e4isell\u00e4 Suomenlahdella. Alukset: PV Kotka, apuveneen\u00e4 AV Skuutteri (vesijetti) sek\u00e4 PV Lassi Toimii ensivasteyksikk\u00f6n\u00e4 omalla alueellaan It\u00e4isell\u00e4 Suomenlahdella on harjoitettu vapaaehtoista meripelastusta jo 1850-luvulta l\u00e4htien. Kotkaan perustettiin vuonna 1957 Suomen [&hellip;]\" \/>\n<meta property=\"og:url\" content=\"https:\/\/meripelastus.fi\/kotka\/kotkan-meripelastusyhdistys\/tietoa-meista\/\" \/>\n<meta property=\"og:site_name\" content=\"Kotkan Meripelastusyhdistys\" \/>\n<meta property=\"article:modified_time\" content=\"2025-05-28T20:54:46+00:00\" \/>\n<meta property=\"og:image\" content=\"https:\/\/meripelastus.fi\/kotka\/wp-content\/uploads\/sites\/27\/2020\/01\/mepe3.jpg\" \/>\n\t<meta property=\"og:image:width\" content=\"1184\" \/>\n\t<meta property=\"og:image:height\" content=\"888\" \/>\n\t<meta property=\"og:image:type\" content=\"image\/jpeg\" \/>\n<meta name=\"twitter:card\" content=\"summary_large_image\" \/>\n<meta name=\"twitter:label1\" content=\"Arvioitu lukuaika\" \/>\n\t<meta name=\"twitter:data1\" content=\"1 minuutti\" \/>\n<script type=\"application\/ld+json\" class=\"yoast-schema-graph\">{\"@context\":\"https:\/\/schema.org\",\"@graph\":[{\"@type\":\"WebPage\",\"@id\":\"https:\/\/meripelastus.fi\/kotka\/kotkan-meripelastusyhdistys\/tietoa-meista\/\",\"url\":\"https:\/\/meripelastus.fi\/kotka\/kotkan-meripelastusyhdistys\/tietoa-meista\/\",\"name\":\"Tietoa meist\u00e4 - Kotkan Meripelastusyhdistys\",\"isPartOf\":{\"@id\":\"https:\/\/meripelastus.fi\/kotka\/#website\"},\"primaryImageOfPage\":{\"@id\":\"https:\/\/meripelastus.fi\/kotka\/kotkan-meripelastusyhdistys\/tietoa-meista\/#primaryimage\"},\"image\":{\"@id\":\"https:\/\/meripelastus.fi\/kotka\/kotkan-meripelastusyhdistys\/tietoa-meista\/#primaryimage\"},\"thumbnailUrl\":\"https:\/\/meripelastus.fi\/kotka\/wp-content\/uploads\/sites\/27\/2020\/01\/mepe3.jpg\",\"datePublished\":\"2018-03-19T07:16:29+00:00\",\"dateModified\":\"2025-05-28T20:54:46+00:00\",\"breadcrumb\":{\"@id\":\"https:\/\/meripelastus.fi\/kotka\/kotkan-meripelastusyhdistys\/tietoa-meista\/#breadcrumb\"},\"inLanguage\":\"fi\",\"potentialAction\":[{\"@type\":\"ReadAction\",\"target\":[\"https:\/\/meripelastus.fi\/kotka\/kotkan-meripelastusyhdistys\/tietoa-meista\/\"]}]},{\"@type\":\"ImageObject\",\"inLanguage\":\"fi\",\"@id\":\"https:\/\/meripelastus.fi\/kotka\/kotkan-meripelastusyhdistys\/tietoa-meista\/#primaryimage\",\"url\":\"https:\/\/meripelastus.fi\/kotka\/wp-content\/uploads\/sites\/27\/2020\/01\/mepe3.jpg\",\"contentUrl\":\"https:\/\/meripelastus.fi\/kotka\/wp-content\/uploads\/sites\/27\/2020\/01\/mepe3.jpg\",\"width\":1184,\"height\":888,\"caption\":\"Kotkan majakka\"},{\"@type\":\"BreadcrumbList\",\"@id\":\"https:\/\/meripelastus.fi\/kotka\/kotkan-meripelastusyhdistys\/tietoa-meista\/#breadcrumb\",\"itemListElement\":[{\"@type\":\"ListItem\",\"position\":1,\"name\":\"Etusivu\",\"item\":\"https:\/\/meripelastus.fi\/kotka\/\"},{\"@type\":\"ListItem\",\"position\":2,\"name\":\"Kotkan Meripelastusyhdistys\",\"item\":\"https:\/\/meripelastus.fi\/kotka\/kotkan-meripelastusyhdistys\/\"},{\"@type\":\"ListItem\",\"position\":3,\"name\":\"Tietoa meist\u00e4\"}]},{\"@type\":\"WebSite\",\"@id\":\"https:\/\/meripelastus.fi\/kotka\/#website\",\"url\":\"https:\/\/meripelastus.fi\/kotka\/\",\"name\":\"Kotkan Meripelastusyhdistys\",\"description\":\"Vapaaehtoiset apunasi vesill\u00e4\",\"potentialAction\":[{\"@type\":\"SearchAction\",\"target\":{\"@type\":\"EntryPoint\",\"urlTemplate\":\"https:\/\/meripelastus.fi\/kotka\/?s={search_term_string}\"},\"query-input\":{\"@type\":\"PropertyValueSpecification\",\"valueRequired\":true,\"valueName\":\"search_term_string\"}}],\"inLanguage\":\"fi\"}]}<\/script>\n<!-- \/ Yoast SEO Premium plugin. -->","yoast_head_json":{"title":"Tietoa meist\u00e4 - Kotkan Meripelastusyhdistys","robots":{"index":"index","follow":"follow","max-snippet":"max-snippet:-1","max-image-preview":"max-image-preview:large","max-video-preview":"max-video-preview:-1"},"canonical":"https:\/\/meripelastus.fi\/kotka\/kotkan-meripelastusyhdistys\/tietoa-meista\/","og_locale":"fi_FI","og_type":"article","og_title":"Tietoa meist\u00e4","og_description":"Kotkan Meripelastusyhdistys ry \u00a0Perustettu 1957 J\u00e4seni\u00e4 noin 600 Asemapaikka Luotsi-Kuusinen, Kotkansaari Toiminta-alue It\u00e4inen Suomenlahti Teht\u00e4v\u00e4t: Meripelastuskeskuksen m\u00e4\u00e4r\u00e4\u00e4m\u00e4t pelastus- ja avustusteht\u00e4v\u00e4t, Trossi- sek\u00e4 ensivasteteht\u00e4v\u00e4t omalla toiminta-alueella it\u00e4isell\u00e4 Suomenlahdella. Alukset: PV Kotka, apuveneen\u00e4 AV Skuutteri (vesijetti) sek\u00e4 PV Lassi Toimii ensivasteyksikk\u00f6n\u00e4 omalla alueellaan It\u00e4isell\u00e4 Suomenlahdella on harjoitettu vapaaehtoista meripelastusta jo 1850-luvulta l\u00e4htien. Kotkaan perustettiin vuonna 1957 Suomen [&hellip;]","og_url":"https:\/\/meripelastus.fi\/kotka\/kotkan-meripelastusyhdistys\/tietoa-meista\/","og_site_name":"Kotkan Meripelastusyhdistys","article_modified_time":"2025-05-28T20:54:46+00:00","og_image":[{"width":1184,"height":888,"url":"https:\/\/meripelastus.fi\/kotka\/wp-content\/uploads\/sites\/27\/2020\/01\/mepe3.jpg","type":"image\/jpeg"}],"twitter_card":"summary_large_image","twitter_misc":{"Arvioitu lukuaika":"1 minuutti"},"schema":{"@context":"https:\/\/schema.org","@graph":[{"@type":"WebPage","@id":"https:\/\/meripelastus.fi\/kotka\/kotkan-meripelastusyhdistys\/tietoa-meista\/","url":"https:\/\/meripelastus.fi\/kotka\/kotkan-meripelastusyhdistys\/tietoa-meista\/","name":"Tietoa meist\u00e4 - Kotkan Meripelastusyhdistys","isPartOf":{"@id":"https:\/\/meripelastus.fi\/kotka\/#website"},"primaryImageOfPage":{"@id":"https:\/\/meripelastus.fi\/kotka\/kotkan-meripelastusyhdistys\/tietoa-meista\/#primaryimage"},"image":{"@id":"https:\/\/meripelastus.fi\/kotka\/kotkan-meripelastusyhdistys\/tietoa-meista\/#primaryimage"},"thumbnailUrl":"https:\/\/meripelastus.fi\/kotka\/wp-content\/uploads\/sites\/27\/2020\/01\/mepe3.jpg","datePublished":"2018-03-19T07:16:29+00:00","dateModified":"2025-05-28T20:54:46+00:00","breadcrumb":{"@id":"https:\/\/meripelastus.fi\/kotka\/kotkan-meripelastusyhdistys\/tietoa-meista\/#breadcrumb"},"inLanguage":"fi","potentialAction":[{"@type":"ReadAction","target":["https:\/\/meripelastus.fi\/kotka\/kotkan-meripelastusyhdistys\/tietoa-meista\/"]}]},{"@type":"ImageObject","inLanguage":"fi","@id":"https:\/\/meripelastus.fi\/kotka\/kotkan-meripelastusyhdistys\/tietoa-meista\/#primaryimage","url":"https:\/\/meripelastus.fi\/kotka\/wp-content\/uploads\/sites\/27\/2020\/01\/mepe3.jpg","contentUrl":"https:\/\/meripelastus.fi\/kotka\/wp-content\/uploads\/sites\/27\/2020\/01\/mepe3.jpg","width":1184,"height":888,"caption":"Kotkan majakka"},{"@type":"BreadcrumbList","@id":"https:\/\/meripelastus.fi\/kotka\/kotkan-meripelastusyhdistys\/tietoa-meista\/#breadcrumb","itemListElement":[{"@type":"ListItem","position":1,"name":"Etusivu","item":"https:\/\/meripelastus.fi\/kotka\/"},{"@type":"ListItem","position":2,"name":"Kotkan Meripelastusyhdistys","item":"https:\/\/meripelastus.fi\/kotka\/kotkan-meripelastusyhdistys\/"},{"@type":"ListItem","position":3,"name":"Tietoa meist\u00e4"}]},{"@type":"WebSite","@id":"https:\/\/meripelastus.fi\/kotka\/#website","url":"https:\/\/meripelastus.fi\/kotka\/","name":"Kotkan Meripelastusyhdistys","description":"Vapaaehtoiset apunasi vesill\u00e4","potentialAction":[{"@type":"SearchAction","target":{"@type":"EntryPoint","urlTemplate":"https:\/\/meripelastus.fi\/kotka\/?s={search_term_string}"},"query-input":{"@type":"PropertyValueSpecification","valueRequired":true,"valueName":"search_term_string"}}],"inLanguage":"fi"}]}},"_links":{"self":[{"href":"https:\/\/meripelastus.fi\/kotka\/wp-json\/wp\/v2\/pages\/8","targetHints":{"allow":["GET"]}}],"collection":[{"href":"https:\/\/meripelastus.fi\/kotka\/wp-json\/wp\/v2\/pages"}],"about":[{"href":"https:\/\/meripelastus.fi\/kotka\/wp-json\/wp\/v2\/types\/page"}],"author":[{"embeddable":true,"href":"https:\/\/meripelastus.fi\/kotka\/wp-json\/wp\/v2\/users\/1"}],"replies":[{"embeddable":true,"href":"https:\/\/meripelastus.fi\/kotka\/wp-json\/wp\/v2\/comments?post=8"}],"version-history":[{"count":12,"href":"https:\/\/meripelastus.fi\/kotka\/wp-json\/wp\/v2\/pages\/8\/revisions"}],"predecessor-version":[{"id":678,"href":"https:\/\/meripelastus.fi\/kotka\/wp-json\/wp\/v2\/pages\/8\/revisions\/678"}],"up":[{"embeddable":true,"href":"https:\/\/meripelastus.fi\/kotka\/wp-json\/wp\/v2\/pages\/6"}],"wp:featuredmedia":[{"embeddable":true,"href":"https:\/\/meripelastus.fi\/kotka\/wp-json\/wp\/v2\/media\/237"}],"wp:attachment":[{"href":"https:\/\/meripelastus.fi\/kotka\/wp-json\/wp\/v2\/media?parent=8"}],"curies":[{"name":"wp","href":"https:\/\/api.w.org\/{rel}","templated":true}]}}