{"id":662,"date":"2025-05-28T23:51:02","date_gmt":"2025-05-28T20:51:02","guid":{"rendered":"https:\/\/meripelastus.fi\/kotka\/?page_id=662"},"modified":"2025-12-05T01:35:46","modified_gmt":"2025-12-04T23:35:46","slug":"trossi","status":"publish","type":"page","link":"https:\/\/meripelastus.fi\/kotka\/jasenpalvelu\/trossi\/","title":{"rendered":"J\u00e4senpalvelu"},"content":{"rendered":"\n<p><strong>Ihmiset pelastetaan vesill\u00e4 aina korvauksetta, mutta veneen kiireett\u00f6m\u00e4st\u00e4 siirrosta turvaan joudutaan yleens\u00e4 perim\u00e4\u00e4n kulukorvaus. Summa voi nousta satoihin euroihin. Hankkimalla Meripelastusseuran Plus-j\u00e4senpalvelun varmistat veneellesi avun j\u00e4senetuna silloinkin, kun ihmisi\u00e4 ei ole vaarassa. Premium-j\u00e4senpalvelu takaa saman avun kaikille veneillesi, my\u00f6s perheesi yhteisk\u00e4yt\u00f6ss\u00e4, sek\u00e4 sinulle veneilless\u00e4si jonkun muun omistamalla veneell\u00e4. J\u00e4senen\u00e4 tuet my\u00f6s vapaaehtoista meripelastusty\u00f6t\u00e4.<\/strong><\/p>\n\n\n\n<div style=\"height:100px\" aria-hidden=\"true\" class=\"wp-block-spacer\"><\/div>\n\n\n\n<figure class=\"wp-block-image size-large is-resized\"><a href=\"https:\/\/meripelastus.fi\/jaseneksi\/#liity\" target=\"_blank\" rel=\" noreferrer noopener\"><img loading=\"lazy\" decoding=\"async\" width=\"1024\" height=\"494\" src=\"https:\/\/meripelastus.fi\/kotka\/wp-content\/uploads\/sites\/27\/2025\/12\/smps-plus-merkki-digi-20251118-1024x494.png\" alt=\"\" class=\"wp-image-764\" style=\"width:354px;height:auto\" srcset=\"https:\/\/meripelastus.fi\/kotka\/wp-content\/uploads\/sites\/27\/2025\/12\/smps-plus-merkki-digi-20251118-1024x494.png 1024w, https:\/\/meripelastus.fi\/kotka\/wp-content\/uploads\/sites\/27\/2025\/12\/smps-plus-merkki-digi-20251118-300x145.png 300w, https:\/\/meripelastus.fi\/kotka\/wp-content\/uploads\/sites\/27\/2025\/12\/smps-plus-merkki-digi-20251118-768x370.png 768w, https:\/\/meripelastus.fi\/kotka\/wp-content\/uploads\/sites\/27\/2025\/12\/smps-plus-merkki-digi-20251118-1536x741.png 1536w, https:\/\/meripelastus.fi\/kotka\/wp-content\/uploads\/sites\/27\/2025\/12\/smps-plus-merkki-digi-20251118-2048x988.png 2048w\" sizes=\"auto, (max-width: 1024px) 100vw, 1024px\" \/><\/a><\/figure>\n\n\n\n<h2 class=\"wp-block-heading\" id=\"h-plus-jasenpalvelu-98-vuosi\">Plus-j\u00e4senpalvelu 98 \u20ac \/ vuosi<\/h2>\n\n\n\n<p>Kun tarvitset turvaa yhdelle omistamallesi veneelle.<\/p>\n\n\n\n<ul class=\"wp-block-list\">\n<li>Kiireet\u00f6n apu veneellesi 1.5.-31.10.<\/li>\n\n\n\n<li>J\u00e4senpalvelu on k\u00e4yt\u00f6ss\u00e4 yhdelle omistamallesi veneelle.<\/li>\n\n\n\n<li>J\u00e4senpalvelu on voimassa ollessasi itse mukana veneess\u00e4.<\/li>\n<\/ul>\n\n\n\n<p><\/p>\n\n\n\n<p><\/p>\n\n\n\n<div style=\"height:100px\" aria-hidden=\"true\" class=\"wp-block-spacer\"><\/div>\n\n\n\n<figure class=\"wp-block-image size-full is-resized\"><a href=\"https:\/\/meripelastus.fi\/jaseneksi\/#liity\" target=\"_blank\" rel=\" noreferrer noopener\"><img loading=\"lazy\" decoding=\"async\" width=\"640\" height=\"200\" src=\"https:\/\/meripelastus.fi\/kotka\/wp-content\/uploads\/sites\/27\/2025\/12\/smps-premium-merkki-digi-20251118-Normaali.jpeg\" alt=\"\" class=\"wp-image-765\" style=\"width:534px;height:auto\" srcset=\"https:\/\/meripelastus.fi\/kotka\/wp-content\/uploads\/sites\/27\/2025\/12\/smps-premium-merkki-digi-20251118-Normaali.jpeg 640w, https:\/\/meripelastus.fi\/kotka\/wp-content\/uploads\/sites\/27\/2025\/12\/smps-premium-merkki-digi-20251118-Normaali-300x94.jpeg 300w\" sizes=\"auto, (max-width: 640px) 100vw, 640px\" \/><\/a><\/figure>\n\n\n\n<h2 class=\"wp-block-heading has-text-align-left\" id=\"h-premium-jasenpalvelu-148-vuosi\">Premium-j\u00e4senpalvelu 148 \u20ac \/ vuosi<\/h2>\n\n\n\n<p>Kun omistat useamman veneen ja haluat turvaa kaikille venematkoillesi.<\/p>\n\n\n\n<ul class=\"wp-block-list\">\n<li>Kiireet\u00f6n apu veneillesi ja venematkoillesi 1.5.-31.10.<\/li>\n\n\n\n<li>Kattaa veneesi ja venematkasi riippumatta, kenen omistamalla veneell\u00e4 liikut.<\/li>\n\n\n\n<li>Kattaa my\u00f6s perhe- ja yhteisk\u00e4yt\u00f6n.<\/li>\n<\/ul>\n\n\n\n<div style=\"height:100px\" aria-hidden=\"true\" class=\"wp-block-spacer\"><\/div>\n\n\n\n<p><\/p>\n\n\n\n<p><\/p>\n\n\n\n<p><strong>Valitse liittymislomakkeella j\u00e4senyhdistykseksi Kotkan Meripelastusyhdistys<\/strong><\/p>\n\n\n\n<div class=\"wp-block-buttons is-layout-flex wp-block-buttons-is-layout-flex\">\n<div class=\"wp-block-button\"><a class=\"wp-block-button__link wp-element-button\" href=\"https:\/\/meripelastus.fi\/trossi\/\" target=\"_blank\" rel=\"noreferrer noopener\">Liity PLUS-j\u00e4seneksi<\/a><\/div>\n\n\n\n<div class=\"wp-block-button\"><a class=\"wp-block-button__link wp-element-button\" href=\"https:\/\/meripelastus.fi\/jaseneksi\/\" target=\"_blank\" rel=\"noreferrer noopener\">LIITY PREMIUM-J\u00c4SENEKSI<\/a><\/div>\n\n\n\n<div class=\"wp-block-button\"><a class=\"wp-block-button__link wp-element-button\" href=\"https:\/\/meripelastus.fi\/trossi\/trossi-lahjaksi\/\" target=\"_blank\" rel=\"noreferrer noopener\">J\u00c4SENPALVELU lahjaksi<\/a><\/div>\n<\/div>\n\n\n\n<div style=\"height:100px\" aria-hidden=\"true\" class=\"wp-block-spacer\"><\/div>\n\n\n\n<p><\/p>\n\n\n\n<h2 class=\"wp-block-heading\" id=\"h-pyyda-apua\">PYYD\u00c4 APUA!<\/h2>\n\n\n\n<h3 class=\"wp-block-heading\" id=\"h-hatatilanteessa-merialueilla-0294-1000\"><strong>H\u00e4t\u00e4tilanteessa merialueilla 0294 1000<\/strong><\/h3>\n\n\n\n<h3 class=\"wp-block-heading\" id=\"h-meripelastusseuran-palvelunumero-0800-302230-auttaa-veneilijoita-24-7-kiireettomissa-tapauksissa-1-5-31-10\">Meripelastusseuran palvelunumero 0800 302230 auttaa veneilij\u00f6it\u00e4 24\/7 kiireett\u00f6miss\u00e4 tapauksissa (1.5.-31.10.)<\/h3>\n\n\n\n<p>Soita palvelunumeroon, kun<\/p>\n\n\n\n<ul class=\"wp-block-list\">\n<li>vene on kiinni laiturissa tai muussa turvallisessa paikassa, mutta ei l\u00e4hde k\u00e4yntiin, koska:\n<ul class=\"wp-block-list\">\n<li>polttoaine on loppu<\/li>\n\n\n\n<li>akussa ei ole virtaa<\/li>\n\n\n\n<li>jokin osa tai laite on hajonnut<\/li>\n\n\n\n<li>k\u00f6ysi on potkurissa tai ankkuri jumissa pohjassa<\/li>\n<\/ul>\n<\/li>\n\n\n\n<li>vene on ankkurissa turvallisessa paikassa ja s\u00e4\u00e4 on suotuisa, mutta vene ei l\u00e4hde y\u00f6pymisen tai uimatauon j\u00e4lkeen k\u00e4yntiin<\/li>\n\n\n\n<li>matka on keskeytynyt yll\u00e4tt\u00e4en laiterikon tai polttoaineen loppumisen vuoksi, mutta ankkuroituminen on voitu tehd\u00e4 hallitusti eik\u00e4 tilanteessa ole muitakaan vaaraa aiheuttavia tekij\u00f6it\u00e4<\/li>\n\n\n\n<li>kulussa oleva alus tarvitsee my\u00f6hemmin, erikseen sovittavana ajankohtana apua esim. rantautumiseen. <\/li>\n<\/ul>\n\n\n\n<p><\/p>\n\n\n\n<p>HUOM! Aina, jos olet ep\u00e4varma, onko kyseess\u00e4 kiireet\u00f6n avustus vai h\u00e4t\u00e4tilanne, soita <strong>meripelastuksen h\u00e4t\u00e4numeroon 0294 1000<\/strong>.<\/p>\n\n\n\n<h2 class=\"wp-block-heading\" id=\"h-meripelastusseuran-jasenpalvelu-turvanasi\">Meripelastusseuran j\u00e4senpalvelu turvanasi<\/h2>\n\n\n\n<p>Meripelastusseuran Plus- ja Premium-j\u00e4senpalvelut varmistavat venematkallesi avun kiireett\u00f6miss\u00e4kin ongelmatilanteissa. Plus-tason j\u00e4senmaksu on vain 98 \u20ac kalenterivuodessa. Laajemman turvan tarjoavan Premium-j\u00e4senpalvelun hinta on 148 \u20ac. Ilman j\u00e4senpalvelua yksi veneen hinaus maksaa keskim\u00e4\u00e4rin noin 450 euroa.<\/p>\n\n\n\n<p>J\u00e4senpalveluun voit liitt\u00e4\u00e4 huvivenedirektiivin mukaisen huviveneen tai vesiskootterin. Vastaava palvelu on saatavilla Suomen lis\u00e4ksi Ruotsissa ja Norjassa sek\u00e4 osin my\u00f6s Tanskassa. J\u00e4senyys alkaa heti laskun maksettuasi. Liimaa veneeseen saamasi venetarra ja pid\u00e4 j\u00e4senkortti (tai j\u00e4sennumero) mukanasi aina veneilless\u00e4. Ota k\u00e4ytt\u00f6\u00f6n Meripelastusseuran <a href=\"https:\/\/meripelastus.fi\/mobiilijasenkortti\/\" target=\"_blank\" rel=\"noreferrer noopener\">mobiilij\u00e4senkortti<\/a>.<\/p>\n\n\n\n<h2 class=\"wp-block-heading\" id=\"h-tutustu-jasenpalvelun-ehtoihin\"><a href=\"https:\/\/meripelastus.fi\/jasenyys\/ehdot\/\" target=\"_blank\" rel=\"noreferrer noopener\">Tutustu J\u00e4senpalvelun ehtoihin<\/a><\/h2>\n\n\n\n<h2 class=\"wp-block-heading\" id=\"h-usein-kysyttya-jasenpalvelusta\"><a href=\"https:\/\/meripelastus.fi\/trossi\/faq\/\" target=\"_blank\" rel=\"noreferrer noopener\">USEIN KYSYTTY\u00c4 J\u00c4SENPALVELUSTA<\/a><\/h2>\n\n\n\n<div class=\"wp-block-buttons is-layout-flex wp-block-buttons-is-layout-flex\">\n<div class=\"wp-block-button\"><a class=\"wp-block-button__link wp-element-button\" href=\"https:\/\/meripelastus.fi\/trossi\/jasentietojen-paivityslomake\/\" target=\"_blank\" rel=\"noreferrer noopener\">J\u00e4sentietojen p\u00e4ivityslomake<\/a><\/div>\n<\/div>\n\n\n\n<p><\/p>\n\n\n\n<p><\/p>\n\n\n\n<p><\/p>\n\n\n\n<p><\/p>\n","protected":false},"excerpt":{"rendered":"<p>Ihmiset pelastetaan vesill\u00e4 aina korvauksetta, mutta veneen kiireett\u00f6m\u00e4st\u00e4 siirrosta turvaan joudutaan yleens\u00e4 perim\u00e4\u00e4n kulukorvaus. Summa voi nousta satoihin euroihin. Hankkimalla Meripelastusseuran Plus-j\u00e4senpalvelun varmistat veneellesi avun j\u00e4senetuna silloinkin, kun ihmisi\u00e4 ei ole vaarassa. Premium-j\u00e4senpalvelu takaa saman avun kaikille veneillesi, my\u00f6s perheesi yhteisk\u00e4yt\u00f6ss\u00e4, sek\u00e4 sinulle veneilless\u00e4si jonkun muun omistamalla veneell\u00e4. J\u00e4senen\u00e4 tuet my\u00f6s vapaaehtoista meripelastusty\u00f6t\u00e4. Plus-j\u00e4senpalvelu 98 [&hellip;]<\/p>\n","protected":false},"author":142,"featured_media":236,"parent":801,"menu_order":0,"comment_status":"closed","ping_status":"closed","template":"","meta":{"_acf_changed":false,"inline_featured_image":false,"footnotes":""},"class_list":["post-662","page","type-page","status-publish","has-post-thumbnail","hentry"],"acf":[],"yoast_head":"<!-- This site is optimized with the Yoast SEO Premium plugin v27.2 (Yoast SEO v27.2) - https:\/\/yoast.com\/product\/yoast-seo-premium-wordpress\/ -->\n<title>J\u00e4senpalvelu - Kotkan Meripelastusyhdistys<\/title>\n<meta name=\"robots\" content=\"index, follow, max-snippet:-1, max-image-preview:large, max-video-preview:-1\" \/>\n<link rel=\"canonical\" href=\"https:\/\/meripelastus.fi\/kotka\/jasenpalvelu\/trossi\/\" \/>\n<meta property=\"og:locale\" content=\"fi_FI\" \/>\n<meta property=\"og:type\" content=\"article\" \/>\n<meta property=\"og:title\" content=\"J\u00e4senpalvelu\" \/>\n<meta property=\"og:description\" content=\"Ihmiset pelastetaan vesill\u00e4 aina korvauksetta, mutta veneen kiireett\u00f6m\u00e4st\u00e4 siirrosta turvaan joudutaan yleens\u00e4 perim\u00e4\u00e4n kulukorvaus. Summa voi nousta satoihin euroihin. Hankkimalla Meripelastusseuran Plus-j\u00e4senpalvelun varmistat veneellesi avun j\u00e4senetuna silloinkin, kun ihmisi\u00e4 ei ole vaarassa. Premium-j\u00e4senpalvelu takaa saman avun kaikille veneillesi, my\u00f6s perheesi yhteisk\u00e4yt\u00f6ss\u00e4, sek\u00e4 sinulle veneilless\u00e4si jonkun muun omistamalla veneell\u00e4. J\u00e4senen\u00e4 tuet my\u00f6s vapaaehtoista meripelastusty\u00f6t\u00e4. Plus-j\u00e4senpalvelu 98 [&hellip;]\" \/>\n<meta property=\"og:url\" content=\"https:\/\/meripelastus.fi\/kotka\/jasenpalvelu\/trossi\/\" \/>\n<meta property=\"og:site_name\" content=\"Kotkan Meripelastusyhdistys\" \/>\n<meta property=\"article:modified_time\" content=\"2025-12-04T23:35:46+00:00\" \/>\n<meta property=\"og:image\" content=\"https:\/\/meripelastus.fi\/kotka\/wp-content\/uploads\/sites\/27\/2020\/01\/mepe2.jpg\" \/>\n\t<meta property=\"og:image:width\" content=\"666\" \/>\n\t<meta property=\"og:image:height\" content=\"888\" \/>\n\t<meta property=\"og:image:type\" content=\"image\/jpeg\" \/>\n<meta name=\"twitter:card\" content=\"summary_large_image\" \/>\n<meta name=\"twitter:label1\" content=\"Arvioitu lukuaika\" \/>\n\t<meta name=\"twitter:data1\" content=\"3 minuuttia\" \/>\n<script type=\"application\/ld+json\" class=\"yoast-schema-graph\">{\"@context\":\"https:\/\/schema.org\",\"@graph\":[{\"@type\":\"WebPage\",\"@id\":\"https:\/\/meripelastus.fi\/kotka\/jasenpalvelu\/trossi\/\",\"url\":\"https:\/\/meripelastus.fi\/kotka\/jasenpalvelu\/trossi\/\",\"name\":\"J\u00e4senpalvelu - Kotkan Meripelastusyhdistys\",\"isPartOf\":{\"@id\":\"https:\/\/meripelastus.fi\/kotka\/#website\"},\"primaryImageOfPage\":{\"@id\":\"https:\/\/meripelastus.fi\/kotka\/jasenpalvelu\/trossi\/#primaryimage\"},\"image\":{\"@id\":\"https:\/\/meripelastus.fi\/kotka\/jasenpalvelu\/trossi\/#primaryimage\"},\"thumbnailUrl\":\"https:\/\/meripelastus.fi\/kotka\/wp-content\/uploads\/sites\/27\/2020\/01\/mepe2.jpg\",\"datePublished\":\"2025-05-28T20:51:02+00:00\",\"dateModified\":\"2025-12-04T23:35:46+00:00\",\"breadcrumb\":{\"@id\":\"https:\/\/meripelastus.fi\/kotka\/jasenpalvelu\/trossi\/#breadcrumb\"},\"inLanguage\":\"fi\",\"potentialAction\":[{\"@type\":\"ReadAction\",\"target\":[\"https:\/\/meripelastus.fi\/kotka\/jasenpalvelu\/trossi\/\"]}]},{\"@type\":\"ImageObject\",\"inLanguage\":\"fi\",\"@id\":\"https:\/\/meripelastus.fi\/kotka\/jasenpalvelu\/trossi\/#primaryimage\",\"url\":\"https:\/\/meripelastus.fi\/kotka\/wp-content\/uploads\/sites\/27\/2020\/01\/mepe2.jpg\",\"contentUrl\":\"https:\/\/meripelastus.fi\/kotka\/wp-content\/uploads\/sites\/27\/2020\/01\/mepe2.jpg\",\"width\":666,\"height\":888,\"caption\":\"Nuokonsalmi\"},{\"@type\":\"BreadcrumbList\",\"@id\":\"https:\/\/meripelastus.fi\/kotka\/jasenpalvelu\/trossi\/#breadcrumb\",\"itemListElement\":[{\"@type\":\"ListItem\",\"position\":1,\"name\":\"Etusivu\",\"item\":\"https:\/\/meripelastus.fi\/kotka\/\"},{\"@type\":\"ListItem\",\"position\":2,\"name\":\"J\u00e4senpalvelu\",\"item\":\"https:\/\/meripelastus.fi\/kotka\/jasenpalvelu\/\"},{\"@type\":\"ListItem\",\"position\":3,\"name\":\"J\u00e4senpalvelu\"}]},{\"@type\":\"WebSite\",\"@id\":\"https:\/\/meripelastus.fi\/kotka\/#website\",\"url\":\"https:\/\/meripelastus.fi\/kotka\/\",\"name\":\"Kotkan Meripelastusyhdistys\",\"description\":\"Vapaaehtoiset apunasi vesill\u00e4\",\"potentialAction\":[{\"@type\":\"SearchAction\",\"target\":{\"@type\":\"EntryPoint\",\"urlTemplate\":\"https:\/\/meripelastus.fi\/kotka\/?s={search_term_string}\"},\"query-input\":{\"@type\":\"PropertyValueSpecification\",\"valueRequired\":true,\"valueName\":\"search_term_string\"}}],\"inLanguage\":\"fi\"}]}<\/script>\n<!-- \/ Yoast SEO Premium plugin. -->","yoast_head_json":{"title":"J\u00e4senpalvelu - Kotkan Meripelastusyhdistys","robots":{"index":"index","follow":"follow","max-snippet":"max-snippet:-1","max-image-preview":"max-image-preview:large","max-video-preview":"max-video-preview:-1"},"canonical":"https:\/\/meripelastus.fi\/kotka\/jasenpalvelu\/trossi\/","og_locale":"fi_FI","og_type":"article","og_title":"J\u00e4senpalvelu","og_description":"Ihmiset pelastetaan vesill\u00e4 aina korvauksetta, mutta veneen kiireett\u00f6m\u00e4st\u00e4 siirrosta turvaan joudutaan yleens\u00e4 perim\u00e4\u00e4n kulukorvaus. Summa voi nousta satoihin euroihin. Hankkimalla Meripelastusseuran Plus-j\u00e4senpalvelun varmistat veneellesi avun j\u00e4senetuna silloinkin, kun ihmisi\u00e4 ei ole vaarassa. Premium-j\u00e4senpalvelu takaa saman avun kaikille veneillesi, my\u00f6s perheesi yhteisk\u00e4yt\u00f6ss\u00e4, sek\u00e4 sinulle veneilless\u00e4si jonkun muun omistamalla veneell\u00e4. J\u00e4senen\u00e4 tuet my\u00f6s vapaaehtoista meripelastusty\u00f6t\u00e4. Plus-j\u00e4senpalvelu 98 [&hellip;]","og_url":"https:\/\/meripelastus.fi\/kotka\/jasenpalvelu\/trossi\/","og_site_name":"Kotkan Meripelastusyhdistys","article_modified_time":"2025-12-04T23:35:46+00:00","og_image":[{"width":666,"height":888,"url":"https:\/\/meripelastus.fi\/kotka\/wp-content\/uploads\/sites\/27\/2020\/01\/mepe2.jpg","type":"image\/jpeg"}],"twitter_card":"summary_large_image","twitter_misc":{"Arvioitu lukuaika":"3 minuuttia"},"schema":{"@context":"https:\/\/schema.org","@graph":[{"@type":"WebPage","@id":"https:\/\/meripelastus.fi\/kotka\/jasenpalvelu\/trossi\/","url":"https:\/\/meripelastus.fi\/kotka\/jasenpalvelu\/trossi\/","name":"J\u00e4senpalvelu - Kotkan Meripelastusyhdistys","isPartOf":{"@id":"https:\/\/meripelastus.fi\/kotka\/#website"},"primaryImageOfPage":{"@id":"https:\/\/meripelastus.fi\/kotka\/jasenpalvelu\/trossi\/#primaryimage"},"image":{"@id":"https:\/\/meripelastus.fi\/kotka\/jasenpalvelu\/trossi\/#primaryimage"},"thumbnailUrl":"https:\/\/meripelastus.fi\/kotka\/wp-content\/uploads\/sites\/27\/2020\/01\/mepe2.jpg","datePublished":"2025-05-28T20:51:02+00:00","dateModified":"2025-12-04T23:35:46+00:00","breadcrumb":{"@id":"https:\/\/meripelastus.fi\/kotka\/jasenpalvelu\/trossi\/#breadcrumb"},"inLanguage":"fi","potentialAction":[{"@type":"ReadAction","target":["https:\/\/meripelastus.fi\/kotka\/jasenpalvelu\/trossi\/"]}]},{"@type":"ImageObject","inLanguage":"fi","@id":"https:\/\/meripelastus.fi\/kotka\/jasenpalvelu\/trossi\/#primaryimage","url":"https:\/\/meripelastus.fi\/kotka\/wp-content\/uploads\/sites\/27\/2020\/01\/mepe2.jpg","contentUrl":"https:\/\/meripelastus.fi\/kotka\/wp-content\/uploads\/sites\/27\/2020\/01\/mepe2.jpg","width":666,"height":888,"caption":"Nuokonsalmi"},{"@type":"BreadcrumbList","@id":"https:\/\/meripelastus.fi\/kotka\/jasenpalvelu\/trossi\/#breadcrumb","itemListElement":[{"@type":"ListItem","position":1,"name":"Etusivu","item":"https:\/\/meripelastus.fi\/kotka\/"},{"@type":"ListItem","position":2,"name":"J\u00e4senpalvelu","item":"https:\/\/meripelastus.fi\/kotka\/jasenpalvelu\/"},{"@type":"ListItem","position":3,"name":"J\u00e4senpalvelu"}]},{"@type":"WebSite","@id":"https:\/\/meripelastus.fi\/kotka\/#website","url":"https:\/\/meripelastus.fi\/kotka\/","name":"Kotkan Meripelastusyhdistys","description":"Vapaaehtoiset apunasi vesill\u00e4","potentialAction":[{"@type":"SearchAction","target":{"@type":"EntryPoint","urlTemplate":"https:\/\/meripelastus.fi\/kotka\/?s={search_term_string}"},"query-input":{"@type":"PropertyValueSpecification","valueRequired":true,"valueName":"search_term_string"}}],"inLanguage":"fi"}]}},"_links":{"self":[{"href":"https:\/\/meripelastus.fi\/kotka\/wp-json\/wp\/v2\/pages\/662","targetHints":{"allow":["GET"]}}],"collection":[{"href":"https:\/\/meripelastus.fi\/kotka\/wp-json\/wp\/v2\/pages"}],"about":[{"href":"https:\/\/meripelastus.fi\/kotka\/wp-json\/wp\/v2\/types\/page"}],"author":[{"embeddable":true,"href":"https:\/\/meripelastus.fi\/kotka\/wp-json\/wp\/v2\/users\/142"}],"replies":[{"embeddable":true,"href":"https:\/\/meripelastus.fi\/kotka\/wp-json\/wp\/v2\/comments?post=662"}],"version-history":[{"count":36,"href":"https:\/\/meripelastus.fi\/kotka\/wp-json\/wp\/v2\/pages\/662\/revisions"}],"predecessor-version":[{"id":796,"href":"https:\/\/meripelastus.fi\/kotka\/wp-json\/wp\/v2\/pages\/662\/revisions\/796"}],"up":[{"embeddable":true,"href":"https:\/\/meripelastus.fi\/kotka\/wp-json\/wp\/v2\/pages\/801"}],"wp:featuredmedia":[{"embeddable":true,"href":"https:\/\/meripelastus.fi\/kotka\/wp-json\/wp\/v2\/media\/236"}],"wp:attachment":[{"href":"https:\/\/meripelastus.fi\/kotka\/wp-json\/wp\/v2\/media?parent=662"}],"curies":[{"name":"wp","href":"https:\/\/api.w.org\/{rel}","templated":true}]}}