{"id":637,"date":"2025-05-28T21:19:28","date_gmt":"2025-05-28T18:19:28","guid":{"rendered":"https:\/\/meripelastus.fi\/kotka\/?page_id=637"},"modified":"2025-12-05T16:33:56","modified_gmt":"2025-12-05T14:33:56","slug":"yhteisojasenyys","status":"publish","type":"page","link":"https:\/\/meripelastus.fi\/kotka\/auta-meita-auttamaan\/yhteisojasenyys\/","title":{"rendered":"Yhteis\u00f6j\u00e4senyys"},"content":{"rendered":"\n<p>Yhteis\u00f6j\u00e4senyys on suunnattu mm. yrityksille ja venekerhoille, jotka voivat tukea toimintaa liittym\u00e4ll\u00e4 yhteis\u00f6j\u00e4seniksi ja n\u00e4in olla mahdollistamassa vapaaehtoista meripelastustoimintaa It\u00e4isell\u00e4 Suomenlahdella. <\/p>\n\n\n\n<p>Yhteis\u00f6j\u00e4senet saavat mm. Suomen Meripelastusseuran j\u00e4senlehden sek\u00e4 halutessaan n\u00e4kyvyytt\u00e4 Kotkan Meripelastusyhdistyksen sivuilla. <\/p>\n\n\n\n<p>Voit liitty\u00e4 yhteis\u00f6j\u00e4seneksi t\u00e4ytt\u00e4m\u00e4ll\u00e4 alla olevat tiedot. Tarvittaessa voit kysy\u00e4 lis\u00e4\u00e4 <\/p>\n\n\n\n<p>Kalle Lahti, varainhankintavastaava <br>varainhankinta.kotka(\u00e4t)messi.meripelastus.fi<\/p>\n\n\n\n<div class=\"wpcf7 no-js\" id=\"wpcf7-f644-o1\" lang=\"fi\" dir=\"ltr\" data-wpcf7-id=\"644\">\n<div class=\"screen-reader-response\"><p role=\"status\" aria-live=\"polite\" aria-atomic=\"true\"><\/p> <ul><\/ul><\/div>\n<form action=\"\/kotka\/wp-json\/wp\/v2\/pages\/637#wpcf7-f644-o1\" method=\"post\" class=\"wpcf7-form init\" aria-label=\"Yhteydenottolomake\" novalidate=\"novalidate\" data-status=\"init\">\n<fieldset class=\"hidden-fields-container\"><input type=\"hidden\" name=\"_wpcf7\" value=\"644\" \/><input type=\"hidden\" name=\"_wpcf7_version\" value=\"6.1.5\" \/><input type=\"hidden\" name=\"_wpcf7_locale\" value=\"fi\" \/><input type=\"hidden\" name=\"_wpcf7_unit_tag\" value=\"wpcf7-f644-o1\" \/><input type=\"hidden\" name=\"_wpcf7_container_post\" value=\"0\" \/><input type=\"hidden\" name=\"_wpcf7_posted_data_hash\" value=\"\" \/><input type=\"hidden\" name=\"_wpcf7_recaptcha_response\" value=\"\" \/>\n<\/fieldset>\n<div class=\"form-group\">\n\t<p><label for=\"your-company\" class=\"control-label\">Yritys\/yhteis\u00f6 <span class=\"text-danger\">*<\/span><\/label><br \/>\n<span class=\"wpcf7-form-control-wrap\" data-name=\"your-company\"><input size=\"40\" maxlength=\"400\" class=\"wpcf7-form-control wpcf7-text wpcf7-validates-as-required form-control\" aria-required=\"true\" aria-invalid=\"false\" value=\"\" type=\"text\" name=\"your-company\" \/><\/span>\n\t<\/p>\n<\/div>\n<div class=\"form-group\">\n\t<p><label for=\"your-name\" class=\"control-label\">Yhteyshenkil\u00f6n nimi <span class=\"text-danger\">*<\/span><\/label><br \/>\n<span class=\"wpcf7-form-control-wrap\" data-name=\"your-name\"><input size=\"40\" maxlength=\"400\" class=\"wpcf7-form-control wpcf7-text wpcf7-validates-as-required form-control\" aria-required=\"true\" aria-invalid=\"false\" value=\"\" type=\"text\" name=\"your-name\" \/><\/span>\n\t<\/p>\n<\/div>\n<div class=\"form-group\">\n\t<p><label for=\"your-ytunnus\" class=\"control-label\">Y-tunnus <span class=\"text-danger\">*<\/span><\/label><br \/>\n<span class=\"wpcf7-form-control-wrap\" data-name=\"your-ytunnus\"><input size=\"40\" maxlength=\"400\" class=\"wpcf7-form-control wpcf7-text wpcf7-validates-as-required form-control\" aria-required=\"true\" aria-invalid=\"false\" value=\"\" type=\"text\" name=\"your-ytunnus\" \/><\/span>\n\t<\/p>\n<\/div>\n<div class=\"form-group\">\n\t<p><label for=\"your-address\" class=\"control-label\">Katuosoite <span class=\"text-danger\">*<\/span><\/label><br \/>\n<span class=\"wpcf7-form-control-wrap\" data-name=\"your-address\"><input size=\"40\" maxlength=\"400\" class=\"wpcf7-form-control wpcf7-text wpcf7-validates-as-required form-control\" aria-required=\"true\" aria-invalid=\"false\" value=\"\" type=\"text\" name=\"your-address\" \/><\/span>\n\t<\/p>\n<\/div>\n<div class=\"form-group\">\n\t<p><label for=\"your-post\" class=\"control-label\">Postinumero ja -toimipaikka <span class=\"text-danger\">*<\/span><\/label><br \/>\n<span class=\"wpcf7-form-control-wrap\" data-name=\"your-post\"><input size=\"40\" maxlength=\"400\" class=\"wpcf7-form-control wpcf7-text wpcf7-validates-as-required form-control\" aria-required=\"true\" aria-invalid=\"false\" value=\"\" type=\"text\" name=\"your-post\" \/><\/span>\n\t<\/p>\n<\/div>\n<div class=\"form-group\">\n\t<p><label for=\"your-email\" class=\"control-label\">S\u00e4hk\u00f6postiosoite <span class=\"text-danger\">*<\/span><\/label><br \/>\n<span class=\"wpcf7-form-control-wrap\" data-name=\"your-email\"><input size=\"40\" maxlength=\"400\" class=\"wpcf7-form-control wpcf7-email wpcf7-validates-as-required wpcf7-text wpcf7-validates-as-email form-control\" aria-required=\"true\" aria-invalid=\"false\" value=\"\" type=\"email\" name=\"your-email\" \/><\/span>\n\t<\/p>\n<\/div>\n<div class=\"form-group\">\n\t<p><label for=\"your-puh\" class=\"control-label\">Puhelinnumero <span class=\"text-danger\">*<\/span><\/label><br \/>\n<span class=\"wpcf7-form-control-wrap\" data-name=\"your-puh\"><input size=\"40\" maxlength=\"400\" class=\"wpcf7-form-control wpcf7-tel wpcf7-validates-as-required wpcf7-text wpcf7-validates-as-tel form-control\" aria-required=\"true\" aria-invalid=\"false\" value=\"\" type=\"tel\" name=\"your-puh\" \/><\/span>\n\t<\/p>\n<\/div>\n<div class=\"form-group\">\n\t<p><label for=\"textarea-address\" class=\"control-label\">Verkkolaskutustiedot, jos haluatte laskun verkkolaskuna<\/label><br \/>\n<span class=\"wpcf7-form-control-wrap\" data-name=\"textarea-address\"><textarea cols=\"40\" rows=\"10\" maxlength=\"2000\" class=\"wpcf7-form-control wpcf7-textarea form-control\" aria-invalid=\"false\" name=\"textarea-address\"><\/textarea><\/span>\n\t<\/p>\n<\/div>\n<div class=\"form-group\">\n\t<div class=\"row\">\n\t\t<div class=\"form-check customformsmalltext col-12\">\n\t\t\t<p><span class=\"wpcf7-form-control-wrap\" data-name=\"acceptance-34\"><span class=\"wpcf7-form-control wpcf7-acceptance\"><span class=\"wpcf7-list-item\"><label><input type=\"checkbox\" name=\"acceptance-34\" value=\"1\" aria-invalid=\"false\" \/><span class=\"wpcf7-list-item-label\">Tietoni saa tallentaa tietosuojak\u00e4yt\u00e4nn\u00f6n mukaisesti <a href=\"https:\/\/meripelastus.fi\/meripelastusseura\/rekisteriselosteet\/\" target=\"_blank\" aria-label=\"Lue tietosuojaseloste\">Lue lis\u00e4\u00e4 &#8250;<\/a><\/span><\/label><\/span><\/span><\/span>\n\t\t\t<\/p>\n\t\t<\/div>\n\t<\/div>\n<\/div>\n<p><input class=\"wpcf7-form-control wpcf7-submit has-spinner btn-block btn btn-primary btn-lg\" type=\"submit\" value=\"L\u00e4het\u00e4\" \/>\n<\/p><div class=\"wpcf7-response-output\" aria-hidden=\"true\"><\/div>\n<\/form>\n<\/div>\n\n\n\n\n<p><\/p>\n\n\n\n<p><\/p>\n","protected":false},"excerpt":{"rendered":"<p>Yhteis\u00f6j\u00e4senyys on suunnattu mm. yrityksille ja venekerhoille, jotka voivat tukea toimintaa liittym\u00e4ll\u00e4 yhteis\u00f6j\u00e4seniksi ja n\u00e4in olla mahdollistamassa vapaaehtoista meripelastustoimintaa It\u00e4isell\u00e4 Suomenlahdella. Yhteis\u00f6j\u00e4senet saavat mm. Suomen Meripelastusseuran j\u00e4senlehden sek\u00e4 halutessaan n\u00e4kyvyytt\u00e4 Kotkan Meripelastusyhdistyksen sivuilla. Voit liitty\u00e4 yhteis\u00f6j\u00e4seneksi t\u00e4ytt\u00e4m\u00e4ll\u00e4 alla olevat tiedot. Tarvittaessa voit kysy\u00e4 lis\u00e4\u00e4 Kalle Lahti, varainhankintavastaava varainhankinta.kotka(\u00e4t)messi.meripelastus.fi<\/p>\n","protected":false},"author":142,"featured_media":362,"parent":560,"menu_order":0,"comment_status":"closed","ping_status":"closed","template":"","meta":{"_acf_changed":false,"inline_featured_image":false,"footnotes":""},"class_list":["post-637","page","type-page","status-publish","has-post-thumbnail","hentry"],"acf":[],"yoast_head":"<!-- This site is optimized with the Yoast SEO Premium plugin v27.2 (Yoast SEO v27.2) - https:\/\/yoast.com\/product\/yoast-seo-premium-wordpress\/ -->\n<title>Yhteis\u00f6j\u00e4senyys - Kotkan Meripelastusyhdistys<\/title>\n<meta name=\"robots\" content=\"index, follow, max-snippet:-1, max-image-preview:large, max-video-preview:-1\" \/>\n<link rel=\"canonical\" href=\"https:\/\/meripelastus.fi\/kotka\/auta-meita-auttamaan\/yhteisojasenyys\/\" \/>\n<meta property=\"og:locale\" content=\"fi_FI\" \/>\n<meta property=\"og:type\" content=\"article\" \/>\n<meta property=\"og:title\" content=\"Yhteis\u00f6j\u00e4senyys\" \/>\n<meta property=\"og:description\" content=\"Yhteis\u00f6j\u00e4senyys on suunnattu mm. yrityksille ja venekerhoille, jotka voivat tukea toimintaa liittym\u00e4ll\u00e4 yhteis\u00f6j\u00e4seniksi ja n\u00e4in olla mahdollistamassa vapaaehtoista meripelastustoimintaa It\u00e4isell\u00e4 Suomenlahdella. Yhteis\u00f6j\u00e4senet saavat mm. Suomen Meripelastusseuran j\u00e4senlehden sek\u00e4 halutessaan n\u00e4kyvyytt\u00e4 Kotkan Meripelastusyhdistyksen sivuilla. Voit liitty\u00e4 yhteis\u00f6j\u00e4seneksi t\u00e4ytt\u00e4m\u00e4ll\u00e4 alla olevat tiedot. Tarvittaessa voit kysy\u00e4 lis\u00e4\u00e4 Kalle Lahti, varainhankintavastaava varainhankinta.kotka(\u00e4t)messi.meripelastus.fi\" \/>\n<meta property=\"og:url\" content=\"https:\/\/meripelastus.fi\/kotka\/auta-meita-auttamaan\/yhteisojasenyys\/\" \/>\n<meta property=\"og:site_name\" content=\"Kotkan Meripelastusyhdistys\" \/>\n<meta property=\"article:modified_time\" content=\"2025-12-05T14:33:56+00:00\" \/>\n<meta property=\"og:image\" content=\"https:\/\/meripelastus.fi\/kotka\/wp-content\/uploads\/sites\/27\/2022\/06\/kotka_mepe_060622_-05925.jpg\" \/>\n\t<meta property=\"og:image:width\" content=\"2048\" \/>\n\t<meta property=\"og:image:height\" content=\"1365\" \/>\n\t<meta property=\"og:image:type\" content=\"image\/jpeg\" \/>\n<meta name=\"twitter:card\" content=\"summary_large_image\" \/>\n<meta name=\"twitter:label1\" content=\"Arvioitu lukuaika\" \/>\n\t<meta name=\"twitter:data1\" content=\"1 minuutti\" \/>\n<script type=\"application\/ld+json\" class=\"yoast-schema-graph\">{\"@context\":\"https:\/\/schema.org\",\"@graph\":[{\"@type\":\"WebPage\",\"@id\":\"https:\/\/meripelastus.fi\/kotka\/auta-meita-auttamaan\/yhteisojasenyys\/\",\"url\":\"https:\/\/meripelastus.fi\/kotka\/auta-meita-auttamaan\/yhteisojasenyys\/\",\"name\":\"Yhteis\u00f6j\u00e4senyys - Kotkan Meripelastusyhdistys\",\"isPartOf\":{\"@id\":\"https:\/\/meripelastus.fi\/kotka\/#website\"},\"primaryImageOfPage\":{\"@id\":\"https:\/\/meripelastus.fi\/kotka\/auta-meita-auttamaan\/yhteisojasenyys\/#primaryimage\"},\"image\":{\"@id\":\"https:\/\/meripelastus.fi\/kotka\/auta-meita-auttamaan\/yhteisojasenyys\/#primaryimage\"},\"thumbnailUrl\":\"https:\/\/meripelastus.fi\/kotka\/wp-content\/uploads\/sites\/27\/2022\/06\/kotka_mepe_060622_-05925.jpg\",\"datePublished\":\"2025-05-28T18:19:28+00:00\",\"dateModified\":\"2025-12-05T14:33:56+00:00\",\"breadcrumb\":{\"@id\":\"https:\/\/meripelastus.fi\/kotka\/auta-meita-auttamaan\/yhteisojasenyys\/#breadcrumb\"},\"inLanguage\":\"fi\",\"potentialAction\":[{\"@type\":\"ReadAction\",\"target\":[\"https:\/\/meripelastus.fi\/kotka\/auta-meita-auttamaan\/yhteisojasenyys\/\"]}]},{\"@type\":\"ImageObject\",\"inLanguage\":\"fi\",\"@id\":\"https:\/\/meripelastus.fi\/kotka\/auta-meita-auttamaan\/yhteisojasenyys\/#primaryimage\",\"url\":\"https:\/\/meripelastus.fi\/kotka\/wp-content\/uploads\/sites\/27\/2022\/06\/kotka_mepe_060622_-05925.jpg\",\"contentUrl\":\"https:\/\/meripelastus.fi\/kotka\/wp-content\/uploads\/sites\/27\/2022\/06\/kotka_mepe_060622_-05925.jpg\",\"width\":2048,\"height\":1365},{\"@type\":\"BreadcrumbList\",\"@id\":\"https:\/\/meripelastus.fi\/kotka\/auta-meita-auttamaan\/yhteisojasenyys\/#breadcrumb\",\"itemListElement\":[{\"@type\":\"ListItem\",\"position\":1,\"name\":\"Etusivu\",\"item\":\"https:\/\/meripelastus.fi\/kotka\/\"},{\"@type\":\"ListItem\",\"position\":2,\"name\":\"Tue Meripelastajia\",\"item\":\"https:\/\/meripelastus.fi\/kotka\/auta-meita-auttamaan\/\"},{\"@type\":\"ListItem\",\"position\":3,\"name\":\"Yhteis\u00f6j\u00e4senyys\"}]},{\"@type\":\"WebSite\",\"@id\":\"https:\/\/meripelastus.fi\/kotka\/#website\",\"url\":\"https:\/\/meripelastus.fi\/kotka\/\",\"name\":\"Kotkan Meripelastusyhdistys\",\"description\":\"Vapaaehtoiset apunasi vesill\u00e4\",\"potentialAction\":[{\"@type\":\"SearchAction\",\"target\":{\"@type\":\"EntryPoint\",\"urlTemplate\":\"https:\/\/meripelastus.fi\/kotka\/?s={search_term_string}\"},\"query-input\":{\"@type\":\"PropertyValueSpecification\",\"valueRequired\":true,\"valueName\":\"search_term_string\"}}],\"inLanguage\":\"fi\"}]}<\/script>\n<!-- \/ Yoast SEO Premium plugin. -->","yoast_head_json":{"title":"Yhteis\u00f6j\u00e4senyys - Kotkan Meripelastusyhdistys","robots":{"index":"index","follow":"follow","max-snippet":"max-snippet:-1","max-image-preview":"max-image-preview:large","max-video-preview":"max-video-preview:-1"},"canonical":"https:\/\/meripelastus.fi\/kotka\/auta-meita-auttamaan\/yhteisojasenyys\/","og_locale":"fi_FI","og_type":"article","og_title":"Yhteis\u00f6j\u00e4senyys","og_description":"Yhteis\u00f6j\u00e4senyys on suunnattu mm. yrityksille ja venekerhoille, jotka voivat tukea toimintaa liittym\u00e4ll\u00e4 yhteis\u00f6j\u00e4seniksi ja n\u00e4in olla mahdollistamassa vapaaehtoista meripelastustoimintaa It\u00e4isell\u00e4 Suomenlahdella. Yhteis\u00f6j\u00e4senet saavat mm. Suomen Meripelastusseuran j\u00e4senlehden sek\u00e4 halutessaan n\u00e4kyvyytt\u00e4 Kotkan Meripelastusyhdistyksen sivuilla. Voit liitty\u00e4 yhteis\u00f6j\u00e4seneksi t\u00e4ytt\u00e4m\u00e4ll\u00e4 alla olevat tiedot. Tarvittaessa voit kysy\u00e4 lis\u00e4\u00e4 Kalle Lahti, varainhankintavastaava varainhankinta.kotka(\u00e4t)messi.meripelastus.fi","og_url":"https:\/\/meripelastus.fi\/kotka\/auta-meita-auttamaan\/yhteisojasenyys\/","og_site_name":"Kotkan Meripelastusyhdistys","article_modified_time":"2025-12-05T14:33:56+00:00","og_image":[{"width":2048,"height":1365,"url":"https:\/\/meripelastus.fi\/kotka\/wp-content\/uploads\/sites\/27\/2022\/06\/kotka_mepe_060622_-05925.jpg","type":"image\/jpeg"}],"twitter_card":"summary_large_image","twitter_misc":{"Arvioitu lukuaika":"1 minuutti"},"schema":{"@context":"https:\/\/schema.org","@graph":[{"@type":"WebPage","@id":"https:\/\/meripelastus.fi\/kotka\/auta-meita-auttamaan\/yhteisojasenyys\/","url":"https:\/\/meripelastus.fi\/kotka\/auta-meita-auttamaan\/yhteisojasenyys\/","name":"Yhteis\u00f6j\u00e4senyys - Kotkan Meripelastusyhdistys","isPartOf":{"@id":"https:\/\/meripelastus.fi\/kotka\/#website"},"primaryImageOfPage":{"@id":"https:\/\/meripelastus.fi\/kotka\/auta-meita-auttamaan\/yhteisojasenyys\/#primaryimage"},"image":{"@id":"https:\/\/meripelastus.fi\/kotka\/auta-meita-auttamaan\/yhteisojasenyys\/#primaryimage"},"thumbnailUrl":"https:\/\/meripelastus.fi\/kotka\/wp-content\/uploads\/sites\/27\/2022\/06\/kotka_mepe_060622_-05925.jpg","datePublished":"2025-05-28T18:19:28+00:00","dateModified":"2025-12-05T14:33:56+00:00","breadcrumb":{"@id":"https:\/\/meripelastus.fi\/kotka\/auta-meita-auttamaan\/yhteisojasenyys\/#breadcrumb"},"inLanguage":"fi","potentialAction":[{"@type":"ReadAction","target":["https:\/\/meripelastus.fi\/kotka\/auta-meita-auttamaan\/yhteisojasenyys\/"]}]},{"@type":"ImageObject","inLanguage":"fi","@id":"https:\/\/meripelastus.fi\/kotka\/auta-meita-auttamaan\/yhteisojasenyys\/#primaryimage","url":"https:\/\/meripelastus.fi\/kotka\/wp-content\/uploads\/sites\/27\/2022\/06\/kotka_mepe_060622_-05925.jpg","contentUrl":"https:\/\/meripelastus.fi\/kotka\/wp-content\/uploads\/sites\/27\/2022\/06\/kotka_mepe_060622_-05925.jpg","width":2048,"height":1365},{"@type":"BreadcrumbList","@id":"https:\/\/meripelastus.fi\/kotka\/auta-meita-auttamaan\/yhteisojasenyys\/#breadcrumb","itemListElement":[{"@type":"ListItem","position":1,"name":"Etusivu","item":"https:\/\/meripelastus.fi\/kotka\/"},{"@type":"ListItem","position":2,"name":"Tue Meripelastajia","item":"https:\/\/meripelastus.fi\/kotka\/auta-meita-auttamaan\/"},{"@type":"ListItem","position":3,"name":"Yhteis\u00f6j\u00e4senyys"}]},{"@type":"WebSite","@id":"https:\/\/meripelastus.fi\/kotka\/#website","url":"https:\/\/meripelastus.fi\/kotka\/","name":"Kotkan Meripelastusyhdistys","description":"Vapaaehtoiset apunasi vesill\u00e4","potentialAction":[{"@type":"SearchAction","target":{"@type":"EntryPoint","urlTemplate":"https:\/\/meripelastus.fi\/kotka\/?s={search_term_string}"},"query-input":{"@type":"PropertyValueSpecification","valueRequired":true,"valueName":"search_term_string"}}],"inLanguage":"fi"}]}},"_links":{"self":[{"href":"https:\/\/meripelastus.fi\/kotka\/wp-json\/wp\/v2\/pages\/637","targetHints":{"allow":["GET"]}}],"collection":[{"href":"https:\/\/meripelastus.fi\/kotka\/wp-json\/wp\/v2\/pages"}],"about":[{"href":"https:\/\/meripelastus.fi\/kotka\/wp-json\/wp\/v2\/types\/page"}],"author":[{"embeddable":true,"href":"https:\/\/meripelastus.fi\/kotka\/wp-json\/wp\/v2\/users\/142"}],"replies":[{"embeddable":true,"href":"https:\/\/meripelastus.fi\/kotka\/wp-json\/wp\/v2\/comments?post=637"}],"version-history":[{"count":8,"href":"https:\/\/meripelastus.fi\/kotka\/wp-json\/wp\/v2\/pages\/637\/revisions"}],"predecessor-version":[{"id":821,"href":"https:\/\/meripelastus.fi\/kotka\/wp-json\/wp\/v2\/pages\/637\/revisions\/821"}],"up":[{"embeddable":true,"href":"https:\/\/meripelastus.fi\/kotka\/wp-json\/wp\/v2\/pages\/560"}],"wp:featuredmedia":[{"embeddable":true,"href":"https:\/\/meripelastus.fi\/kotka\/wp-json\/wp\/v2\/media\/362"}],"wp:attachment":[{"href":"https:\/\/meripelastus.fi\/kotka\/wp-json\/wp\/v2\/media?parent=637"}],"curies":[{"name":"wp","href":"https:\/\/api.w.org\/{rel}","templated":true}]}}