{"id":51,"date":"2018-03-19T09:24:37","date_gmt":"2018-03-19T07:24:37","guid":{"rendered":"http:\/\/basetemplate.smpsyhdistykset.16.testivedos.com\/?page_id=51"},"modified":"2026-04-16T21:25:50","modified_gmt":"2026-04-16T18:25:50","slug":"yhteystiedot","status":"publish","type":"page","link":"https:\/\/meripelastus.fi\/kotka\/yhteystiedot\/","title":{"rendered":"Yhteystiedot"},"content":{"rendered":"\n<p>Kotkan Meripelastusyhdistys ry<br>Juha Vainion katu 111<br>48100 Kotka<\/p>\n\n\n\n<p>Y-tunnus 0225785-4<\/p>\n\n\n\n<h3 class=\"wp-block-heading\" id=\"h-hallitus\">Hallitus<\/h3>\n\n\n<p><strong>Puheenjohtaja<br \/><\/strong><span style=\"font-size: revert;font-family: -apple-system, BlinkMacSystemFont, 'Segoe UI', Roboto, Oxygen-Sans, Ubuntu, Cantarell, 'Helvetica Neue', sans-serif\">Jouni Hokkanen<br \/><\/span>pj.kotka(\u00e4t)messi.meripelastus.fi<br \/>044 055 9622<\/p>\n<p><strong>Varapuheenjohtaja<br \/><\/strong>Mikko Vaulamaa<br \/>vpj.kotka(\u00e4t)messi.meripelastus.fi<br \/>040 542 3576<strong><br \/><\/strong><\/p>\n<p><strong>J\u00e4senet<br \/><\/strong>Mia Lommi<br \/>Matti Nikkola<br \/>Henna Pylv\u00e4n\u00e4inen<br \/>Jani Rautkoski<\/p>\n<p>Toimihenkil\u00f6t<\/p>\n<p><strong>Yhdistyksen sihteeri, talous, j\u00e4senasiat<\/strong><\/p>\n<div>Mia Lommi<\/div>\n<div>sihteeri(\u00e4t)kotkanmeripelastus.fi<\/div>\n<div>040 506 7635<\/div>\n<div>\u00a0<\/div>\n<div>\u00a0<\/div>\n<p><strong>Alusten toiminnasta ja valmiudesta vastaava p\u00e4\u00e4llikk\u00f6<\/strong><\/p>\n<p>Jouni Hokkanen<br \/>valmius.kotka(\u00e4t)messi.meripelastus.fi<br \/>044 055 9622<\/p>\n<p><strong>Koulutusvastaava<\/strong><\/p>\n<p>Jouni Hokkanen<br \/>koulutus.kotka(\u00e4t)messi.meripelastus.fi<br \/>0440 559 622<\/p>\n<div>\u00a0<\/div>\n<div>S\u00e4hk\u00f6postiosoitteiden (\u00e4t) korvataan @ -merkill\u00e4.\u00a0<\/div>\n<h3><strong>Laskutus:<\/strong><\/h3>\n<p>Vastaanotamme laskuja ensijaisesti verkkolaskuina.<\/p>\n<p><strong>Verkkolaskutusosoite: 003702257854<\/strong><br \/><strong>Verkkolaskun v\u00e4litt\u00e4j\u00e4: 003708599126 (OpenText)<\/strong><\/p>\n<p>Mik\u00e4li laskua ei ole mahdollista toimittaa verkkolaskuna, niin laskun voi l\u00e4hett\u00e4\u00e4 s\u00e4hk\u00f6postilla tai postitse. S\u00e4hk\u00f6postitse toimitetuissa tulee laskun ja liitteiden olla yhten\u00e4 PDF-tiedostona.<\/p>\n<p>S\u00e4hk\u00f6postitse: fennoa.503131@erin.posti.com<\/p>\n<p>Postitse: Kotkan Meripelastusyhdistys ry, PL59491, 01051 LASKUT<\/p>","protected":false},"excerpt":{"rendered":"<p>Kotkan Meripelastusyhdistys ryJuha Vainion katu 11148100 Kotka Y-tunnus 0225785-4 Hallitus PuheenjohtajaJouni Hokkanenpj.kotka(\u00e4t)messi.meripelastus.fi044 055 9622 VarapuheenjohtajaMikko Vaulamaavpj.kotka(\u00e4t)messi.meripelastus.fi040 542 3576 J\u00e4senetMia LommiMatti NikkolaHenna Pylv\u00e4n\u00e4inenJani Rautkoski Toimihenkil\u00f6t Yhdistyksen sihteeri, talous, j\u00e4senasiat Mia Lommi sihteeri(\u00e4t)kotkanmeripelastus.fi 040 506 7635 \u00a0 \u00a0 Alusten toiminnasta ja valmiudesta vastaava p\u00e4\u00e4llikk\u00f6 Jouni Hokkanenvalmius.kotka(\u00e4t)messi.meripelastus.fi044 055 9622 Koulutusvastaava Jouni Hokkanenkoulutus.kotka(\u00e4t)messi.meripelastus.fi0440 559 622 \u00a0 S\u00e4hk\u00f6postiosoitteiden (\u00e4t) korvataan [&hellip;]<\/p>\n","protected":false},"author":1,"featured_media":228,"parent":0,"menu_order":4,"comment_status":"closed","ping_status":"closed","template":"","meta":{"_acf_changed":false,"inline_featured_image":false,"footnotes":""},"class_list":["post-51","page","type-page","status-publish","has-post-thumbnail","hentry"],"acf":[],"yoast_head":"<!-- This site is optimized with the Yoast SEO Premium plugin v27.2 (Yoast SEO v27.2) - https:\/\/yoast.com\/product\/yoast-seo-premium-wordpress\/ -->\n<title>Yhteystiedot - Kotkan Meripelastusyhdistys<\/title>\n<meta name=\"robots\" content=\"index, follow, max-snippet:-1, max-image-preview:large, max-video-preview:-1\" \/>\n<link rel=\"canonical\" href=\"https:\/\/meripelastus.fi\/kotka\/yhteystiedot\/\" \/>\n<meta property=\"og:locale\" content=\"fi_FI\" \/>\n<meta property=\"og:type\" content=\"article\" \/>\n<meta property=\"og:title\" content=\"Yhteystiedot\" \/>\n<meta property=\"og:description\" content=\"Kotkan Meripelastusyhdistys ryJuha Vainion katu 11148100 Kotka Y-tunnus 0225785-4 Hallitus PuheenjohtajaJouni Hokkanenpj.kotka(\u00e4t)messi.meripelastus.fi044 055 9622 VarapuheenjohtajaMikko Vaulamaavpj.kotka(\u00e4t)messi.meripelastus.fi040 542 3576 J\u00e4senetMia LommiMatti NikkolaHenna Pylv\u00e4n\u00e4inenJani Rautkoski Toimihenkil\u00f6t Yhdistyksen sihteeri, talous, j\u00e4senasiat Mia Lommi sihteeri(\u00e4t)kotkanmeripelastus.fi 040 506 7635 \u00a0 \u00a0 Alusten toiminnasta ja valmiudesta vastaava p\u00e4\u00e4llikk\u00f6 Jouni Hokkanenvalmius.kotka(\u00e4t)messi.meripelastus.fi044 055 9622 Koulutusvastaava Jouni Hokkanenkoulutus.kotka(\u00e4t)messi.meripelastus.fi0440 559 622 \u00a0 S\u00e4hk\u00f6postiosoitteiden (\u00e4t) korvataan [&hellip;]\" \/>\n<meta property=\"og:url\" content=\"https:\/\/meripelastus.fi\/kotka\/yhteystiedot\/\" \/>\n<meta property=\"og:site_name\" content=\"Kotkan Meripelastusyhdistys\" \/>\n<meta property=\"article:modified_time\" content=\"2026-04-16T18:25:50+00:00\" \/>\n<meta property=\"og:image\" content=\"https:\/\/meripelastus.fi\/kotka\/wp-content\/uploads\/sites\/27\/2020\/01\/me1.jpg\" \/>\n\t<meta property=\"og:image:width\" content=\"1885\" \/>\n\t<meta property=\"og:image:height\" content=\"1060\" \/>\n\t<meta property=\"og:image:type\" content=\"image\/jpeg\" \/>\n<meta name=\"twitter:card\" content=\"summary_large_image\" \/>\n<meta name=\"twitter:label1\" content=\"Arvioitu lukuaika\" \/>\n\t<meta name=\"twitter:data1\" content=\"1 minuutti\" \/>\n<script type=\"application\/ld+json\" class=\"yoast-schema-graph\">{\"@context\":\"https:\/\/schema.org\",\"@graph\":[{\"@type\":\"WebPage\",\"@id\":\"https:\/\/meripelastus.fi\/kotka\/yhteystiedot\/\",\"url\":\"https:\/\/meripelastus.fi\/kotka\/yhteystiedot\/\",\"name\":\"Yhteystiedot - Kotkan Meripelastusyhdistys\",\"isPartOf\":{\"@id\":\"https:\/\/meripelastus.fi\/kotka\/#website\"},\"primaryImageOfPage\":{\"@id\":\"https:\/\/meripelastus.fi\/kotka\/yhteystiedot\/#primaryimage\"},\"image\":{\"@id\":\"https:\/\/meripelastus.fi\/kotka\/yhteystiedot\/#primaryimage\"},\"thumbnailUrl\":\"https:\/\/meripelastus.fi\/kotka\/wp-content\/uploads\/sites\/27\/2020\/01\/me1.jpg\",\"datePublished\":\"2018-03-19T07:24:37+00:00\",\"dateModified\":\"2026-04-16T18:25:50+00:00\",\"breadcrumb\":{\"@id\":\"https:\/\/meripelastus.fi\/kotka\/yhteystiedot\/#breadcrumb\"},\"inLanguage\":\"fi\",\"potentialAction\":[{\"@type\":\"ReadAction\",\"target\":[\"https:\/\/meripelastus.fi\/kotka\/yhteystiedot\/\"]}]},{\"@type\":\"ImageObject\",\"inLanguage\":\"fi\",\"@id\":\"https:\/\/meripelastus.fi\/kotka\/yhteystiedot\/#primaryimage\",\"url\":\"https:\/\/meripelastus.fi\/kotka\/wp-content\/uploads\/sites\/27\/2020\/01\/me1.jpg\",\"contentUrl\":\"https:\/\/meripelastus.fi\/kotka\/wp-content\/uploads\/sites\/27\/2020\/01\/me1.jpg\",\"width\":1885,\"height\":1060,\"caption\":\"Per\u00e4vana\"},{\"@type\":\"BreadcrumbList\",\"@id\":\"https:\/\/meripelastus.fi\/kotka\/yhteystiedot\/#breadcrumb\",\"itemListElement\":[{\"@type\":\"ListItem\",\"position\":1,\"name\":\"Etusivu\",\"item\":\"https:\/\/meripelastus.fi\/kotka\/\"},{\"@type\":\"ListItem\",\"position\":2,\"name\":\"Yhteystiedot\"}]},{\"@type\":\"WebSite\",\"@id\":\"https:\/\/meripelastus.fi\/kotka\/#website\",\"url\":\"https:\/\/meripelastus.fi\/kotka\/\",\"name\":\"Kotkan Meripelastusyhdistys\",\"description\":\"Vapaaehtoiset apunasi vesill\u00e4\",\"potentialAction\":[{\"@type\":\"SearchAction\",\"target\":{\"@type\":\"EntryPoint\",\"urlTemplate\":\"https:\/\/meripelastus.fi\/kotka\/?s={search_term_string}\"},\"query-input\":{\"@type\":\"PropertyValueSpecification\",\"valueRequired\":true,\"valueName\":\"search_term_string\"}}],\"inLanguage\":\"fi\"}]}<\/script>\n<!-- \/ Yoast SEO Premium plugin. -->","yoast_head_json":{"title":"Yhteystiedot - Kotkan Meripelastusyhdistys","robots":{"index":"index","follow":"follow","max-snippet":"max-snippet:-1","max-image-preview":"max-image-preview:large","max-video-preview":"max-video-preview:-1"},"canonical":"https:\/\/meripelastus.fi\/kotka\/yhteystiedot\/","og_locale":"fi_FI","og_type":"article","og_title":"Yhteystiedot","og_description":"Kotkan Meripelastusyhdistys ryJuha Vainion katu 11148100 Kotka Y-tunnus 0225785-4 Hallitus PuheenjohtajaJouni Hokkanenpj.kotka(\u00e4t)messi.meripelastus.fi044 055 9622 VarapuheenjohtajaMikko Vaulamaavpj.kotka(\u00e4t)messi.meripelastus.fi040 542 3576 J\u00e4senetMia LommiMatti NikkolaHenna Pylv\u00e4n\u00e4inenJani Rautkoski Toimihenkil\u00f6t Yhdistyksen sihteeri, talous, j\u00e4senasiat Mia Lommi sihteeri(\u00e4t)kotkanmeripelastus.fi 040 506 7635 \u00a0 \u00a0 Alusten toiminnasta ja valmiudesta vastaava p\u00e4\u00e4llikk\u00f6 Jouni Hokkanenvalmius.kotka(\u00e4t)messi.meripelastus.fi044 055 9622 Koulutusvastaava Jouni Hokkanenkoulutus.kotka(\u00e4t)messi.meripelastus.fi0440 559 622 \u00a0 S\u00e4hk\u00f6postiosoitteiden (\u00e4t) korvataan [&hellip;]","og_url":"https:\/\/meripelastus.fi\/kotka\/yhteystiedot\/","og_site_name":"Kotkan Meripelastusyhdistys","article_modified_time":"2026-04-16T18:25:50+00:00","og_image":[{"width":1885,"height":1060,"url":"https:\/\/meripelastus.fi\/kotka\/wp-content\/uploads\/sites\/27\/2020\/01\/me1.jpg","type":"image\/jpeg"}],"twitter_card":"summary_large_image","twitter_misc":{"Arvioitu lukuaika":"1 minuutti"},"schema":{"@context":"https:\/\/schema.org","@graph":[{"@type":"WebPage","@id":"https:\/\/meripelastus.fi\/kotka\/yhteystiedot\/","url":"https:\/\/meripelastus.fi\/kotka\/yhteystiedot\/","name":"Yhteystiedot - Kotkan Meripelastusyhdistys","isPartOf":{"@id":"https:\/\/meripelastus.fi\/kotka\/#website"},"primaryImageOfPage":{"@id":"https:\/\/meripelastus.fi\/kotka\/yhteystiedot\/#primaryimage"},"image":{"@id":"https:\/\/meripelastus.fi\/kotka\/yhteystiedot\/#primaryimage"},"thumbnailUrl":"https:\/\/meripelastus.fi\/kotka\/wp-content\/uploads\/sites\/27\/2020\/01\/me1.jpg","datePublished":"2018-03-19T07:24:37+00:00","dateModified":"2026-04-16T18:25:50+00:00","breadcrumb":{"@id":"https:\/\/meripelastus.fi\/kotka\/yhteystiedot\/#breadcrumb"},"inLanguage":"fi","potentialAction":[{"@type":"ReadAction","target":["https:\/\/meripelastus.fi\/kotka\/yhteystiedot\/"]}]},{"@type":"ImageObject","inLanguage":"fi","@id":"https:\/\/meripelastus.fi\/kotka\/yhteystiedot\/#primaryimage","url":"https:\/\/meripelastus.fi\/kotka\/wp-content\/uploads\/sites\/27\/2020\/01\/me1.jpg","contentUrl":"https:\/\/meripelastus.fi\/kotka\/wp-content\/uploads\/sites\/27\/2020\/01\/me1.jpg","width":1885,"height":1060,"caption":"Per\u00e4vana"},{"@type":"BreadcrumbList","@id":"https:\/\/meripelastus.fi\/kotka\/yhteystiedot\/#breadcrumb","itemListElement":[{"@type":"ListItem","position":1,"name":"Etusivu","item":"https:\/\/meripelastus.fi\/kotka\/"},{"@type":"ListItem","position":2,"name":"Yhteystiedot"}]},{"@type":"WebSite","@id":"https:\/\/meripelastus.fi\/kotka\/#website","url":"https:\/\/meripelastus.fi\/kotka\/","name":"Kotkan Meripelastusyhdistys","description":"Vapaaehtoiset apunasi vesill\u00e4","potentialAction":[{"@type":"SearchAction","target":{"@type":"EntryPoint","urlTemplate":"https:\/\/meripelastus.fi\/kotka\/?s={search_term_string}"},"query-input":{"@type":"PropertyValueSpecification","valueRequired":true,"valueName":"search_term_string"}}],"inLanguage":"fi"}]}},"_links":{"self":[{"href":"https:\/\/meripelastus.fi\/kotka\/wp-json\/wp\/v2\/pages\/51","targetHints":{"allow":["GET"]}}],"collection":[{"href":"https:\/\/meripelastus.fi\/kotka\/wp-json\/wp\/v2\/pages"}],"about":[{"href":"https:\/\/meripelastus.fi\/kotka\/wp-json\/wp\/v2\/types\/page"}],"author":[{"embeddable":true,"href":"https:\/\/meripelastus.fi\/kotka\/wp-json\/wp\/v2\/users\/1"}],"replies":[{"embeddable":true,"href":"https:\/\/meripelastus.fi\/kotka\/wp-json\/wp\/v2\/comments?post=51"}],"version-history":[{"count":38,"href":"https:\/\/meripelastus.fi\/kotka\/wp-json\/wp\/v2\/pages\/51\/revisions"}],"predecessor-version":[{"id":865,"href":"https:\/\/meripelastus.fi\/kotka\/wp-json\/wp\/v2\/pages\/51\/revisions\/865"}],"wp:featuredmedia":[{"embeddable":true,"href":"https:\/\/meripelastus.fi\/kotka\/wp-json\/wp\/v2\/media\/228"}],"wp:attachment":[{"href":"https:\/\/meripelastus.fi\/kotka\/wp-json\/wp\/v2\/media?parent=51"}],"curies":[{"name":"wp","href":"https:\/\/api.w.org\/{rel}","templated":true}]}}