{"id":440,"date":"2024-06-10T11:22:10","date_gmt":"2024-06-10T08:22:10","guid":{"rendered":"https:\/\/meripelastus.fi\/kotka\/?page_id=440"},"modified":"2025-10-14T09:15:50","modified_gmt":"2025-10-14T06:15:50","slug":"meripelastajaksi","status":"publish","type":"page","link":"https:\/\/meripelastus.fi\/kotka\/meripelastajaksi\/","title":{"rendered":"Meripelastajaksi?"},"content":{"rendered":"<p>Haluaisitko ryhty\u00e4 vapaaehtoiseksi meripelastajaksi? Kotkan Meripelastusyhdistyksen hakee uusia meripelastajia jatkuvasti. Tulokaskaudella p\u00e4\u00e4set aloittamaan kouluttautumisen meripelastajaksi.<\/p>\n<p>Ensimm\u00e4isen kauden aikana p\u00e4\u00e4set tutustumaan viikottaisissa treeneiss\u00e4 meripelastusaluksiimme PV Kotkaan sek\u00e4 PV Lassiin ja niiss\u00e4 toimimiseen turvallisesti. T\u00e4m\u00e4n lis\u00e4ksi koulutukset pit\u00e4v\u00e4t sis\u00e4ll\u00e4\u00e4n mm. turvallista kansity\u00f6skentely\u00e4, uimataitotestin, meripelastustaitoja sek\u00e4 paljon muuta.<\/p>\n<h3>Miten haen mukaan?<\/h3>\n<p>Voit hakea mukaan tulokaskoulutukseen! Tulokaskoulutuksen teoriaosuus toteutetaan kahtena iltana ja k\u00e4yt\u00e4nn\u00f6n osuus bootcamppina.\u00a0<\/p>\n<p>Seuraava teoriakoulutus ja bootcamp kev\u00e4\u00e4ll\u00e4 2026 (teoriailtoihin voi osallistua et\u00e4n\u00e4).<\/p>\n<p>Ilmoittautuminen avataan my\u00f6hemmin. Voit hakea mukaan t\u00e4ytt\u00e4m\u00e4ll\u00e4 <a href=\"https:\/\/meripelastus.fi\/toiminta\/tule-mukaan\/\" target=\"_blank\" rel=\"noopener\">t\u00e4m\u00e4n lomakkeen<\/a> ja ilmoittaa kiinnostuksesi tulokaskoulutukseen.<\/p>\n<p>Tulokasvastaavamme vastaa mielell\u00e4\u00e4n kysymyksiin!<\/p>\n<p><strong>Tulokasvastaava<\/strong><br \/>Tomi Karkulahti<br \/><a href=\"mailto:tulokas.kotka@messi.meripelastus.fi\" target=\"_blank\" rel=\"noopener\">tulokas.kotka@messi.meripelastus.fi<\/a><\/p>\n<h3>Mitk\u00e4 ovat vaatimukset vapaaehtoiselle meripelastajalle?<\/h3>\n<p>Vapaaehtoiselta meripelastajalta vaaditaan 18 vuoden ik\u00e4\u00e4, hyv\u00e4\u00e4 peruskuntoa, uimataitoa sek\u00e4 n\u00e4\u00f6n tarkkuutta 0,5 silm\u00e4laseilla ja 0,1 ilman. Lis\u00e4tietoa saa <a href=\"https:\/\/view.24mags.com\/mobilev\/b96aff83a6a4bbbdcfbada9f7d2ead#\/page=1\" target=\"_blank\" rel=\"noopener\">hakijan oppaasta!<\/a><\/p>\n<h3>Miten liityn j\u00e4seneksi?<\/h3>\n<p>Voit liitty\u00e4 Kotkan Meripelastusyhdistyksen j\u00e4seneksi <a href=\"https:\/\/meripelastus.fi\/jasenyys\/liittymislomakkeet\/\" target=\"_blank\" rel=\"noopener\">t\u00e4st\u00e4!<\/a> <strong>Valitse yhdistykseksi Kotkan Meripelastusyhdistys.<\/strong><\/p>\n<p>J\u00e4sen voi olla aktiivinen meripelastaja tai jos haluat tukea toimintaa kannatusmieless\u00e4, voit liitty\u00e4 kannatusj\u00e4seneksi.<\/p>\n<h3>Tervetuloa mukaan!<\/h3>\n\n\n<p><\/p>\n","protected":false},"excerpt":{"rendered":"<p>Haluaisitko ryhty\u00e4 vapaaehtoiseksi meripelastajaksi? Kotkan Meripelastusyhdistyksen hakee uusia meripelastajia jatkuvasti. Tulokaskaudella p\u00e4\u00e4set aloittamaan kouluttautumisen meripelastajaksi. Ensimm\u00e4isen kauden aikana p\u00e4\u00e4set tutustumaan viikottaisissa treeneiss\u00e4 meripelastusaluksiimme PV Kotkaan sek\u00e4 PV Lassiin ja niiss\u00e4 toimimiseen turvallisesti. T\u00e4m\u00e4n lis\u00e4ksi koulutukset pit\u00e4v\u00e4t sis\u00e4ll\u00e4\u00e4n mm. turvallista kansity\u00f6skentely\u00e4, uimataitotestin, meripelastustaitoja sek\u00e4 paljon muuta. Miten haen mukaan? Voit hakea mukaan tulokaskoulutukseen! Tulokaskoulutuksen teoriaosuus toteutetaan [&hellip;]<\/p>\n","protected":false},"author":48,"featured_media":234,"parent":0,"menu_order":0,"comment_status":"closed","ping_status":"closed","template":"","meta":{"_acf_changed":false,"inline_featured_image":false,"footnotes":""},"class_list":["post-440","page","type-page","status-publish","has-post-thumbnail","hentry"],"acf":[],"yoast_head":"<!-- This site is optimized with the Yoast SEO Premium plugin v27.2 (Yoast SEO v27.2) - https:\/\/yoast.com\/product\/yoast-seo-premium-wordpress\/ -->\n<title>Meripelastajaksi? - Kotkan Meripelastusyhdistys<\/title>\n<meta name=\"description\" content=\"Haluaisitko ryhty\u00e4 vapaaehtoiseksi meripelastajaksi? Kotkan Meripelastusyhdistyksen haku on nyt auki! Tulokaskaudella p\u00e4\u00e4set aloittamaan kouluttautumisen meripelastajaksi.\" \/>\n<meta name=\"robots\" content=\"index, follow, max-snippet:-1, max-image-preview:large, max-video-preview:-1\" \/>\n<link rel=\"canonical\" href=\"https:\/\/meripelastus.fi\/kotka\/meripelastajaksi\/\" \/>\n<meta property=\"og:locale\" content=\"fi_FI\" \/>\n<meta property=\"og:type\" content=\"article\" \/>\n<meta property=\"og:title\" content=\"Meripelastajaksi?\" \/>\n<meta property=\"og:description\" content=\"Haluaisitko ryhty\u00e4 vapaaehtoiseksi meripelastajaksi? Kotkan Meripelastusyhdistyksen haku on nyt auki! Tulokaskaudella p\u00e4\u00e4set aloittamaan kouluttautumisen meripelastajaksi.\" \/>\n<meta property=\"og:url\" content=\"https:\/\/meripelastus.fi\/kotka\/meripelastajaksi\/\" \/>\n<meta property=\"og:site_name\" content=\"Kotkan Meripelastusyhdistys\" \/>\n<meta property=\"article:modified_time\" content=\"2025-10-14T06:15:50+00:00\" \/>\n<meta property=\"og:image\" content=\"https:\/\/meripelastus.fi\/kotka\/wp-content\/uploads\/sites\/27\/2020\/01\/mepe9.jpg\" \/>\n\t<meta property=\"og:image:width\" content=\"1184\" \/>\n\t<meta property=\"og:image:height\" content=\"888\" \/>\n\t<meta property=\"og:image:type\" content=\"image\/jpeg\" \/>\n<meta name=\"twitter:card\" content=\"summary_large_image\" \/>\n<meta name=\"twitter:label1\" content=\"Arvioitu lukuaika\" \/>\n\t<meta name=\"twitter:data1\" content=\"2 minuuttia\" \/>\n<script type=\"application\/ld+json\" class=\"yoast-schema-graph\">{\"@context\":\"https:\/\/schema.org\",\"@graph\":[{\"@type\":\"WebPage\",\"@id\":\"https:\/\/meripelastus.fi\/kotka\/meripelastajaksi\/\",\"url\":\"https:\/\/meripelastus.fi\/kotka\/meripelastajaksi\/\",\"name\":\"Meripelastajaksi? - Kotkan Meripelastusyhdistys\",\"isPartOf\":{\"@id\":\"https:\/\/meripelastus.fi\/kotka\/#website\"},\"primaryImageOfPage\":{\"@id\":\"https:\/\/meripelastus.fi\/kotka\/meripelastajaksi\/#primaryimage\"},\"image\":{\"@id\":\"https:\/\/meripelastus.fi\/kotka\/meripelastajaksi\/#primaryimage\"},\"thumbnailUrl\":\"https:\/\/meripelastus.fi\/kotka\/wp-content\/uploads\/sites\/27\/2020\/01\/mepe9.jpg\",\"datePublished\":\"2024-06-10T08:22:10+00:00\",\"dateModified\":\"2025-10-14T06:15:50+00:00\",\"description\":\"Haluaisitko ryhty\u00e4 vapaaehtoiseksi meripelastajaksi? Kotkan Meripelastusyhdistyksen haku on nyt auki! Tulokaskaudella p\u00e4\u00e4set aloittamaan kouluttautumisen meripelastajaksi.\",\"breadcrumb\":{\"@id\":\"https:\/\/meripelastus.fi\/kotka\/meripelastajaksi\/#breadcrumb\"},\"inLanguage\":\"fi\",\"potentialAction\":[{\"@type\":\"ReadAction\",\"target\":[\"https:\/\/meripelastus.fi\/kotka\/meripelastajaksi\/\"]}]},{\"@type\":\"ImageObject\",\"inLanguage\":\"fi\",\"@id\":\"https:\/\/meripelastus.fi\/kotka\/meripelastajaksi\/#primaryimage\",\"url\":\"https:\/\/meripelastus.fi\/kotka\/wp-content\/uploads\/sites\/27\/2020\/01\/mepe9.jpg\",\"contentUrl\":\"https:\/\/meripelastus.fi\/kotka\/wp-content\/uploads\/sites\/27\/2020\/01\/mepe9.jpg\",\"width\":1184,\"height\":888,\"caption\":\"pv Kotka ohjaamo\"},{\"@type\":\"BreadcrumbList\",\"@id\":\"https:\/\/meripelastus.fi\/kotka\/meripelastajaksi\/#breadcrumb\",\"itemListElement\":[{\"@type\":\"ListItem\",\"position\":1,\"name\":\"Etusivu\",\"item\":\"https:\/\/meripelastus.fi\/kotka\/\"},{\"@type\":\"ListItem\",\"position\":2,\"name\":\"Meripelastajaksi?\"}]},{\"@type\":\"WebSite\",\"@id\":\"https:\/\/meripelastus.fi\/kotka\/#website\",\"url\":\"https:\/\/meripelastus.fi\/kotka\/\",\"name\":\"Kotkan Meripelastusyhdistys\",\"description\":\"Vapaaehtoiset apunasi vesill\u00e4\",\"potentialAction\":[{\"@type\":\"SearchAction\",\"target\":{\"@type\":\"EntryPoint\",\"urlTemplate\":\"https:\/\/meripelastus.fi\/kotka\/?s={search_term_string}\"},\"query-input\":{\"@type\":\"PropertyValueSpecification\",\"valueRequired\":true,\"valueName\":\"search_term_string\"}}],\"inLanguage\":\"fi\"}]}<\/script>\n<!-- \/ Yoast SEO Premium plugin. -->","yoast_head_json":{"title":"Meripelastajaksi? - Kotkan Meripelastusyhdistys","description":"Haluaisitko ryhty\u00e4 vapaaehtoiseksi meripelastajaksi? Kotkan Meripelastusyhdistyksen haku on nyt auki! Tulokaskaudella p\u00e4\u00e4set aloittamaan kouluttautumisen meripelastajaksi.","robots":{"index":"index","follow":"follow","max-snippet":"max-snippet:-1","max-image-preview":"max-image-preview:large","max-video-preview":"max-video-preview:-1"},"canonical":"https:\/\/meripelastus.fi\/kotka\/meripelastajaksi\/","og_locale":"fi_FI","og_type":"article","og_title":"Meripelastajaksi?","og_description":"Haluaisitko ryhty\u00e4 vapaaehtoiseksi meripelastajaksi? Kotkan Meripelastusyhdistyksen haku on nyt auki! Tulokaskaudella p\u00e4\u00e4set aloittamaan kouluttautumisen meripelastajaksi.","og_url":"https:\/\/meripelastus.fi\/kotka\/meripelastajaksi\/","og_site_name":"Kotkan Meripelastusyhdistys","article_modified_time":"2025-10-14T06:15:50+00:00","og_image":[{"width":1184,"height":888,"url":"https:\/\/meripelastus.fi\/kotka\/wp-content\/uploads\/sites\/27\/2020\/01\/mepe9.jpg","type":"image\/jpeg"}],"twitter_card":"summary_large_image","twitter_misc":{"Arvioitu lukuaika":"2 minuuttia"},"schema":{"@context":"https:\/\/schema.org","@graph":[{"@type":"WebPage","@id":"https:\/\/meripelastus.fi\/kotka\/meripelastajaksi\/","url":"https:\/\/meripelastus.fi\/kotka\/meripelastajaksi\/","name":"Meripelastajaksi? - Kotkan Meripelastusyhdistys","isPartOf":{"@id":"https:\/\/meripelastus.fi\/kotka\/#website"},"primaryImageOfPage":{"@id":"https:\/\/meripelastus.fi\/kotka\/meripelastajaksi\/#primaryimage"},"image":{"@id":"https:\/\/meripelastus.fi\/kotka\/meripelastajaksi\/#primaryimage"},"thumbnailUrl":"https:\/\/meripelastus.fi\/kotka\/wp-content\/uploads\/sites\/27\/2020\/01\/mepe9.jpg","datePublished":"2024-06-10T08:22:10+00:00","dateModified":"2025-10-14T06:15:50+00:00","description":"Haluaisitko ryhty\u00e4 vapaaehtoiseksi meripelastajaksi? Kotkan Meripelastusyhdistyksen haku on nyt auki! Tulokaskaudella p\u00e4\u00e4set aloittamaan kouluttautumisen meripelastajaksi.","breadcrumb":{"@id":"https:\/\/meripelastus.fi\/kotka\/meripelastajaksi\/#breadcrumb"},"inLanguage":"fi","potentialAction":[{"@type":"ReadAction","target":["https:\/\/meripelastus.fi\/kotka\/meripelastajaksi\/"]}]},{"@type":"ImageObject","inLanguage":"fi","@id":"https:\/\/meripelastus.fi\/kotka\/meripelastajaksi\/#primaryimage","url":"https:\/\/meripelastus.fi\/kotka\/wp-content\/uploads\/sites\/27\/2020\/01\/mepe9.jpg","contentUrl":"https:\/\/meripelastus.fi\/kotka\/wp-content\/uploads\/sites\/27\/2020\/01\/mepe9.jpg","width":1184,"height":888,"caption":"pv Kotka ohjaamo"},{"@type":"BreadcrumbList","@id":"https:\/\/meripelastus.fi\/kotka\/meripelastajaksi\/#breadcrumb","itemListElement":[{"@type":"ListItem","position":1,"name":"Etusivu","item":"https:\/\/meripelastus.fi\/kotka\/"},{"@type":"ListItem","position":2,"name":"Meripelastajaksi?"}]},{"@type":"WebSite","@id":"https:\/\/meripelastus.fi\/kotka\/#website","url":"https:\/\/meripelastus.fi\/kotka\/","name":"Kotkan Meripelastusyhdistys","description":"Vapaaehtoiset apunasi vesill\u00e4","potentialAction":[{"@type":"SearchAction","target":{"@type":"EntryPoint","urlTemplate":"https:\/\/meripelastus.fi\/kotka\/?s={search_term_string}"},"query-input":{"@type":"PropertyValueSpecification","valueRequired":true,"valueName":"search_term_string"}}],"inLanguage":"fi"}]}},"_links":{"self":[{"href":"https:\/\/meripelastus.fi\/kotka\/wp-json\/wp\/v2\/pages\/440","targetHints":{"allow":["GET"]}}],"collection":[{"href":"https:\/\/meripelastus.fi\/kotka\/wp-json\/wp\/v2\/pages"}],"about":[{"href":"https:\/\/meripelastus.fi\/kotka\/wp-json\/wp\/v2\/types\/page"}],"author":[{"embeddable":true,"href":"https:\/\/meripelastus.fi\/kotka\/wp-json\/wp\/v2\/users\/48"}],"replies":[{"embeddable":true,"href":"https:\/\/meripelastus.fi\/kotka\/wp-json\/wp\/v2\/comments?post=440"}],"version-history":[{"count":34,"href":"https:\/\/meripelastus.fi\/kotka\/wp-json\/wp\/v2\/pages\/440\/revisions"}],"predecessor-version":[{"id":749,"href":"https:\/\/meripelastus.fi\/kotka\/wp-json\/wp\/v2\/pages\/440\/revisions\/749"}],"wp:featuredmedia":[{"embeddable":true,"href":"https:\/\/meripelastus.fi\/kotka\/wp-json\/wp\/v2\/media\/234"}],"wp:attachment":[{"href":"https:\/\/meripelastus.fi\/kotka\/wp-json\/wp\/v2\/media?parent=440"}],"curies":[{"name":"wp","href":"https:\/\/api.w.org\/{rel}","templated":true}]}}