{"id":51,"date":"2018-03-19T09:24:37","date_gmt":"2018-03-19T07:24:37","guid":{"rendered":"http:\/\/basetemplate.smpsyhdistykset.16.testivedos.com\/?page_id=51"},"modified":"2026-03-18T22:12:11","modified_gmt":"2026-03-18T20:12:11","slug":"yhteys","status":"publish","type":"page","link":"https:\/\/meripelastus.fi\/kiviniemi\/yhteys\/","title":{"rendered":"Yhteystiedot"},"content":{"rendered":"\n<p><strong>Mik\u00e4li olet v\u00e4litt\u00f6m\u00e4ss\u00e4 h\u00e4d\u00e4ss\u00e4, tee h\u00e4t\u00e4ilmoitus <a href=\"https:\/\/meripelastus.fi\/kiviniemi\/toiminta\/halytysohje\/\">h\u00e4lytysohjeen<\/a> mukaisesti.<\/strong><\/p>\n\n\n\n<h2 class=\"wp-block-heading\">Kiviniemen Meripelastusyhdistys<\/h2>\n\n\n\n<p>Puhelin: <a href=\"tel:0405376059\">0405376059<\/a> (p\u00e4ivystys avovesikaudella)<br>S\u00e4hk\u00f6posti: <a href=\"mailto:kiviniemi@messi.meripelastus.fi\">kiviniemi(at)messi.meripelastus.fi<\/a><\/p>\n\n\n\n<p>S\u00e4hk\u00f6postiosoitteiden (at) korvataan @-merkill\u00e4. Viralliset s\u00e4hk\u00f6postiosoitteemme p\u00e4\u00e4ttyv\u00e4t @messi.meripelastus.fi tai @sarkiviniemi.fi.<\/p>\n\n\n\n<p>J\u00e4sentietojen muuttaminen <a href=\"https:\/\/meripelastus.fi\/jasenyys\/jasentietojen-paivityslomake\/\" target=\"_blank\" rel=\"noreferrer noopener\">j\u00e4sentietojen p\u00e4ivityslomakkeella<\/a>.<\/p>\n\n\n\n<h3 class=\"wp-block-heading\" id=\"h-pysy-kartalla-seuraa-meita-somessa\">Pysy kartalla &#8211; Seuraa meit\u00e4 somessa!<\/h3>\n\n\n\n<p>Liity seuraamme my\u00f6s digitaalisilla aalloilla! Jaamme somekanavillamme aktiivisesti ajankohtaisia kuulumisia ja hy\u00f6dyllisi\u00e4 vinkkej\u00e4 vesill\u00e4 liikkujille.<\/p>\n\n\n\n<p><i class=\"fa-classic fa-brands fa-facebook-f\" aria-hidden=\"true\"><\/i> Facebook: <a href=\"https:\/\/www.facebook.com\/sarkiviniemi\" target=\"_blank\" rel=\"noreferrer noopener\">Kiviniemen Meripelastusyhdistys ry<\/a> <br><i class=\"fa-classic fa-brands fa-instagram\" aria-hidden=\"true\"><\/i> Instagram: <a href=\"https:\/\/www.instagram.com\/sarkiviniemi\" target=\"_blank\" rel=\"noreferrer noopener\">@sarkiviniemi<\/a><br><i class=\"fa-classic fa-brands fa-tiktok\" aria-hidden=\"true\"><\/i> TikTok: <a href=\"https:\/\/tiktok.com\/@sarkiviniemi\/\" target=\"_blank\" rel=\"noreferrer noopener\">@sarkiviniemi<\/a><br><i class=\"fa-classic fa-brands fa-x-twitter\" aria-hidden=\"true\"><\/i> X: <a href=\"https:\/\/x.com\/SARKiviniemi\" target=\"_blank\" rel=\"noreferrer noopener\">@SARKiviniemi<\/a><br><i class=\"fa-classic fa-brands fa-youtube\" aria-hidden=\"true\"><\/i> YouTube: <a href=\"https:\/\/youtube.com\/@sarkiviniemi\/\" target=\"_blank\" rel=\"noreferrer noopener\">@sarkiviniemi<\/a><\/p>\n\n\n\n<p>Pyrimme vastaamaan sosiaalisen median kanavilla l\u00e4hetettyihin yksityisviesteihin mahdollisimman pian, mutta viestej\u00e4 luetaan vain satunnaisesti. Otathan kiireett\u00f6miss\u00e4 asioissa ensisijaisesti yhteytt\u00e4 s\u00e4hk\u00f6postitse.<\/p>\n\n\n\n<h3 class=\"wp-block-heading\">Osoitetiedot<\/h3>\n\n\n\n<p><strong>K\u00e4yntiosoite (Kiviniemen tukikohta)<\/strong><br>Kiviniemen rantatie 8<br>90810 Kiviniemi<br><a href=\"https:\/\/www.google.com\/maps\/place\/SMPS+Kiviniemen+Meripelastusyhdistys+ry\/@65.1126541,25.3258113,14z\/data=!4m6!3m5!1s0x46802e93582d5783:0x8d8468459854dcb3!8m2!3d65.1121321!4d25.3278258!16s%2Fg%2F1td9tr9p?entry=ttu\" target=\"_blank\" rel=\"noreferrer noopener\">Google Maps<\/a><\/p>\n\n\n\n<p><strong>Postiosoite<\/strong><br>Kiviniemen MPY c\/o Jyrki Stranius<br>Kalimenranta 3<br>90810 Kiviniemi<\/p>\n\n\n\n<p><strong>Laskutusosoite<\/strong><br>Kiviniemen MPY c\/o Jouni Paso<br>Kalavasunkuja 4<br>90810 Kiviniemi<\/p>\n\n\n\n<p>SMPS Kiviniemen Meripelastusyhdistys ry<br>Y-tunnus: 1017332-7<\/p>\n\n\n\t\n   <div class=\"compass-wrapper\"><img loading=\"lazy\" decoding=\"async\" src=\"https:\/\/meripelastus.fi\/kiviniemi\/wp-content\/themes\/jarjestot\/img\/smps-kompassi-sininen.png\" width=\"1083\" height=\"110\" class=\"kompassi-block\" aria-hidden=\"true\"\/><\/div>\n\n\n<h2 class=\"wp-block-heading\" id=\"hallitus\">Hallitus 2026<\/h2>\n\n\n\n<div class=\"wp-block-columns has-primary-color has-text-color has-link-color wp-elements-e5b85b0aebd94e7d04d3198e2436c28b is-layout-flex wp-container-core-columns-is-layout-9d6595d7 wp-block-columns-is-layout-flex\">\n<div class=\"wp-block-column is-layout-flow wp-block-column-is-layout-flow\">\n<figure class=\"wp-block-image size-full is-resized is-style-rounded wp-duotone-unset-1\"><img loading=\"lazy\" decoding=\"async\" width=\"488\" height=\"488\" src=\"https:\/\/meripelastus.fi\/kiviniemi\/wp-content\/uploads\/sites\/13\/2024\/08\/jyrki-stranius.jpeg\" alt=\"\" class=\"wp-image-953\" style=\"width:150px\" srcset=\"https:\/\/meripelastus.fi\/kiviniemi\/wp-content\/uploads\/sites\/13\/2024\/08\/jyrki-stranius.jpeg 488w, https:\/\/meripelastus.fi\/kiviniemi\/wp-content\/uploads\/sites\/13\/2024\/08\/jyrki-stranius-300x300.jpeg 300w, https:\/\/meripelastus.fi\/kiviniemi\/wp-content\/uploads\/sites\/13\/2024\/08\/jyrki-stranius-150x150.jpeg 150w, https:\/\/meripelastus.fi\/kiviniemi\/wp-content\/uploads\/sites\/13\/2024\/08\/jyrki-stranius-160x160.jpeg 160w\" sizes=\"auto, (max-width: 488px) 100vw, 488px\" \/><\/figure>\n\n\n\n<p><em>Puheenjohtaja<\/em><br><strong>Jyrki Stranius<\/strong><a style=\"color:#ef3e42\" href=\"tel:0505982249\"><\/a><br><small><a href=\"mailto:pj.kiviniemi@messi.meripelastus.fi\">pj.kiviniemi(at)messi.meripelastus.fi<\/a><\/small><br><small><a href=\"tel:0505982249\">050 598 2249<\/a><\/small><\/p>\n<\/div>\n\n\n\n<div class=\"wp-block-column is-layout-flow wp-block-column-is-layout-flow\">\n<figure class=\"wp-block-image size-full is-resized is-style-rounded wp-duotone-unset-2\"><img loading=\"lazy\" decoding=\"async\" width=\"800\" height=\"800\" src=\"https:\/\/meripelastus.fi\/kiviniemi\/wp-content\/uploads\/sites\/13\/2024\/08\/timo-riutta.jpg\" alt=\"\" class=\"wp-image-952\" style=\"width:150px\" srcset=\"https:\/\/meripelastus.fi\/kiviniemi\/wp-content\/uploads\/sites\/13\/2024\/08\/timo-riutta.jpg 800w, https:\/\/meripelastus.fi\/kiviniemi\/wp-content\/uploads\/sites\/13\/2024\/08\/timo-riutta-300x300.jpg 300w, https:\/\/meripelastus.fi\/kiviniemi\/wp-content\/uploads\/sites\/13\/2024\/08\/timo-riutta-150x150.jpg 150w, https:\/\/meripelastus.fi\/kiviniemi\/wp-content\/uploads\/sites\/13\/2024\/08\/timo-riutta-768x768.jpg 768w, https:\/\/meripelastus.fi\/kiviniemi\/wp-content\/uploads\/sites\/13\/2024\/08\/timo-riutta-160x160.jpg 160w\" sizes=\"auto, (max-width: 800px) 100vw, 800px\" \/><\/figure>\n\n\n\n<p><em>Varapuheenjohtaja<\/em><br><strong>Timo Riutta<\/strong><br><small><a href=\"mailto:vpj.kiviniemi@messi.meripelastus.fi\">vpj.kiviniemi(at)messi.meripelastus.fi<\/a><\/small><\/p>\n<\/div>\n\n\n\n<div class=\"wp-block-column is-vertically-aligned-center is-layout-flow wp-block-column-is-layout-flow\">\n<p><strong>Hallituksen j\u00e4senet<\/strong><br>Ari Niskanen<br>Emil \u00c5str\u00f6m<br>Jouni Paso<br>Markku Hietala<\/p>\n<\/div>\n<\/div>\n\n\n\t\n   <div class=\"compass-wrapper\"><img loading=\"lazy\" decoding=\"async\" src=\"https:\/\/meripelastus.fi\/kiviniemi\/wp-content\/themes\/jarjestot\/img\/smps-kompassi-sininen.png\" width=\"1083\" height=\"110\" class=\"kompassi-block\" aria-hidden=\"true\"\/><\/div>\n\n\n<h2 class=\"wp-block-heading\" id=\"toimihenkilot\">Toimihenkil\u00f6t<\/h2>\n\n\n\n<p>Kaikki toimintamme perustuu vapaaehtoisty\u00f6h\u00f6n, emmek\u00e4 v\u00e4ltt\u00e4m\u00e4tt\u00e4 ole tavoitettavissa virka-aikana. Kaikki alla olevat s\u00e4hk\u00f6postiosoitteet eiv\u00e4t ole henkil\u00f6kohtaisia, joten viesti saattaa v\u00e4litty\u00e4 usealle samasta asiasta vastuussa olevalle henkil\u00f6lle.<\/p>\n\n\n\n<p>Mik\u00e4li et tied\u00e4 ket\u00e4 l\u00e4hesty\u00e4, l\u00e4het\u00e4 viestisi osoitteeseen <a href=\"mailto:kiviniemi@messi.meripelastus.fi\">kiviniemi(at)messi.meripelastus.fi<\/a>, josta se ohjataan oikealle henkil\u00f6lle.<\/p>\n\n\n\n<div style=\"height:25px\" aria-hidden=\"true\" class=\"wp-block-spacer\"><\/div>\n\n\n\n<div class=\"wp-block-columns has-primary-color has-text-color has-link-color wp-elements-bf7c083ef36c94f298b54d1a14300c70 is-layout-flex wp-container-core-columns-is-layout-9d6595d7 wp-block-columns-is-layout-flex\">\n<div class=\"wp-block-column is-layout-flow wp-block-column-is-layout-flow\">\n<figure class=\"wp-block-image is-resized is-style-rounded\"><img decoding=\"async\" src=\"https:\/\/meripelastus.fi\/wp-content\/uploads\/2024\/07\/noun-user-3548801-07244B-1.png\" alt=\"\" class=\"wp-image-16807\" style=\"width:150px\" \/><\/figure>\n\n\n\n<p><em>Koulutusvastaava <\/em><br><strong>Marko Koivikko<\/strong><br><small><a href=\"mailto:koulutustr.kiviniemi@messi.meripelastus.fi\">koulutustr.kiviniemi(at)messi.meripelastus.fi<\/a><\/small><\/p>\n\n\n\n<ul class=\"wp-block-list\">\n<li>Miehist\u00f6n koulutuksen suunnittelu, kehitt\u00e4minen ja j\u00e4rjest\u00e4minen<\/li>\n\n\n\n<li>Koulutusyhteisty\u00f6<\/li>\n\n\n\n<li>Uusien miehist\u00f6n j\u00e4senten rekrytointi<\/li>\n<\/ul>\n<\/div>\n\n\n\n<div class=\"wp-block-column is-layout-flow wp-block-column-is-layout-flow\">\n<figure class=\"wp-block-image size-full is-resized is-style-rounded wp-duotone-unset-3\"><img loading=\"lazy\" decoding=\"async\" width=\"250\" height=\"250\" src=\"https:\/\/meripelastus.fi\/kiviniemi\/wp-content\/uploads\/sites\/13\/2024\/08\/DSC01036-pfpcrop2.jpg\" alt=\"\" class=\"wp-image-944\" style=\"width:150px\" srcset=\"https:\/\/meripelastus.fi\/kiviniemi\/wp-content\/uploads\/sites\/13\/2024\/08\/DSC01036-pfpcrop2.jpg 250w, https:\/\/meripelastus.fi\/kiviniemi\/wp-content\/uploads\/sites\/13\/2024\/08\/DSC01036-pfpcrop2-150x150.jpg 150w, https:\/\/meripelastus.fi\/kiviniemi\/wp-content\/uploads\/sites\/13\/2024\/08\/DSC01036-pfpcrop2-160x160.jpg 160w\" sizes=\"auto, (max-width: 250px) 100vw, 250px\" \/><\/figure>\n\n\n\n<p><em>Tiedotusvastaava<\/em><br><strong>Rasmus Sipil\u00e4<\/strong><br><small><a href=\"mailto:tiedotus.kiviniemi@messi.meripelastus.fi\">tiedotus.kiviniemi(at)messi.meripelastus.fi<\/a><\/small><\/p>\n\n\n\n<ul class=\"wp-block-list\">\n<li>Sis\u00e4isen ja ulkoisen viestinn\u00e4n suunnittelu, koordinointi ja toteutus<\/li>\n\n\n\n<li>Sosiaalinen media, tiedotusmateriaalit ja jakotavarat<\/li>\n\n\n\n<li>Verkkosivujen sis\u00e4ll\u00f6n suunnittelu ja toteutus<\/li>\n<\/ul>\n<\/div>\n\n\n\n<div class=\"wp-block-column is-layout-flow wp-block-column-is-layout-flow\">\n<figure class=\"wp-block-image size-full is-resized is-style-rounded wp-duotone-unset-4\"><img loading=\"lazy\" decoding=\"async\" width=\"1408\" height=\"1408\" src=\"https:\/\/meripelastus.fi\/kiviniemi\/wp-content\/uploads\/sites\/13\/2025\/02\/IMG20240711145748-scaled-e1740676429477.jpg\" alt=\"\" class=\"wp-image-1196\" style=\"width:150px\" srcset=\"https:\/\/meripelastus.fi\/kiviniemi\/wp-content\/uploads\/sites\/13\/2025\/02\/IMG20240711145748-scaled-e1740676429477.jpg 1408w, https:\/\/meripelastus.fi\/kiviniemi\/wp-content\/uploads\/sites\/13\/2025\/02\/IMG20240711145748-scaled-e1740676429477-300x300.jpg 300w, https:\/\/meripelastus.fi\/kiviniemi\/wp-content\/uploads\/sites\/13\/2025\/02\/IMG20240711145748-scaled-e1740676429477-1024x1024.jpg 1024w, https:\/\/meripelastus.fi\/kiviniemi\/wp-content\/uploads\/sites\/13\/2025\/02\/IMG20240711145748-scaled-e1740676429477-150x150.jpg 150w, https:\/\/meripelastus.fi\/kiviniemi\/wp-content\/uploads\/sites\/13\/2025\/02\/IMG20240711145748-scaled-e1740676429477-768x768.jpg 768w, https:\/\/meripelastus.fi\/kiviniemi\/wp-content\/uploads\/sites\/13\/2025\/02\/IMG20240711145748-scaled-e1740676429477-160x160.jpg 160w\" sizes=\"auto, (max-width: 1408px) 100vw, 1408px\" \/><\/figure>\n\n\n\n<p><em>Valmiusvastaava<\/em><br><strong>Markku Hietala<\/strong><br><small><a href=\"mailto:valmius.kiviniemi@messi.meripelastus.fi\">valmius.kiviniemi(at)messi.meripelastus.fi<\/a><\/small><\/p>\n\n\n\n<ul class=\"wp-block-list\">\n<li>Valmius ja operatiivinen pelastustoiminta<\/li>\n\n\n\n<li>Turvallisuusvarusteiden hankinta, yll\u00e4pito ja tarkastukset<\/li>\n\n\n\n<li>P\u00e4ivystysvuorot ja h\u00e4lytysvalmius<\/li>\n<\/ul>\n<\/div>\n<\/div>\n\n\n\n<div class=\"wp-block-columns has-primary-color has-text-color has-link-color wp-elements-fd3507a5e4188841ce32ecf5cd78d528 is-layout-flex wp-container-core-columns-is-layout-9d6595d7 wp-block-columns-is-layout-flex\">\n<div class=\"wp-block-column is-layout-flow wp-block-column-is-layout-flow\">\n<figure class=\"wp-block-image size-full is-resized is-style-rounded wp-duotone-unset-5\"><img loading=\"lazy\" decoding=\"async\" width=\"650\" height=\"650\" src=\"https:\/\/meripelastus.fi\/kiviniemi\/wp-content\/uploads\/sites\/13\/2024\/08\/jouni-paso.jpg\" alt=\"\" class=\"wp-image-951\" style=\"width:150px\" srcset=\"https:\/\/meripelastus.fi\/kiviniemi\/wp-content\/uploads\/sites\/13\/2024\/08\/jouni-paso.jpg 650w, https:\/\/meripelastus.fi\/kiviniemi\/wp-content\/uploads\/sites\/13\/2024\/08\/jouni-paso-300x300.jpg 300w, https:\/\/meripelastus.fi\/kiviniemi\/wp-content\/uploads\/sites\/13\/2024\/08\/jouni-paso-150x150.jpg 150w, https:\/\/meripelastus.fi\/kiviniemi\/wp-content\/uploads\/sites\/13\/2024\/08\/jouni-paso-160x160.jpg 160w\" sizes=\"auto, (max-width: 650px) 100vw, 650px\" \/><\/figure>\n\n\n\n<p><em>Talousvastaava <\/em><br><strong>Jouni Paso<\/strong><br><small><a href=\"mailto:talous.kiviniemi@messi.meripelastus.fi\">talous.kiviniemi(at)messi.meripelastus.fi<\/a><\/small><\/p>\n\n\n\n<ul class=\"wp-block-list\">\n<li>Maksuliikenne ja laskutus<\/li>\n\n\n\n<li>Taloushallinto<\/li>\n<\/ul>\n<\/div>\n\n\n\n<div class=\"wp-block-column is-layout-flow wp-block-column-is-layout-flow\">\n<figure class=\"wp-block-image is-resized is-style-rounded\"><img decoding=\"async\" src=\"https:\/\/meripelastus.fi\/wp-content\/uploads\/2024\/07\/noun-user-3548801-07244B-1.png\" alt=\"\" class=\"wp-image-16807\" style=\"width:150px\" \/><\/figure>\n\n\n\n<p><em>Alusvastaava<br><\/em><strong>Ari Niskanen<\/strong><br><small><a href=\"mailto:alus.kiviniemi@messi.meripelastus.fi\">alus.kiviniemi(at)messi.meripelastus.fi<\/a><\/small><\/p>\n\n\n\n<ul class=\"wp-block-list\">\n<li>Pelastusalusten huolto ja tekninen kunnossapito<\/li>\n<\/ul>\n<\/div>\n\n\n\n<div class=\"wp-block-column is-layout-flow wp-block-column-is-layout-flow\">\n<figure class=\"wp-block-image size-full is-resized is-style-rounded wp-duotone-unset-6\"><img loading=\"lazy\" decoding=\"async\" width=\"900\" height=\"900\" src=\"https:\/\/meripelastus.fi\/kiviniemi\/wp-content\/uploads\/sites\/13\/2024\/08\/ville-savela.jpeg\" alt=\"\" class=\"wp-image-954\" style=\"width:150px\" srcset=\"https:\/\/meripelastus.fi\/kiviniemi\/wp-content\/uploads\/sites\/13\/2024\/08\/ville-savela.jpeg 900w, https:\/\/meripelastus.fi\/kiviniemi\/wp-content\/uploads\/sites\/13\/2024\/08\/ville-savela-300x300.jpeg 300w, https:\/\/meripelastus.fi\/kiviniemi\/wp-content\/uploads\/sites\/13\/2024\/08\/ville-savela-150x150.jpeg 150w, https:\/\/meripelastus.fi\/kiviniemi\/wp-content\/uploads\/sites\/13\/2024\/08\/ville-savela-768x768.jpeg 768w, https:\/\/meripelastus.fi\/kiviniemi\/wp-content\/uploads\/sites\/13\/2024\/08\/ville-savela-160x160.jpeg 160w\" sizes=\"auto, (max-width: 900px) 100vw, 900px\" \/><\/figure>\n\n\n\n<p><em>Alusvastaava, Pv Venekuume<\/em><br><strong>Ville Savela<\/strong><br><small><a href=\"mailto:alus.kiviniemi@messi.meripelastus.fi\">alus.kiviniemi(at)messi.meripelastus.fi<\/a><\/small><\/p>\n\n\n\n<ul class=\"wp-block-list\">\n<li><a href=\"https:\/\/meripelastus.fi\/kiviniemi\/toiminta\/alukset\/pv-venekuume\/\">Pv Venekuumeen<\/a> huolto ja tekninen kunnossapito<\/li>\n<\/ul>\n<\/div>\n<\/div>\n\n\n\n<div class=\"wp-block-columns has-primary-color has-text-color has-link-color wp-elements-cc21e5c61687c900f0def59dac7f30de is-layout-flex wp-container-core-columns-is-layout-9d6595d7 wp-block-columns-is-layout-flex\">\n<div class=\"wp-block-column is-layout-flow wp-block-column-is-layout-flow\">\n<figure class=\"wp-block-image size-full is-resized is-style-rounded wp-duotone-unset-7\"><img loading=\"lazy\" decoding=\"async\" width=\"700\" height=\"700\" src=\"https:\/\/meripelastus.fi\/kiviniemi\/wp-content\/uploads\/sites\/13\/2024\/08\/emil-astrom.jpeg\" alt=\"\" class=\"wp-image-955\" style=\"width:150px\" srcset=\"https:\/\/meripelastus.fi\/kiviniemi\/wp-content\/uploads\/sites\/13\/2024\/08\/emil-astrom.jpeg 700w, https:\/\/meripelastus.fi\/kiviniemi\/wp-content\/uploads\/sites\/13\/2024\/08\/emil-astrom-300x300.jpeg 300w, https:\/\/meripelastus.fi\/kiviniemi\/wp-content\/uploads\/sites\/13\/2024\/08\/emil-astrom-150x150.jpeg 150w, https:\/\/meripelastus.fi\/kiviniemi\/wp-content\/uploads\/sites\/13\/2024\/08\/emil-astrom-160x160.jpeg 160w\" sizes=\"auto, (max-width: 700px) 100vw, 700px\" \/><\/figure>\n\n\n\n<p><em>Asemavastaava<br><\/em><strong>Emil \u00c5str\u00f6m<\/strong><br><small><a href=\"mailto:asema.kiviniemi@messi.meripelastus.fi\">asema.kiviniemi(at)messi.meripelastus.fi<\/a><\/small><\/p>\n\n\n\n<ul class=\"wp-block-list\">\n<li>Asemarakennuksen huolto ja kunnossapito<\/li>\n<\/ul>\n<\/div>\n\n\n\n<div class=\"wp-block-column is-layout-flow wp-block-column-is-layout-flow\">\n<p><\/p>\n<\/div>\n\n\n\n<div class=\"wp-block-column is-layout-flow wp-block-column-is-layout-flow\"><\/div>\n<\/div>\n","protected":false},"excerpt":{"rendered":"<p>Mik\u00e4li olet v\u00e4litt\u00f6m\u00e4ss\u00e4 h\u00e4d\u00e4ss\u00e4, tee h\u00e4t\u00e4ilmoitus h\u00e4lytysohjeen mukaisesti. Kiviniemen Meripelastusyhdistys Puhelin: 0405376059 (p\u00e4ivystys avovesikaudella)S\u00e4hk\u00f6posti: kiviniemi(at)messi.meripelastus.fi S\u00e4hk\u00f6postiosoitteiden (at) korvataan @-merkill\u00e4. Viralliset s\u00e4hk\u00f6postiosoitteemme p\u00e4\u00e4ttyv\u00e4t @messi.meripelastus.fi tai @sarkiviniemi.fi. J\u00e4sentietojen muuttaminen j\u00e4sentietojen p\u00e4ivityslomakkeella. Pysy kartalla &#8211; Seuraa meit\u00e4 somessa! Liity seuraamme my\u00f6s digitaalisilla aalloilla! Jaamme somekanavillamme aktiivisesti ajankohtaisia kuulumisia ja hy\u00f6dyllisi\u00e4 vinkkej\u00e4 vesill\u00e4 liikkujille. Facebook: Kiviniemen Meripelastusyhdistys ry Instagram: [&hellip;]<\/p>\n","protected":false},"author":1,"featured_media":1301,"parent":0,"menu_order":4,"comment_status":"closed","ping_status":"closed","template":"","meta":{"_acf_changed":false,"inline_featured_image":false,"footnotes":""},"class_list":["post-51","page","type-page","status-publish","has-post-thumbnail","hentry"],"acf":[],"yoast_head":"<!-- This site is optimized with the Yoast SEO Premium plugin v27.2 (Yoast SEO v27.2) - https:\/\/yoast.com\/product\/yoast-seo-premium-wordpress\/ -->\n<title>Yhteystiedot - Kiviniemen Meripelastusyhdistys<\/title>\n<meta name=\"robots\" content=\"index, follow, max-snippet:-1, max-image-preview:large, max-video-preview:-1\" \/>\n<link rel=\"canonical\" href=\"https:\/\/meripelastus.fi\/kiviniemi\/yhteys\/\" \/>\n<meta property=\"og:locale\" content=\"fi_FI\" \/>\n<meta property=\"og:type\" content=\"article\" \/>\n<meta property=\"og:title\" content=\"Yhteystiedot\" \/>\n<meta property=\"og:description\" content=\"Mik\u00e4li olet v\u00e4litt\u00f6m\u00e4ss\u00e4 h\u00e4d\u00e4ss\u00e4, tee h\u00e4t\u00e4ilmoitus h\u00e4lytysohjeen mukaisesti. Kiviniemen Meripelastusyhdistys Puhelin: 0405376059 (p\u00e4ivystys avovesikaudella)S\u00e4hk\u00f6posti: kiviniemi(at)messi.meripelastus.fi S\u00e4hk\u00f6postiosoitteiden (at) korvataan @-merkill\u00e4. Viralliset s\u00e4hk\u00f6postiosoitteemme p\u00e4\u00e4ttyv\u00e4t @messi.meripelastus.fi tai @sarkiviniemi.fi. J\u00e4sentietojen muuttaminen j\u00e4sentietojen p\u00e4ivityslomakkeella. Pysy kartalla &#8211; Seuraa meit\u00e4 somessa! Liity seuraamme my\u00f6s digitaalisilla aalloilla! Jaamme somekanavillamme aktiivisesti ajankohtaisia kuulumisia ja hy\u00f6dyllisi\u00e4 vinkkej\u00e4 vesill\u00e4 liikkujille. Facebook: Kiviniemen Meripelastusyhdistys ry Instagram: [&hellip;]\" \/>\n<meta property=\"og:url\" content=\"https:\/\/meripelastus.fi\/kiviniemi\/yhteys\/\" \/>\n<meta property=\"og:site_name\" content=\"Kiviniemen Meripelastusyhdistys\" \/>\n<meta property=\"article:modified_time\" content=\"2026-03-18T20:12:11+00:00\" \/>\n<meta property=\"og:image\" content=\"https:\/\/meripelastus.fi\/kiviniemi\/wp-content\/uploads\/sites\/13\/2025\/06\/IMG_5140-scaled.jpg\" \/>\n\t<meta property=\"og:image:width\" content=\"2560\" \/>\n\t<meta property=\"og:image:height\" content=\"1707\" \/>\n\t<meta property=\"og:image:type\" content=\"image\/jpeg\" \/>\n<meta name=\"twitter:card\" content=\"summary_large_image\" \/>\n<meta name=\"twitter:label1\" content=\"Arvioitu lukuaika\" \/>\n\t<meta name=\"twitter:data1\" content=\"4 minuuttia\" \/>\n<script type=\"application\/ld+json\" class=\"yoast-schema-graph\">{\"@context\":\"https:\/\/schema.org\",\"@graph\":[{\"@type\":\"WebPage\",\"@id\":\"https:\/\/meripelastus.fi\/kiviniemi\/yhteys\/\",\"url\":\"https:\/\/meripelastus.fi\/kiviniemi\/yhteys\/\",\"name\":\"Yhteystiedot - Kiviniemen Meripelastusyhdistys\",\"isPartOf\":{\"@id\":\"https:\/\/meripelastus.fi\/kiviniemi\/#website\"},\"primaryImageOfPage\":{\"@id\":\"https:\/\/meripelastus.fi\/kiviniemi\/yhteys\/#primaryimage\"},\"image\":{\"@id\":\"https:\/\/meripelastus.fi\/kiviniemi\/yhteys\/#primaryimage\"},\"thumbnailUrl\":\"https:\/\/meripelastus.fi\/kiviniemi\/wp-content\/uploads\/sites\/13\/2025\/06\/IMG_5140-scaled.jpg\",\"datePublished\":\"2018-03-19T07:24:37+00:00\",\"dateModified\":\"2026-03-18T20:12:11+00:00\",\"breadcrumb\":{\"@id\":\"https:\/\/meripelastus.fi\/kiviniemi\/yhteys\/#breadcrumb\"},\"inLanguage\":\"fi\",\"potentialAction\":[{\"@type\":\"ReadAction\",\"target\":[\"https:\/\/meripelastus.fi\/kiviniemi\/yhteys\/\"]}]},{\"@type\":\"ImageObject\",\"inLanguage\":\"fi\",\"@id\":\"https:\/\/meripelastus.fi\/kiviniemi\/yhteys\/#primaryimage\",\"url\":\"https:\/\/meripelastus.fi\/kiviniemi\/wp-content\/uploads\/sites\/13\/2025\/06\/IMG_5140-scaled.jpg\",\"contentUrl\":\"https:\/\/meripelastus.fi\/kiviniemi\/wp-content\/uploads\/sites\/13\/2025\/06\/IMG_5140-scaled.jpg\",\"width\":2560,\"height\":1707},{\"@type\":\"BreadcrumbList\",\"@id\":\"https:\/\/meripelastus.fi\/kiviniemi\/yhteys\/#breadcrumb\",\"itemListElement\":[{\"@type\":\"ListItem\",\"position\":1,\"name\":\"Etusivu\",\"item\":\"https:\/\/meripelastus.fi\/kiviniemi\/\"},{\"@type\":\"ListItem\",\"position\":2,\"name\":\"Yhteystiedot\"}]},{\"@type\":\"WebSite\",\"@id\":\"https:\/\/meripelastus.fi\/kiviniemi\/#website\",\"url\":\"https:\/\/meripelastus.fi\/kiviniemi\/\",\"name\":\"Kiviniemen Meripelastusyhdistys\",\"description\":\"Vapaaehtoiset apunasi vesill\u00e4\",\"potentialAction\":[{\"@type\":\"SearchAction\",\"target\":{\"@type\":\"EntryPoint\",\"urlTemplate\":\"https:\/\/meripelastus.fi\/kiviniemi\/?s={search_term_string}\"},\"query-input\":{\"@type\":\"PropertyValueSpecification\",\"valueRequired\":true,\"valueName\":\"search_term_string\"}}],\"inLanguage\":\"fi\"}]}<\/script>\n<!-- \/ Yoast SEO Premium plugin. -->","yoast_head_json":{"title":"Yhteystiedot - Kiviniemen Meripelastusyhdistys","robots":{"index":"index","follow":"follow","max-snippet":"max-snippet:-1","max-image-preview":"max-image-preview:large","max-video-preview":"max-video-preview:-1"},"canonical":"https:\/\/meripelastus.fi\/kiviniemi\/yhteys\/","og_locale":"fi_FI","og_type":"article","og_title":"Yhteystiedot","og_description":"Mik\u00e4li olet v\u00e4litt\u00f6m\u00e4ss\u00e4 h\u00e4d\u00e4ss\u00e4, tee h\u00e4t\u00e4ilmoitus h\u00e4lytysohjeen mukaisesti. Kiviniemen Meripelastusyhdistys Puhelin: 0405376059 (p\u00e4ivystys avovesikaudella)S\u00e4hk\u00f6posti: kiviniemi(at)messi.meripelastus.fi S\u00e4hk\u00f6postiosoitteiden (at) korvataan @-merkill\u00e4. Viralliset s\u00e4hk\u00f6postiosoitteemme p\u00e4\u00e4ttyv\u00e4t @messi.meripelastus.fi tai @sarkiviniemi.fi. J\u00e4sentietojen muuttaminen j\u00e4sentietojen p\u00e4ivityslomakkeella. Pysy kartalla &#8211; Seuraa meit\u00e4 somessa! Liity seuraamme my\u00f6s digitaalisilla aalloilla! Jaamme somekanavillamme aktiivisesti ajankohtaisia kuulumisia ja hy\u00f6dyllisi\u00e4 vinkkej\u00e4 vesill\u00e4 liikkujille. Facebook: Kiviniemen Meripelastusyhdistys ry Instagram: [&hellip;]","og_url":"https:\/\/meripelastus.fi\/kiviniemi\/yhteys\/","og_site_name":"Kiviniemen Meripelastusyhdistys","article_modified_time":"2026-03-18T20:12:11+00:00","og_image":[{"width":2560,"height":1707,"url":"https:\/\/meripelastus.fi\/kiviniemi\/wp-content\/uploads\/sites\/13\/2025\/06\/IMG_5140-scaled.jpg","type":"image\/jpeg"}],"twitter_card":"summary_large_image","twitter_misc":{"Arvioitu lukuaika":"4 minuuttia"},"schema":{"@context":"https:\/\/schema.org","@graph":[{"@type":"WebPage","@id":"https:\/\/meripelastus.fi\/kiviniemi\/yhteys\/","url":"https:\/\/meripelastus.fi\/kiviniemi\/yhteys\/","name":"Yhteystiedot - Kiviniemen Meripelastusyhdistys","isPartOf":{"@id":"https:\/\/meripelastus.fi\/kiviniemi\/#website"},"primaryImageOfPage":{"@id":"https:\/\/meripelastus.fi\/kiviniemi\/yhteys\/#primaryimage"},"image":{"@id":"https:\/\/meripelastus.fi\/kiviniemi\/yhteys\/#primaryimage"},"thumbnailUrl":"https:\/\/meripelastus.fi\/kiviniemi\/wp-content\/uploads\/sites\/13\/2025\/06\/IMG_5140-scaled.jpg","datePublished":"2018-03-19T07:24:37+00:00","dateModified":"2026-03-18T20:12:11+00:00","breadcrumb":{"@id":"https:\/\/meripelastus.fi\/kiviniemi\/yhteys\/#breadcrumb"},"inLanguage":"fi","potentialAction":[{"@type":"ReadAction","target":["https:\/\/meripelastus.fi\/kiviniemi\/yhteys\/"]}]},{"@type":"ImageObject","inLanguage":"fi","@id":"https:\/\/meripelastus.fi\/kiviniemi\/yhteys\/#primaryimage","url":"https:\/\/meripelastus.fi\/kiviniemi\/wp-content\/uploads\/sites\/13\/2025\/06\/IMG_5140-scaled.jpg","contentUrl":"https:\/\/meripelastus.fi\/kiviniemi\/wp-content\/uploads\/sites\/13\/2025\/06\/IMG_5140-scaled.jpg","width":2560,"height":1707},{"@type":"BreadcrumbList","@id":"https:\/\/meripelastus.fi\/kiviniemi\/yhteys\/#breadcrumb","itemListElement":[{"@type":"ListItem","position":1,"name":"Etusivu","item":"https:\/\/meripelastus.fi\/kiviniemi\/"},{"@type":"ListItem","position":2,"name":"Yhteystiedot"}]},{"@type":"WebSite","@id":"https:\/\/meripelastus.fi\/kiviniemi\/#website","url":"https:\/\/meripelastus.fi\/kiviniemi\/","name":"Kiviniemen Meripelastusyhdistys","description":"Vapaaehtoiset apunasi vesill\u00e4","potentialAction":[{"@type":"SearchAction","target":{"@type":"EntryPoint","urlTemplate":"https:\/\/meripelastus.fi\/kiviniemi\/?s={search_term_string}"},"query-input":{"@type":"PropertyValueSpecification","valueRequired":true,"valueName":"search_term_string"}}],"inLanguage":"fi"}]}},"_links":{"self":[{"href":"https:\/\/meripelastus.fi\/kiviniemi\/wp-json\/wp\/v2\/pages\/51","targetHints":{"allow":["GET"]}}],"collection":[{"href":"https:\/\/meripelastus.fi\/kiviniemi\/wp-json\/wp\/v2\/pages"}],"about":[{"href":"https:\/\/meripelastus.fi\/kiviniemi\/wp-json\/wp\/v2\/types\/page"}],"author":[{"embeddable":true,"href":"https:\/\/meripelastus.fi\/kiviniemi\/wp-json\/wp\/v2\/users\/1"}],"replies":[{"embeddable":true,"href":"https:\/\/meripelastus.fi\/kiviniemi\/wp-json\/wp\/v2\/comments?post=51"}],"version-history":[{"count":173,"href":"https:\/\/meripelastus.fi\/kiviniemi\/wp-json\/wp\/v2\/pages\/51\/revisions"}],"predecessor-version":[{"id":1519,"href":"https:\/\/meripelastus.fi\/kiviniemi\/wp-json\/wp\/v2\/pages\/51\/revisions\/1519"}],"wp:featuredmedia":[{"embeddable":true,"href":"https:\/\/meripelastus.fi\/kiviniemi\/wp-json\/wp\/v2\/media\/1301"}],"wp:attachment":[{"href":"https:\/\/meripelastus.fi\/kiviniemi\/wp-json\/wp\/v2\/media?parent=51"}],"curies":[{"name":"wp","href":"https:\/\/api.w.org\/{rel}","templated":true}]}}