{"id":8,"date":"2018-03-19T09:16:29","date_gmt":"2018-03-19T07:16:29","guid":{"rendered":"http:\/\/basetemplate.smpsyhdistykset.16.testivedos.com\/?page_id=8"},"modified":"2025-01-30T16:11:06","modified_gmt":"2025-01-30T14:11:06","slug":"tietoa-meista","status":"publish","type":"page","link":"https:\/\/meripelastus.fi\/kemionsaari\/fi\/kemionsaaren-meripelastajat\/tietoa-meista\/","title":{"rendered":"Tietoa meist\u00e4"},"content":{"rendered":"<p>Kemi\u00f6nsaaren Meripelastajat ry on vuonna 2015 perustettu <a href=\"https:\/\/meripelastus.fi\/\" target=\"_blank\" rel=\"noopener noreferrer\">Suomen Meripelastusseuran<\/a> j\u00e4senyhdistys. Teemme vapaaehtoista meripelastusty\u00f6t\u00e4 Saaristomerell\u00e4 yhteisty\u00f6ss\u00e4 alueen viranomaisten kanssa.<\/p>\n<p>P\u00e4\u00e4teht\u00e4v\u00e4mme ovat ihmishenkien pelastaminen ja erilaiset avustusteht\u00e4v\u00e4t. Vuonna 2024 teht\u00e4vi\u00e4 oli l\u00e4hes 40 kpl.<\/p>\n<p>Yhdistykseemme kuuluu noin 450 j\u00e4sent\u00e4, joista noin 40 on mukana aktiivitoiminnassa.<\/p>\n","protected":false},"excerpt":{"rendered":"<p>Kemi\u00f6nsaaren Meripelastajat ry on vuonna 2015 perustettu Suomen Meripelastusseuran j\u00e4senyhdistys. Teemme vapaaehtoista meripelastusty\u00f6t\u00e4 Saaristomerell\u00e4 yhteisty\u00f6ss\u00e4 alueen viranomaisten kanssa. P\u00e4\u00e4teht\u00e4v\u00e4mme ovat ihmishenkien pelastaminen ja erilaiset avustusteht\u00e4v\u00e4t. Vuonna 2024 teht\u00e4vi\u00e4 oli l\u00e4hes 40 kpl. Yhdistykseemme kuuluu noin 450 j\u00e4sent\u00e4, joista noin 40 on mukana aktiivitoiminnassa.<\/p>\n","protected":false},"author":1,"featured_media":0,"parent":6,"menu_order":0,"comment_status":"closed","ping_status":"closed","template":"","meta":{"_acf_changed":false,"inline_featured_image":false,"footnotes":""},"class_list":["post-8","page","type-page","status-publish","hentry"],"acf":[],"yoast_head":"<!-- This site is optimized with the Yoast SEO Premium plugin v27.2 (Yoast SEO v27.2) - https:\/\/yoast.com\/product\/yoast-seo-premium-wordpress\/ -->\n<title>Tietoa meist\u00e4 - Kemi\u00f6nsaaren Meripelastajat<\/title>\n<meta name=\"robots\" content=\"index, follow, max-snippet:-1, max-image-preview:large, max-video-preview:-1\" \/>\n<link rel=\"canonical\" href=\"https:\/\/meripelastus.fi\/kemionsaari\/fi\/kemionsaaren-meripelastajat\/tietoa-meista\/\" \/>\n<meta property=\"og:locale\" content=\"sv_SE\" \/>\n<meta property=\"og:type\" content=\"article\" \/>\n<meta property=\"og:title\" content=\"Tietoa meist\u00e4\" \/>\n<meta property=\"og:description\" content=\"Kemi\u00f6nsaaren Meripelastajat ry on vuonna 2015 perustettu Suomen Meripelastusseuran j\u00e4senyhdistys. Teemme vapaaehtoista meripelastusty\u00f6t\u00e4 Saaristomerell\u00e4 yhteisty\u00f6ss\u00e4 alueen viranomaisten kanssa. P\u00e4\u00e4teht\u00e4v\u00e4mme ovat ihmishenkien pelastaminen ja erilaiset avustusteht\u00e4v\u00e4t. Vuonna 2024 teht\u00e4vi\u00e4 oli l\u00e4hes 40 kpl. Yhdistykseemme kuuluu noin 450 j\u00e4sent\u00e4, joista noin 40 on mukana aktiivitoiminnassa.\" \/>\n<meta property=\"og:url\" content=\"https:\/\/meripelastus.fi\/kemionsaari\/fi\/kemionsaaren-meripelastajat\/tietoa-meista\/\" \/>\n<meta property=\"og:site_name\" content=\"Kemi\u00f6nsaaren Meripelastajat\" \/>\n<meta property=\"article:modified_time\" content=\"2025-01-30T14:11:06+00:00\" \/>\n<meta name=\"twitter:card\" content=\"summary_large_image\" \/>\n<meta name=\"twitter:label1\" content=\"Ber\u00e4knad l\u00e4stid\" \/>\n\t<meta name=\"twitter:data1\" content=\"1 minut\" \/>\n<script type=\"application\/ld+json\" class=\"yoast-schema-graph\">{\"@context\":\"https:\/\/schema.org\",\"@graph\":[{\"@type\":\"WebPage\",\"@id\":\"https:\/\/meripelastus.fi\/kemionsaari\/fi\/kemionsaaren-meripelastajat\/tietoa-meista\/\",\"url\":\"https:\/\/meripelastus.fi\/kemionsaari\/fi\/kemionsaaren-meripelastajat\/tietoa-meista\/\",\"name\":\"Tietoa meist\u00e4 - Kemi\u00f6nsaaren Meripelastajat\",\"isPartOf\":{\"@id\":\"https:\/\/meripelastus.fi\/kemionsaari\/#website\"},\"datePublished\":\"2018-03-19T07:16:29+00:00\",\"dateModified\":\"2025-01-30T14:11:06+00:00\",\"breadcrumb\":{\"@id\":\"https:\/\/meripelastus.fi\/kemionsaari\/fi\/kemionsaaren-meripelastajat\/tietoa-meista\/#breadcrumb\"},\"inLanguage\":\"sv-SE\",\"potentialAction\":[{\"@type\":\"ReadAction\",\"target\":[\"https:\/\/meripelastus.fi\/kemionsaari\/fi\/kemionsaaren-meripelastajat\/tietoa-meista\/\"]}]},{\"@type\":\"BreadcrumbList\",\"@id\":\"https:\/\/meripelastus.fi\/kemionsaari\/fi\/kemionsaaren-meripelastajat\/tietoa-meista\/#breadcrumb\",\"itemListElement\":[{\"@type\":\"ListItem\",\"position\":1,\"name\":\"Home\",\"item\":\"https:\/\/meripelastus.fi\/kemionsaari\/\"},{\"@type\":\"ListItem\",\"position\":2,\"name\":\"Kemi\u00f6nsaaren Meripelastajat\",\"item\":\"https:\/\/meripelastus.fi\/kemionsaari\/fi\/kemionsaaren-meripelastajat\/\"},{\"@type\":\"ListItem\",\"position\":3,\"name\":\"Tietoa meist\u00e4\"}]},{\"@type\":\"WebSite\",\"@id\":\"https:\/\/meripelastus.fi\/kemionsaari\/#website\",\"url\":\"https:\/\/meripelastus.fi\/kemionsaari\/\",\"name\":\"Kemi\u00f6nsaaren Meripelastajat\",\"description\":\"Vapaaehtoiset apunasi vesill\u00e4\",\"potentialAction\":[{\"@type\":\"SearchAction\",\"target\":{\"@type\":\"EntryPoint\",\"urlTemplate\":\"https:\/\/meripelastus.fi\/kemionsaari\/?s={search_term_string}\"},\"query-input\":{\"@type\":\"PropertyValueSpecification\",\"valueRequired\":true,\"valueName\":\"search_term_string\"}}],\"inLanguage\":\"sv-SE\"}]}<\/script>\n<!-- \/ Yoast SEO Premium plugin. -->","yoast_head_json":{"title":"Tietoa meist\u00e4 - Kemi\u00f6nsaaren Meripelastajat","robots":{"index":"index","follow":"follow","max-snippet":"max-snippet:-1","max-image-preview":"max-image-preview:large","max-video-preview":"max-video-preview:-1"},"canonical":"https:\/\/meripelastus.fi\/kemionsaari\/fi\/kemionsaaren-meripelastajat\/tietoa-meista\/","og_locale":"sv_SE","og_type":"article","og_title":"Tietoa meist\u00e4","og_description":"Kemi\u00f6nsaaren Meripelastajat ry on vuonna 2015 perustettu Suomen Meripelastusseuran j\u00e4senyhdistys. Teemme vapaaehtoista meripelastusty\u00f6t\u00e4 Saaristomerell\u00e4 yhteisty\u00f6ss\u00e4 alueen viranomaisten kanssa. P\u00e4\u00e4teht\u00e4v\u00e4mme ovat ihmishenkien pelastaminen ja erilaiset avustusteht\u00e4v\u00e4t. Vuonna 2024 teht\u00e4vi\u00e4 oli l\u00e4hes 40 kpl. Yhdistykseemme kuuluu noin 450 j\u00e4sent\u00e4, joista noin 40 on mukana aktiivitoiminnassa.","og_url":"https:\/\/meripelastus.fi\/kemionsaari\/fi\/kemionsaaren-meripelastajat\/tietoa-meista\/","og_site_name":"Kemi\u00f6nsaaren Meripelastajat","article_modified_time":"2025-01-30T14:11:06+00:00","twitter_card":"summary_large_image","twitter_misc":{"Ber\u00e4knad l\u00e4stid":"1 minut"},"schema":{"@context":"https:\/\/schema.org","@graph":[{"@type":"WebPage","@id":"https:\/\/meripelastus.fi\/kemionsaari\/fi\/kemionsaaren-meripelastajat\/tietoa-meista\/","url":"https:\/\/meripelastus.fi\/kemionsaari\/fi\/kemionsaaren-meripelastajat\/tietoa-meista\/","name":"Tietoa meist\u00e4 - Kemi\u00f6nsaaren Meripelastajat","isPartOf":{"@id":"https:\/\/meripelastus.fi\/kemionsaari\/#website"},"datePublished":"2018-03-19T07:16:29+00:00","dateModified":"2025-01-30T14:11:06+00:00","breadcrumb":{"@id":"https:\/\/meripelastus.fi\/kemionsaari\/fi\/kemionsaaren-meripelastajat\/tietoa-meista\/#breadcrumb"},"inLanguage":"sv-SE","potentialAction":[{"@type":"ReadAction","target":["https:\/\/meripelastus.fi\/kemionsaari\/fi\/kemionsaaren-meripelastajat\/tietoa-meista\/"]}]},{"@type":"BreadcrumbList","@id":"https:\/\/meripelastus.fi\/kemionsaari\/fi\/kemionsaaren-meripelastajat\/tietoa-meista\/#breadcrumb","itemListElement":[{"@type":"ListItem","position":1,"name":"Home","item":"https:\/\/meripelastus.fi\/kemionsaari\/"},{"@type":"ListItem","position":2,"name":"Kemi\u00f6nsaaren Meripelastajat","item":"https:\/\/meripelastus.fi\/kemionsaari\/fi\/kemionsaaren-meripelastajat\/"},{"@type":"ListItem","position":3,"name":"Tietoa meist\u00e4"}]},{"@type":"WebSite","@id":"https:\/\/meripelastus.fi\/kemionsaari\/#website","url":"https:\/\/meripelastus.fi\/kemionsaari\/","name":"Kemi\u00f6nsaaren Meripelastajat","description":"Vapaaehtoiset apunasi vesill\u00e4","potentialAction":[{"@type":"SearchAction","target":{"@type":"EntryPoint","urlTemplate":"https:\/\/meripelastus.fi\/kemionsaari\/?s={search_term_string}"},"query-input":{"@type":"PropertyValueSpecification","valueRequired":true,"valueName":"search_term_string"}}],"inLanguage":"sv-SE"}]}},"_links":{"self":[{"href":"https:\/\/meripelastus.fi\/kemionsaari\/wp-json\/wp\/v2\/pages\/8","targetHints":{"allow":["GET"]}}],"collection":[{"href":"https:\/\/meripelastus.fi\/kemionsaari\/wp-json\/wp\/v2\/pages"}],"about":[{"href":"https:\/\/meripelastus.fi\/kemionsaari\/wp-json\/wp\/v2\/types\/page"}],"author":[{"embeddable":true,"href":"https:\/\/meripelastus.fi\/kemionsaari\/wp-json\/wp\/v2\/users\/1"}],"replies":[{"embeddable":true,"href":"https:\/\/meripelastus.fi\/kemionsaari\/wp-json\/wp\/v2\/comments?post=8"}],"version-history":[{"count":10,"href":"https:\/\/meripelastus.fi\/kemionsaari\/wp-json\/wp\/v2\/pages\/8\/revisions"}],"predecessor-version":[{"id":972,"href":"https:\/\/meripelastus.fi\/kemionsaari\/wp-json\/wp\/v2\/pages\/8\/revisions\/972"}],"up":[{"embeddable":true,"href":"https:\/\/meripelastus.fi\/kemionsaari\/wp-json\/wp\/v2\/pages\/6"}],"wp:attachment":[{"href":"https:\/\/meripelastus.fi\/kemionsaari\/wp-json\/wp\/v2\/media?parent=8"}],"curies":[{"name":"wp","href":"https:\/\/api.w.org\/{rel}","templated":true}]}}