{"id":459,"date":"2020-04-20T12:53:26","date_gmt":"2020-04-20T09:53:26","guid":{"rendered":"https:\/\/meripelastus.fi\/kemionsaari-vedos\/?page_id=459"},"modified":"2020-07-04T16:10:30","modified_gmt":"2020-07-04T13:10:30","slug":"trossen-app","status":"publish","type":"page","link":"https:\/\/meripelastus.fi\/kemionsaari\/trossen-app\/","title":{"rendered":"Trossen-app"},"content":{"rendered":"<h3>Trossen-app &#8211; en ny s\u00e4kerhetstill\u00e4mpning i din telefon<\/h3>\n<p>Ladda ner gratis Trossen-appen i din telefon (f\u00f6r tillf\u00e4llet endast p\u00e5 finska). Till ditt f\u00f6rfogande<\/p>\n<h3>S\u00e4kerhetsinformation<\/h3>\n<ul>\n<li>sj\u00f6m\u00e4rken och v\u00e4jningsregler<\/li>\n<li>ljussignaler<\/li>\n<li>anvisningar f\u00f6r n\u00f6dsituationer<\/li>\n<li>n\u00f6dsignaler<\/li>\n<\/ul>\n<h3>Enligt platsinformation den n\u00e4rmsta bel\u00e4gna<\/h3>\n<ul>\n<li>sj\u00f6r\u00e4ddningsstation och -b\u00e5t<\/li>\n<li>s\u00e4kerhetshamn<\/li>\n<\/ul>\n<h3>F\u00e4rdsp\u00e5rning<\/h3>\n<ul>\n<li>dela din plats och rutt<\/li>\n<li>spara din anv\u00e4nda rutt<\/li>\n<\/ul>\n<h3>V\u00e4dertj\u00e4nst<\/h3>\n<h3>Baskarta (passar inte f\u00f6r navigering)<\/h3>\n<h3>N\u00f6dsamtals knapp<\/h3>\n<h3>Till\u00e4ggstj\u00e4nst f\u00f6r Trossen medlemmar &#8211; nyhet dykarflagg<\/h3>\n<p>Den mobiltill\u00e4mpningen i Sj\u00f6r\u00e4ddningss\u00e4llskapets Trossen-medlemstj\u00e4nst erbjuder \u00e4ven ruttplanering d\u00e4r du kan<\/p>\n<ul>\n<li>g\u00f6ra och spara den egna ruttplaneringen och tidtabells system<\/li>\n<li>vid behov kan systemet meddela on tidtallens f\u00f6rsening till valda personer<\/li>\n<li>informationen ges ocks\u00e5 till Sj\u00f6r\u00e4ddningss\u00e4llskapets Trossen-servicecenter och vid behov \u00e4ven till r\u00e4ddningsverken.<\/li>\n<\/ul>\n<p>Registrera dig i tj\u00e4nsten med ditt Trossen-nummer och s\u00e4tt in ditt medlemsnummer i Profil sidans Medlemsnummer rutan samt \u00f6ppna till\u00e4mpningen p\u00e5 nytt. Systemet s\u00f6ker i Sj\u00f6r\u00e4ddningss\u00e4llskapets dataregister din b\u00e5ts uppgifter och \u00f6ppnar till\u00e4ggstj\u00e4nsterna f\u00f6r medlemmar.<\/p>\n<p>Till\u00e4mpningen grundar sig p\u00e5 den internationella Safe Trx-s\u00e4kerhetstill\u00e4mpning och fungerar i iOS och Android baserade smarttelefoner. I Andoid plattor fungerar inte till\u00e4mpningen, men fungerar i iPad om det finns sim-kort i densamma. F\u00f6rs\u00e4kra dig om att s\u00f6kningsresultaten i Apple App Store till\u00e4mningsbutiken \u00e4r under filtret &#8221;endast iPhone&#8221;.<\/p>\n<p>I samarbete med Gr\u00e4nsbevakningsv\u00e4sendet, Meteorologiska Institutet, Trafikledsverket och Seglingsskolan Kes\u00e4purje.<\/p>\n<h3>Ladda Trossen Appen gratis i <a href=\"https:\/\/itunes.apple.com\/fi\/app\/trossi-smps\/id1134520607\" target=\"_blank\" rel=\"noopener noreferrer\">Apple App Store<\/a> eller <a href=\"https:\/\/play.google.com\/store\/apps\/details?id=safetrx.flbi&amp;hl=fi&amp;pcampaignid=MKT-Other-global-all-co-prtnr-py-PartBadge-Mar2515-1\" target=\"_blank\" rel=\"noopener noreferrer\">Google Play butiken<\/a>!<\/h3>\n","protected":false},"excerpt":{"rendered":"<p>Trossen-app &#8211; en ny s\u00e4kerhetstill\u00e4mpning i din telefon Ladda ner gratis Trossen-appen i din telefon (f\u00f6r tillf\u00e4llet endast p\u00e5 finska). Till ditt f\u00f6rfogande S\u00e4kerhetsinformation sj\u00f6m\u00e4rken och v\u00e4jningsregler ljussignaler anvisningar f\u00f6r n\u00f6dsituationer n\u00f6dsignaler Enligt platsinformation den n\u00e4rmsta bel\u00e4gna sj\u00f6r\u00e4ddningsstation och -b\u00e5t s\u00e4kerhetshamn F\u00e4rdsp\u00e5rning dela din plats och rutt spara din anv\u00e4nda rutt V\u00e4dertj\u00e4nst Baskarta (passar inte [&hellip;]<\/p>\n","protected":false},"author":58,"featured_media":0,"parent":0,"menu_order":0,"comment_status":"closed","ping_status":"closed","template":"","meta":{"_acf_changed":false,"inline_featured_image":false,"footnotes":""},"class_list":["post-459","page","type-page","status-publish","hentry"],"acf":[],"yoast_head":"<!-- This site is optimized with the Yoast SEO Premium plugin v27.2 (Yoast SEO v27.2) - https:\/\/yoast.com\/product\/yoast-seo-premium-wordpress\/ -->\n<title>Trossen-app - Kemi\u00f6nsaaren Meripelastajat<\/title>\n<meta name=\"robots\" content=\"index, follow, max-snippet:-1, max-image-preview:large, max-video-preview:-1\" \/>\n<link rel=\"canonical\" href=\"https:\/\/meripelastus.fi\/kemionsaari\/trossen-app\/\" \/>\n<meta property=\"og:locale\" content=\"sv_SE\" \/>\n<meta property=\"og:type\" content=\"article\" \/>\n<meta property=\"og:title\" content=\"Trossen-app\" \/>\n<meta property=\"og:description\" content=\"Trossen-app &#8211; en ny s\u00e4kerhetstill\u00e4mpning i din telefon Ladda ner gratis Trossen-appen i din telefon (f\u00f6r tillf\u00e4llet endast p\u00e5 finska). Till ditt f\u00f6rfogande S\u00e4kerhetsinformation sj\u00f6m\u00e4rken och v\u00e4jningsregler ljussignaler anvisningar f\u00f6r n\u00f6dsituationer n\u00f6dsignaler Enligt platsinformation den n\u00e4rmsta bel\u00e4gna sj\u00f6r\u00e4ddningsstation och -b\u00e5t s\u00e4kerhetshamn F\u00e4rdsp\u00e5rning dela din plats och rutt spara din anv\u00e4nda rutt V\u00e4dertj\u00e4nst Baskarta (passar inte [&hellip;]\" \/>\n<meta property=\"og:url\" content=\"https:\/\/meripelastus.fi\/kemionsaari\/trossen-app\/\" \/>\n<meta property=\"og:site_name\" content=\"Kemi\u00f6nsaaren Meripelastajat\" \/>\n<meta property=\"article:modified_time\" content=\"2020-07-04T13:10:30+00:00\" \/>\n<meta name=\"twitter:card\" content=\"summary_large_image\" \/>\n<meta name=\"twitter:label1\" content=\"Ber\u00e4knad l\u00e4stid\" \/>\n\t<meta name=\"twitter:data1\" content=\"1 minut\" \/>\n<script type=\"application\/ld+json\" class=\"yoast-schema-graph\">{\"@context\":\"https:\/\/schema.org\",\"@graph\":[{\"@type\":\"WebPage\",\"@id\":\"https:\/\/meripelastus.fi\/kemionsaari\/trossen-app\/\",\"url\":\"https:\/\/meripelastus.fi\/kemionsaari\/trossen-app\/\",\"name\":\"Trossen-app - Kemi\u00f6nsaaren Meripelastajat\",\"isPartOf\":{\"@id\":\"https:\/\/meripelastus.fi\/kemionsaari\/#website\"},\"datePublished\":\"2020-04-20T09:53:26+00:00\",\"dateModified\":\"2020-07-04T13:10:30+00:00\",\"breadcrumb\":{\"@id\":\"https:\/\/meripelastus.fi\/kemionsaari\/trossen-app\/#breadcrumb\"},\"inLanguage\":\"sv-SE\",\"potentialAction\":[{\"@type\":\"ReadAction\",\"target\":[\"https:\/\/meripelastus.fi\/kemionsaari\/trossen-app\/\"]}]},{\"@type\":\"BreadcrumbList\",\"@id\":\"https:\/\/meripelastus.fi\/kemionsaari\/trossen-app\/#breadcrumb\",\"itemListElement\":[{\"@type\":\"ListItem\",\"position\":1,\"name\":\"Home\",\"item\":\"https:\/\/meripelastus.fi\/kemionsaari\/\"},{\"@type\":\"ListItem\",\"position\":2,\"name\":\"Trossen-app\"}]},{\"@type\":\"WebSite\",\"@id\":\"https:\/\/meripelastus.fi\/kemionsaari\/#website\",\"url\":\"https:\/\/meripelastus.fi\/kemionsaari\/\",\"name\":\"Kemi\u00f6nsaaren Meripelastajat\",\"description\":\"Vapaaehtoiset apunasi vesill\u00e4\",\"potentialAction\":[{\"@type\":\"SearchAction\",\"target\":{\"@type\":\"EntryPoint\",\"urlTemplate\":\"https:\/\/meripelastus.fi\/kemionsaari\/?s={search_term_string}\"},\"query-input\":{\"@type\":\"PropertyValueSpecification\",\"valueRequired\":true,\"valueName\":\"search_term_string\"}}],\"inLanguage\":\"sv-SE\"}]}<\/script>\n<!-- \/ Yoast SEO Premium plugin. -->","yoast_head_json":{"title":"Trossen-app - Kemi\u00f6nsaaren Meripelastajat","robots":{"index":"index","follow":"follow","max-snippet":"max-snippet:-1","max-image-preview":"max-image-preview:large","max-video-preview":"max-video-preview:-1"},"canonical":"https:\/\/meripelastus.fi\/kemionsaari\/trossen-app\/","og_locale":"sv_SE","og_type":"article","og_title":"Trossen-app","og_description":"Trossen-app &#8211; en ny s\u00e4kerhetstill\u00e4mpning i din telefon Ladda ner gratis Trossen-appen i din telefon (f\u00f6r tillf\u00e4llet endast p\u00e5 finska). Till ditt f\u00f6rfogande S\u00e4kerhetsinformation sj\u00f6m\u00e4rken och v\u00e4jningsregler ljussignaler anvisningar f\u00f6r n\u00f6dsituationer n\u00f6dsignaler Enligt platsinformation den n\u00e4rmsta bel\u00e4gna sj\u00f6r\u00e4ddningsstation och -b\u00e5t s\u00e4kerhetshamn F\u00e4rdsp\u00e5rning dela din plats och rutt spara din anv\u00e4nda rutt V\u00e4dertj\u00e4nst Baskarta (passar inte [&hellip;]","og_url":"https:\/\/meripelastus.fi\/kemionsaari\/trossen-app\/","og_site_name":"Kemi\u00f6nsaaren Meripelastajat","article_modified_time":"2020-07-04T13:10:30+00:00","twitter_card":"summary_large_image","twitter_misc":{"Ber\u00e4knad l\u00e4stid":"1 minut"},"schema":{"@context":"https:\/\/schema.org","@graph":[{"@type":"WebPage","@id":"https:\/\/meripelastus.fi\/kemionsaari\/trossen-app\/","url":"https:\/\/meripelastus.fi\/kemionsaari\/trossen-app\/","name":"Trossen-app - Kemi\u00f6nsaaren Meripelastajat","isPartOf":{"@id":"https:\/\/meripelastus.fi\/kemionsaari\/#website"},"datePublished":"2020-04-20T09:53:26+00:00","dateModified":"2020-07-04T13:10:30+00:00","breadcrumb":{"@id":"https:\/\/meripelastus.fi\/kemionsaari\/trossen-app\/#breadcrumb"},"inLanguage":"sv-SE","potentialAction":[{"@type":"ReadAction","target":["https:\/\/meripelastus.fi\/kemionsaari\/trossen-app\/"]}]},{"@type":"BreadcrumbList","@id":"https:\/\/meripelastus.fi\/kemionsaari\/trossen-app\/#breadcrumb","itemListElement":[{"@type":"ListItem","position":1,"name":"Home","item":"https:\/\/meripelastus.fi\/kemionsaari\/"},{"@type":"ListItem","position":2,"name":"Trossen-app"}]},{"@type":"WebSite","@id":"https:\/\/meripelastus.fi\/kemionsaari\/#website","url":"https:\/\/meripelastus.fi\/kemionsaari\/","name":"Kemi\u00f6nsaaren Meripelastajat","description":"Vapaaehtoiset apunasi vesill\u00e4","potentialAction":[{"@type":"SearchAction","target":{"@type":"EntryPoint","urlTemplate":"https:\/\/meripelastus.fi\/kemionsaari\/?s={search_term_string}"},"query-input":{"@type":"PropertyValueSpecification","valueRequired":true,"valueName":"search_term_string"}}],"inLanguage":"sv-SE"}]}},"_links":{"self":[{"href":"https:\/\/meripelastus.fi\/kemionsaari\/wp-json\/wp\/v2\/pages\/459","targetHints":{"allow":["GET"]}}],"collection":[{"href":"https:\/\/meripelastus.fi\/kemionsaari\/wp-json\/wp\/v2\/pages"}],"about":[{"href":"https:\/\/meripelastus.fi\/kemionsaari\/wp-json\/wp\/v2\/types\/page"}],"author":[{"embeddable":true,"href":"https:\/\/meripelastus.fi\/kemionsaari\/wp-json\/wp\/v2\/users\/58"}],"replies":[{"embeddable":true,"href":"https:\/\/meripelastus.fi\/kemionsaari\/wp-json\/wp\/v2\/comments?post=459"}],"version-history":[{"count":7,"href":"https:\/\/meripelastus.fi\/kemionsaari\/wp-json\/wp\/v2\/pages\/459\/revisions"}],"predecessor-version":[{"id":729,"href":"https:\/\/meripelastus.fi\/kemionsaari\/wp-json\/wp\/v2\/pages\/459\/revisions\/729"}],"wp:attachment":[{"href":"https:\/\/meripelastus.fi\/kemionsaari\/wp-json\/wp\/v2\/media?parent=459"}],"curies":[{"name":"wp","href":"https:\/\/api.w.org\/{rel}","templated":true}]}}