{"id":451,"date":"2020-04-20T12:25:33","date_gmt":"2020-04-20T09:25:33","guid":{"rendered":"https:\/\/meripelastus.fi\/kemionsaari-vedos\/?page_id=451"},"modified":"2020-04-20T12:25:33","modified_gmt":"2020-04-20T09:25:33","slug":"trossi-appi","status":"publish","type":"page","link":"https:\/\/meripelastus.fi\/kemionsaari\/fi\/trossi-appi\/","title":{"rendered":"Trossi-appi"},"content":{"rendered":"<h3>Trossi-appi \u2013 uusi turvallisuussovellus puhelimeesi<\/h3>\n<p>Lataa maksuton Trossi-appi. Saat k\u00e4ytt\u00f6\u00f6si<\/p>\n<h3>Turvallisuustietoa<\/h3>\n<ul>\n<li>merimerkit ja v\u00e4ist\u00e4miss\u00e4\u00e4nn\u00f6t<\/li>\n<li>valotunnukset<\/li>\n<li>h\u00e4t\u00e4tilanneohjeet<\/li>\n<li>h\u00e4t\u00e4merkkioppaan<\/li>\n<\/ul>\n<h3>Paikkatietoon perustuen l\u00e4hin<\/h3>\n<ul>\n<li>meripelastusasema ja -alus<\/li>\n<li>turvasatama<\/li>\n<\/ul>\n<h3>Matkaseuranta<\/h3>\n<ul>\n<li>jaa paikkasi ja reittisi<\/li>\n<li>tallenna kulkemasi reitti<\/li>\n<\/ul>\n<h3>S\u00e4\u00e4palvelu<\/h3>\n<h3>Karttapohja (ei sovellu navigointiin)<\/h3>\n<h3>H\u00e4t\u00e4puhelupainikkeet<\/h3>\n<h3>Trossi-j\u00e4senille lis\u00e4palveluita \u2013 uutuutena sukeltajalippu<\/h3>\n<p>Meripelastusseuran Trossi-j\u00e4senpalveluun kuuluville mobiilisovellus tarjoaa my\u00f6s reittisuunnittelutoiminnon, jolla voi<\/p>\n<ul>\n<li>tehd\u00e4 ja tallentaa oman reittisuunnitelman ja -aikataulun j\u00e4rjestelm\u00e4\u00e4n<\/li>\n<li>haluttaessa j\u00e4rjestelm\u00e4 ilmoittaa aikataulusta my\u00f6h\u00e4stymisest\u00e4 valituille henkil\u00f6ille<\/li>\n<li>tieto v\u00e4littyy my\u00f6s Meripelastusseuran Trossi-palvelukeskukseen ja tarvittaessa pelastusviranomaisille.<\/li>\n<\/ul>\n<p>Rekister\u00f6idy palveluun Trossi-j\u00e4sennumerollasi ja sy\u00f6t\u00e4 j\u00e4sennumerosi Profiili-sivun J\u00e4sennumero-kentt\u00e4\u00e4n ja kirjaudu sovellukseen uudestaan. J\u00e4rjestelm\u00e4 hakee Meripelastusseuran tietokannasta veneesi tiedot ja avaa j\u00e4senille tarkoitetut lis\u00e4palvelut.<\/p>\n<p>Sovellus perustuu kansainv\u00e4liseen SafeTrx-turvallisuussovellukseen ja toimii iOS- ja Android alustoilla \u00e4lypuhelimessa. Android-tableteilla sovellus ei toimi, mutta toimii iPadilla, kunhan tabletissa on SIM-kortti. Varmista, ett\u00e4 Applen App Store -sovelluskaupan hakutulosten suodatusasetuksena on \u201dVain iPhone.\u201d<\/p>\n<p>Yhteisty\u00f6ss\u00e4 Rajavartiolaitos, Ilmatieteen laitos, Liikennevirasto ja Purjehduskoulu Kes\u00e4purje.<\/p>\n<h3>Lataa Trossi-appi ilmaiseksi <a href=\"https:\/\/itunes.apple.com\/fi\/app\/trossi-smps\/id1134520607\" target=\"_blank\" rel=\"noopener noreferrer\">Applen App Storesta<\/a> tai <a href=\"https:\/\/play.google.com\/store\/apps\/details?id=safetrx.flbi&amp;hl=fi&amp;pcampaignid=MKT-Other-global-all-co-prtnr-py-PartBadge-Mar2515-1\" target=\"_blank\" rel=\"noopener noreferrer\">Google Play -kaupasta<\/a>!<\/h3>\n","protected":false},"excerpt":{"rendered":"<p>Trossi-appi \u2013 uusi turvallisuussovellus puhelimeesi Lataa maksuton Trossi-appi. Saat k\u00e4ytt\u00f6\u00f6si Turvallisuustietoa merimerkit ja v\u00e4ist\u00e4miss\u00e4\u00e4nn\u00f6t valotunnukset h\u00e4t\u00e4tilanneohjeet h\u00e4t\u00e4merkkioppaan Paikkatietoon perustuen l\u00e4hin meripelastusasema ja -alus turvasatama Matkaseuranta jaa paikkasi ja reittisi tallenna kulkemasi reitti S\u00e4\u00e4palvelu Karttapohja (ei sovellu navigointiin) H\u00e4t\u00e4puhelupainikkeet Trossi-j\u00e4senille lis\u00e4palveluita \u2013 uutuutena sukeltajalippu Meripelastusseuran Trossi-j\u00e4senpalveluun kuuluville mobiilisovellus tarjoaa my\u00f6s reittisuunnittelutoiminnon, jolla voi tehd\u00e4 ja tallentaa [&hellip;]<\/p>\n","protected":false},"author":58,"featured_media":0,"parent":0,"menu_order":0,"comment_status":"closed","ping_status":"closed","template":"","meta":{"_acf_changed":false,"inline_featured_image":false,"footnotes":""},"class_list":["post-451","page","type-page","status-publish","hentry"],"acf":[],"yoast_head":"<!-- This site is optimized with the Yoast SEO Premium plugin v27.4 (Yoast SEO v27.4) - https:\/\/yoast.com\/product\/yoast-seo-premium-wordpress\/ -->\n<title>Trossi-appi - Kemi\u00f6nsaaren Meripelastajat<\/title>\n<meta name=\"robots\" content=\"index, follow, max-snippet:-1, max-image-preview:large, max-video-preview:-1\" \/>\n<link rel=\"canonical\" href=\"https:\/\/meripelastus.fi\/kemionsaari\/fi\/trossi-appi\/\" \/>\n<meta property=\"og:locale\" content=\"sv_SE\" \/>\n<meta property=\"og:type\" content=\"article\" \/>\n<meta property=\"og:title\" content=\"Trossi-appi\" \/>\n<meta property=\"og:description\" content=\"Trossi-appi \u2013 uusi turvallisuussovellus puhelimeesi Lataa maksuton Trossi-appi. Saat k\u00e4ytt\u00f6\u00f6si Turvallisuustietoa merimerkit ja v\u00e4ist\u00e4miss\u00e4\u00e4nn\u00f6t valotunnukset h\u00e4t\u00e4tilanneohjeet h\u00e4t\u00e4merkkioppaan Paikkatietoon perustuen l\u00e4hin meripelastusasema ja -alus turvasatama Matkaseuranta jaa paikkasi ja reittisi tallenna kulkemasi reitti S\u00e4\u00e4palvelu Karttapohja (ei sovellu navigointiin) H\u00e4t\u00e4puhelupainikkeet Trossi-j\u00e4senille lis\u00e4palveluita \u2013 uutuutena sukeltajalippu Meripelastusseuran Trossi-j\u00e4senpalveluun kuuluville mobiilisovellus tarjoaa my\u00f6s reittisuunnittelutoiminnon, jolla voi tehd\u00e4 ja tallentaa [&hellip;]\" \/>\n<meta property=\"og:url\" content=\"https:\/\/meripelastus.fi\/kemionsaari\/fi\/trossi-appi\/\" \/>\n<meta property=\"og:site_name\" content=\"Kemi\u00f6nsaaren Meripelastajat\" \/>\n<meta name=\"twitter:card\" content=\"summary_large_image\" \/>\n<meta name=\"twitter:label1\" content=\"Ber\u00e4knad l\u00e4stid\" \/>\n\t<meta name=\"twitter:data1\" content=\"1 minut\" \/>\n<script type=\"application\/ld+json\" class=\"yoast-schema-graph\">{\"@context\":\"https:\\\/\\\/schema.org\",\"@graph\":[{\"@type\":\"WebPage\",\"@id\":\"https:\\\/\\\/meripelastus.fi\\\/kemionsaari\\\/fi\\\/trossi-appi\\\/\",\"url\":\"https:\\\/\\\/meripelastus.fi\\\/kemionsaari\\\/fi\\\/trossi-appi\\\/\",\"name\":\"Trossi-appi - Kemi\u00f6nsaaren Meripelastajat\",\"isPartOf\":{\"@id\":\"https:\\\/\\\/meripelastus.fi\\\/kemionsaari\\\/#website\"},\"datePublished\":\"2020-04-20T09:25:33+00:00\",\"breadcrumb\":{\"@id\":\"https:\\\/\\\/meripelastus.fi\\\/kemionsaari\\\/fi\\\/trossi-appi\\\/#breadcrumb\"},\"inLanguage\":\"sv-SE\",\"potentialAction\":[{\"@type\":\"ReadAction\",\"target\":[\"https:\\\/\\\/meripelastus.fi\\\/kemionsaari\\\/fi\\\/trossi-appi\\\/\"]}]},{\"@type\":\"BreadcrumbList\",\"@id\":\"https:\\\/\\\/meripelastus.fi\\\/kemionsaari\\\/fi\\\/trossi-appi\\\/#breadcrumb\",\"itemListElement\":[{\"@type\":\"ListItem\",\"position\":1,\"name\":\"Home\",\"item\":\"https:\\\/\\\/meripelastus.fi\\\/kemionsaari\\\/\"},{\"@type\":\"ListItem\",\"position\":2,\"name\":\"Trossi-appi\"}]},{\"@type\":\"WebSite\",\"@id\":\"https:\\\/\\\/meripelastus.fi\\\/kemionsaari\\\/#website\",\"url\":\"https:\\\/\\\/meripelastus.fi\\\/kemionsaari\\\/\",\"name\":\"Kemi\u00f6nsaaren Meripelastajat\",\"description\":\"Vapaaehtoiset apunasi vesill\u00e4\",\"potentialAction\":[{\"@type\":\"SearchAction\",\"target\":{\"@type\":\"EntryPoint\",\"urlTemplate\":\"https:\\\/\\\/meripelastus.fi\\\/kemionsaari\\\/?s={search_term_string}\"},\"query-input\":{\"@type\":\"PropertyValueSpecification\",\"valueRequired\":true,\"valueName\":\"search_term_string\"}}],\"inLanguage\":\"sv-SE\"}]}<\/script>\n<!-- \/ Yoast SEO Premium plugin. -->","yoast_head_json":{"title":"Trossi-appi - Kemi\u00f6nsaaren Meripelastajat","robots":{"index":"index","follow":"follow","max-snippet":"max-snippet:-1","max-image-preview":"max-image-preview:large","max-video-preview":"max-video-preview:-1"},"canonical":"https:\/\/meripelastus.fi\/kemionsaari\/fi\/trossi-appi\/","og_locale":"sv_SE","og_type":"article","og_title":"Trossi-appi","og_description":"Trossi-appi \u2013 uusi turvallisuussovellus puhelimeesi Lataa maksuton Trossi-appi. Saat k\u00e4ytt\u00f6\u00f6si Turvallisuustietoa merimerkit ja v\u00e4ist\u00e4miss\u00e4\u00e4nn\u00f6t valotunnukset h\u00e4t\u00e4tilanneohjeet h\u00e4t\u00e4merkkioppaan Paikkatietoon perustuen l\u00e4hin meripelastusasema ja -alus turvasatama Matkaseuranta jaa paikkasi ja reittisi tallenna kulkemasi reitti S\u00e4\u00e4palvelu Karttapohja (ei sovellu navigointiin) H\u00e4t\u00e4puhelupainikkeet Trossi-j\u00e4senille lis\u00e4palveluita \u2013 uutuutena sukeltajalippu Meripelastusseuran Trossi-j\u00e4senpalveluun kuuluville mobiilisovellus tarjoaa my\u00f6s reittisuunnittelutoiminnon, jolla voi tehd\u00e4 ja tallentaa [&hellip;]","og_url":"https:\/\/meripelastus.fi\/kemionsaari\/fi\/trossi-appi\/","og_site_name":"Kemi\u00f6nsaaren Meripelastajat","twitter_card":"summary_large_image","twitter_misc":{"Ber\u00e4knad l\u00e4stid":"1 minut"},"schema":{"@context":"https:\/\/schema.org","@graph":[{"@type":"WebPage","@id":"https:\/\/meripelastus.fi\/kemionsaari\/fi\/trossi-appi\/","url":"https:\/\/meripelastus.fi\/kemionsaari\/fi\/trossi-appi\/","name":"Trossi-appi - Kemi\u00f6nsaaren Meripelastajat","isPartOf":{"@id":"https:\/\/meripelastus.fi\/kemionsaari\/#website"},"datePublished":"2020-04-20T09:25:33+00:00","breadcrumb":{"@id":"https:\/\/meripelastus.fi\/kemionsaari\/fi\/trossi-appi\/#breadcrumb"},"inLanguage":"sv-SE","potentialAction":[{"@type":"ReadAction","target":["https:\/\/meripelastus.fi\/kemionsaari\/fi\/trossi-appi\/"]}]},{"@type":"BreadcrumbList","@id":"https:\/\/meripelastus.fi\/kemionsaari\/fi\/trossi-appi\/#breadcrumb","itemListElement":[{"@type":"ListItem","position":1,"name":"Home","item":"https:\/\/meripelastus.fi\/kemionsaari\/"},{"@type":"ListItem","position":2,"name":"Trossi-appi"}]},{"@type":"WebSite","@id":"https:\/\/meripelastus.fi\/kemionsaari\/#website","url":"https:\/\/meripelastus.fi\/kemionsaari\/","name":"Kemi\u00f6nsaaren Meripelastajat","description":"Vapaaehtoiset apunasi vesill\u00e4","potentialAction":[{"@type":"SearchAction","target":{"@type":"EntryPoint","urlTemplate":"https:\/\/meripelastus.fi\/kemionsaari\/?s={search_term_string}"},"query-input":{"@type":"PropertyValueSpecification","valueRequired":true,"valueName":"search_term_string"}}],"inLanguage":"sv-SE"}]}},"_links":{"self":[{"href":"https:\/\/meripelastus.fi\/kemionsaari\/wp-json\/wp\/v2\/pages\/451","targetHints":{"allow":["GET"]}}],"collection":[{"href":"https:\/\/meripelastus.fi\/kemionsaari\/wp-json\/wp\/v2\/pages"}],"about":[{"href":"https:\/\/meripelastus.fi\/kemionsaari\/wp-json\/wp\/v2\/types\/page"}],"author":[{"embeddable":true,"href":"https:\/\/meripelastus.fi\/kemionsaari\/wp-json\/wp\/v2\/users\/58"}],"replies":[{"embeddable":true,"href":"https:\/\/meripelastus.fi\/kemionsaari\/wp-json\/wp\/v2\/comments?post=451"}],"version-history":[{"count":1,"href":"https:\/\/meripelastus.fi\/kemionsaari\/wp-json\/wp\/v2\/pages\/451\/revisions"}],"predecessor-version":[{"id":452,"href":"https:\/\/meripelastus.fi\/kemionsaari\/wp-json\/wp\/v2\/pages\/451\/revisions\/452"}],"wp:attachment":[{"href":"https:\/\/meripelastus.fi\/kemionsaari\/wp-json\/wp\/v2\/media?parent=451"}],"curies":[{"name":"wp","href":"https:\/\/api.w.org\/{rel}","templated":true}]}}