{"id":35,"date":"2024-04-02T14:00:50","date_gmt":"2024-04-02T11:00:50","guid":{"rendered":"https:\/\/meripelastus.fi\/kainuu-vedos\/?page_id=35"},"modified":"2026-03-27T15:58:09","modified_gmt":"2026-03-27T13:58:09","slug":"lahjoita","status":"publish","type":"page","link":"https:\/\/meripelastus.fi\/kainuu\/tue-toimintaa\/lahjoita\/","title":{"rendered":"Lahjoita"},"content":{"rendered":"\n<p><\/p>\n\n\n\n<p>Hei!<\/p>\n\n\n\n<p>Toimimme vapaaehtoisesti ja palkkioita saamatta. Jotta voimme tehd\u00e4 t\u00e4t\u00e4 ensiarvoisen t\u00e4rke\u00e4\u00e4 teht\u00e4v\u00e4\u00e4 tarvitsemme kulujen kattamiseksi vapaaehtoisia lahjoituksia.<br><br>Lahjoitukset ja j\u00e4senmaksut ovat seuralle t\u00e4rke\u00e4 tulonl\u00e4hde. Niill\u00e4 hankitaan muun muassa pelastus- ja turvallisuusvarusteita sek\u00e4 koulutetaan vapaaehtoisia meri- ja j\u00e4rvipelastajia. J\u00e4senmaksulla tuet my\u00f6s valitsemasi paikallisyhdistyksen toimintaa. <br><br>Aiemmin Trossi-\u200bnime\u00e4 k\u00e4ytt\u00e4nyt Meripelastusseuran j\u00e4senpalvelu on uudistunut. J\u00e4senpalvelu on entist\u00e4 monipuolisempi ja se tunnetaan jatkossa nimell\u00e4 <strong>Meripelastusseura Plus<\/strong> tai <strong>Meripelastusseura Premium<\/strong>. Meripelastusseura Plus tai Premium j\u00e4senen\u00e4 olet mukana varmistamassa, ett\u00e4 vapaaehtoiset pelastajat pysyv\u00e4t vesill\u00e4 kaikkien vesill\u00e4 liikkujien turvana.<\/p>\n\n\n\n<p><br><br>Voit tukea toimintaamme erilaisin menetelmin. Ota reilusti yhteytt\u00e4 puheenjohtajaan. <br>Yhteystiedot <a href=\"https:\/\/meripelastus.fi\/kainuu\/yhteystiedot\/\" id=\"https:\/\/meripelastus.fi\/kainuu\/yhteystiedot\/\">https:\/\/meripelastus.fi\/kainuu\/yhteystiedot\/<\/a><\/p>\n\n\n\n<p><\/p>\n\n\n\n<p>J\u00e4seneksi voit liitty\u00e4 alla olevan linkin kautta.<br><a href=\"https:\/\/meripelastus.fi\/jasenyys\/liittymislomakkeet\/\" target=\"_blank\" rel=\"noreferrer noopener\">Liity j\u00e4seneksi t\u00e4st\u00e4<\/a><\/p>\n\n\n\n<p>Liity Meripelastusseura Plus tai Meripelastusseura Premium j\u00e4seneksi alla olevasta linkist\u00e4 jo t\u00e4n\u00e4\u00e4n!<br><a href=\"https:\/\/trossi.fi\/\" target=\"_blank\" rel=\"noreferrer noopener\">https:\/\/meripelastus.fi\/jaseneksi\/<\/a><\/p>\n\n\n\n<p><\/p>\n","protected":false},"excerpt":{"rendered":"<p>Hei! Toimimme vapaaehtoisesti ja palkkioita saamatta. Jotta voimme tehd\u00e4 t\u00e4t\u00e4 ensiarvoisen t\u00e4rke\u00e4\u00e4 teht\u00e4v\u00e4\u00e4 tarvitsemme kulujen kattamiseksi vapaaehtoisia lahjoituksia. Lahjoitukset ja j\u00e4senmaksut ovat seuralle t\u00e4rke\u00e4 tulonl\u00e4hde. Niill\u00e4 hankitaan muun muassa pelastus- ja turvallisuusvarusteita sek\u00e4 koulutetaan vapaaehtoisia meri- ja j\u00e4rvipelastajia. J\u00e4senmaksulla tuet my\u00f6s valitsemasi paikallisyhdistyksen toimintaa. Aiemmin Trossi-\u200bnime\u00e4 k\u00e4ytt\u00e4nyt Meripelastusseuran j\u00e4senpalvelu on uudistunut. J\u00e4senpalvelu on entist\u00e4 monipuolisempi [&hellip;]<\/p>\n","protected":false},"author":1,"featured_media":0,"parent":32,"menu_order":0,"comment_status":"closed","ping_status":"closed","template":"","meta":{"_acf_changed":false,"inline_featured_image":false,"footnotes":""},"class_list":["post-35","page","type-page","status-publish","hentry"],"acf":[],"yoast_head":"<!-- This site is optimized with the Yoast SEO Premium plugin v27.2 (Yoast SEO v27.2) - https:\/\/yoast.com\/product\/yoast-seo-premium-wordpress\/ -->\n<title>Lahjoita - Kainuun j\u00e4rvipelastajat<\/title>\n<meta name=\"robots\" content=\"index, follow, max-snippet:-1, max-image-preview:large, max-video-preview:-1\" \/>\n<link rel=\"canonical\" href=\"https:\/\/meripelastus.fi\/kainuu\/tue-toimintaa\/lahjoita\/\" \/>\n<meta property=\"og:locale\" content=\"fi_FI\" \/>\n<meta property=\"og:type\" content=\"article\" \/>\n<meta property=\"og:title\" content=\"Lahjoita\" \/>\n<meta property=\"og:description\" content=\"Hei! Toimimme vapaaehtoisesti ja palkkioita saamatta. Jotta voimme tehd\u00e4 t\u00e4t\u00e4 ensiarvoisen t\u00e4rke\u00e4\u00e4 teht\u00e4v\u00e4\u00e4 tarvitsemme kulujen kattamiseksi vapaaehtoisia lahjoituksia. Lahjoitukset ja j\u00e4senmaksut ovat seuralle t\u00e4rke\u00e4 tulonl\u00e4hde. Niill\u00e4 hankitaan muun muassa pelastus- ja turvallisuusvarusteita sek\u00e4 koulutetaan vapaaehtoisia meri- ja j\u00e4rvipelastajia. J\u00e4senmaksulla tuet my\u00f6s valitsemasi paikallisyhdistyksen toimintaa. Aiemmin Trossi-\u200bnime\u00e4 k\u00e4ytt\u00e4nyt Meripelastusseuran j\u00e4senpalvelu on uudistunut. J\u00e4senpalvelu on entist\u00e4 monipuolisempi [&hellip;]\" \/>\n<meta property=\"og:url\" content=\"https:\/\/meripelastus.fi\/kainuu\/tue-toimintaa\/lahjoita\/\" \/>\n<meta property=\"og:site_name\" content=\"Kainuun j\u00e4rvipelastajat\" \/>\n<meta property=\"article:modified_time\" content=\"2026-03-27T13:58:09+00:00\" \/>\n<meta name=\"twitter:card\" content=\"summary_large_image\" \/>\n<meta name=\"twitter:label1\" content=\"Arvioitu lukuaika\" \/>\n\t<meta name=\"twitter:data1\" content=\"1 minuutti\" \/>\n<script type=\"application\/ld+json\" class=\"yoast-schema-graph\">{\"@context\":\"https:\/\/schema.org\",\"@graph\":[{\"@type\":\"WebPage\",\"@id\":\"https:\/\/meripelastus.fi\/kainuu\/tue-toimintaa\/lahjoita\/\",\"url\":\"https:\/\/meripelastus.fi\/kainuu\/tue-toimintaa\/lahjoita\/\",\"name\":\"Lahjoita - Kainuun j\u00e4rvipelastajat\",\"isPartOf\":{\"@id\":\"https:\/\/meripelastus.fi\/kainuu\/#website\"},\"datePublished\":\"2024-04-02T11:00:50+00:00\",\"dateModified\":\"2026-03-27T13:58:09+00:00\",\"breadcrumb\":{\"@id\":\"https:\/\/meripelastus.fi\/kainuu\/tue-toimintaa\/lahjoita\/#breadcrumb\"},\"inLanguage\":\"fi\",\"potentialAction\":[{\"@type\":\"ReadAction\",\"target\":[\"https:\/\/meripelastus.fi\/kainuu\/tue-toimintaa\/lahjoita\/\"]}]},{\"@type\":\"BreadcrumbList\",\"@id\":\"https:\/\/meripelastus.fi\/kainuu\/tue-toimintaa\/lahjoita\/#breadcrumb\",\"itemListElement\":[{\"@type\":\"ListItem\",\"position\":1,\"name\":\"Etusivu\",\"item\":\"https:\/\/meripelastus.fi\/kainuu\/\"},{\"@type\":\"ListItem\",\"position\":2,\"name\":\"Tue toimintaa\",\"item\":\"https:\/\/meripelastus.fi\/kainuu\/tue-toimintaa\/\"},{\"@type\":\"ListItem\",\"position\":3,\"name\":\"Lahjoita\"}]},{\"@type\":\"WebSite\",\"@id\":\"https:\/\/meripelastus.fi\/kainuu\/#website\",\"url\":\"https:\/\/meripelastus.fi\/kainuu\/\",\"name\":\"Kainuun j\u00e4rvipelastajat\",\"description\":\"Vapaaehtoiset apunasi vesill\u00e4\",\"potentialAction\":[{\"@type\":\"SearchAction\",\"target\":{\"@type\":\"EntryPoint\",\"urlTemplate\":\"https:\/\/meripelastus.fi\/kainuu\/?s={search_term_string}\"},\"query-input\":{\"@type\":\"PropertyValueSpecification\",\"valueRequired\":true,\"valueName\":\"search_term_string\"}}],\"inLanguage\":\"fi\"}]}<\/script>\n<!-- \/ Yoast SEO Premium plugin. -->","yoast_head_json":{"title":"Lahjoita - Kainuun j\u00e4rvipelastajat","robots":{"index":"index","follow":"follow","max-snippet":"max-snippet:-1","max-image-preview":"max-image-preview:large","max-video-preview":"max-video-preview:-1"},"canonical":"https:\/\/meripelastus.fi\/kainuu\/tue-toimintaa\/lahjoita\/","og_locale":"fi_FI","og_type":"article","og_title":"Lahjoita","og_description":"Hei! Toimimme vapaaehtoisesti ja palkkioita saamatta. Jotta voimme tehd\u00e4 t\u00e4t\u00e4 ensiarvoisen t\u00e4rke\u00e4\u00e4 teht\u00e4v\u00e4\u00e4 tarvitsemme kulujen kattamiseksi vapaaehtoisia lahjoituksia. Lahjoitukset ja j\u00e4senmaksut ovat seuralle t\u00e4rke\u00e4 tulonl\u00e4hde. Niill\u00e4 hankitaan muun muassa pelastus- ja turvallisuusvarusteita sek\u00e4 koulutetaan vapaaehtoisia meri- ja j\u00e4rvipelastajia. J\u00e4senmaksulla tuet my\u00f6s valitsemasi paikallisyhdistyksen toimintaa. Aiemmin Trossi-\u200bnime\u00e4 k\u00e4ytt\u00e4nyt Meripelastusseuran j\u00e4senpalvelu on uudistunut. J\u00e4senpalvelu on entist\u00e4 monipuolisempi [&hellip;]","og_url":"https:\/\/meripelastus.fi\/kainuu\/tue-toimintaa\/lahjoita\/","og_site_name":"Kainuun j\u00e4rvipelastajat","article_modified_time":"2026-03-27T13:58:09+00:00","twitter_card":"summary_large_image","twitter_misc":{"Arvioitu lukuaika":"1 minuutti"},"schema":{"@context":"https:\/\/schema.org","@graph":[{"@type":"WebPage","@id":"https:\/\/meripelastus.fi\/kainuu\/tue-toimintaa\/lahjoita\/","url":"https:\/\/meripelastus.fi\/kainuu\/tue-toimintaa\/lahjoita\/","name":"Lahjoita - Kainuun j\u00e4rvipelastajat","isPartOf":{"@id":"https:\/\/meripelastus.fi\/kainuu\/#website"},"datePublished":"2024-04-02T11:00:50+00:00","dateModified":"2026-03-27T13:58:09+00:00","breadcrumb":{"@id":"https:\/\/meripelastus.fi\/kainuu\/tue-toimintaa\/lahjoita\/#breadcrumb"},"inLanguage":"fi","potentialAction":[{"@type":"ReadAction","target":["https:\/\/meripelastus.fi\/kainuu\/tue-toimintaa\/lahjoita\/"]}]},{"@type":"BreadcrumbList","@id":"https:\/\/meripelastus.fi\/kainuu\/tue-toimintaa\/lahjoita\/#breadcrumb","itemListElement":[{"@type":"ListItem","position":1,"name":"Etusivu","item":"https:\/\/meripelastus.fi\/kainuu\/"},{"@type":"ListItem","position":2,"name":"Tue toimintaa","item":"https:\/\/meripelastus.fi\/kainuu\/tue-toimintaa\/"},{"@type":"ListItem","position":3,"name":"Lahjoita"}]},{"@type":"WebSite","@id":"https:\/\/meripelastus.fi\/kainuu\/#website","url":"https:\/\/meripelastus.fi\/kainuu\/","name":"Kainuun j\u00e4rvipelastajat","description":"Vapaaehtoiset apunasi vesill\u00e4","potentialAction":[{"@type":"SearchAction","target":{"@type":"EntryPoint","urlTemplate":"https:\/\/meripelastus.fi\/kainuu\/?s={search_term_string}"},"query-input":{"@type":"PropertyValueSpecification","valueRequired":true,"valueName":"search_term_string"}}],"inLanguage":"fi"}]}},"_links":{"self":[{"href":"https:\/\/meripelastus.fi\/kainuu\/wp-json\/wp\/v2\/pages\/35","targetHints":{"allow":["GET"]}}],"collection":[{"href":"https:\/\/meripelastus.fi\/kainuu\/wp-json\/wp\/v2\/pages"}],"about":[{"href":"https:\/\/meripelastus.fi\/kainuu\/wp-json\/wp\/v2\/types\/page"}],"author":[{"embeddable":true,"href":"https:\/\/meripelastus.fi\/kainuu\/wp-json\/wp\/v2\/users\/1"}],"replies":[{"embeddable":true,"href":"https:\/\/meripelastus.fi\/kainuu\/wp-json\/wp\/v2\/comments?post=35"}],"version-history":[{"count":12,"href":"https:\/\/meripelastus.fi\/kainuu\/wp-json\/wp\/v2\/pages\/35\/revisions"}],"predecessor-version":[{"id":199,"href":"https:\/\/meripelastus.fi\/kainuu\/wp-json\/wp\/v2\/pages\/35\/revisions\/199"}],"up":[{"embeddable":true,"href":"https:\/\/meripelastus.fi\/kainuu\/wp-json\/wp\/v2\/pages\/32"}],"wp:attachment":[{"href":"https:\/\/meripelastus.fi\/kainuu\/wp-json\/wp\/v2\/media?parent=35"}],"curies":[{"name":"wp","href":"https:\/\/api.w.org\/{rel}","templated":true}]}}