{"id":910,"date":"2023-01-25T20:21:27","date_gmt":"2023-01-25T18:21:27","guid":{"rendered":"https:\/\/meripelastus.fi\/jyvaskyla\/?page_id=910"},"modified":"2025-12-28T22:15:47","modified_gmt":"2025-12-28T20:15:47","slug":"yhteystiedot","status":"publish","type":"page","link":"https:\/\/meripelastus.fi\/jyvaskyla\/yhteystiedot\/","title":{"rendered":"Yhteystiedot"},"content":{"rendered":"\n<p><strong>J\u00e4senasiat SMPS<\/strong><br>\n040 052 9118<\/p>\n\n\n\n<p><strong>PV L\u00e4hitapiola<\/strong><br>\n040 015 8310<\/p>\n\n\n\n<p><strong>PV Korpilahti<br><\/strong>\n040 013 2777<\/p>\n\n\n\n<p><strong>Facebook<\/strong><br>\n<a href=\"https:\/\/www.facebook.com\/jyvaskylanjarvipelastajat\/\" target=\"_blank\" rel=\"noopener noreferrer\">SMPS Jyv\u00e4skyl\u00e4n j\u00e4rvipelastajat<\/a><\/p>\n\n\n\n<p><strong>Kotisatama ja laskutusosoite<\/strong><br>\nJyv\u00e4skyl\u00e4n J\u00e4rvipelastajat ry<br>\nNoukanniementie 99<br>\n40820 HAAPANIEMI<\/p>\n\n\n\n<p> <\/p>\n\n\n\n<p> <\/p>\n\n\n\n<div class=\"wp-block-columns is-layout-flex wp-container-core-columns-is-layout-9d6595d7 wp-block-columns-is-layout-flex\">\n<div class=\"wp-block-column is-vertically-aligned-center is-layout-flow wp-block-column-is-layout-flow\" style=\"flex-basis:20%\">\n<figure class=\"wp-block-image is-resized\"><img loading=\"lazy\" decoding=\"async\" width=\"415\" height=\"402\" src=\"https:\/\/meripelastus.fi\/jyvaskyla\/wp-content\/uploads\/sites\/2\/2023\/01\/kaitsu.jpeg\" alt=\"\" class=\"wp-image-911\" style=\"aspect-ratio:1.0323773991622036;width:251px;height:auto\" srcset=\"https:\/\/meripelastus.fi\/jyvaskyla\/wp-content\/uploads\/sites\/2\/2023\/01\/kaitsu.jpeg 415w, https:\/\/meripelastus.fi\/jyvaskyla\/wp-content\/uploads\/sites\/2\/2023\/01\/kaitsu-300x291.jpeg 300w\" sizes=\"auto, (max-width: 415px) 100vw, 415px\" \/><\/figure>\n<\/div>\n\n\n\n<div class=\"wp-block-column is-layout-flow wp-block-column-is-layout-flow\" style=\"flex-basis:80%\">\n<p><strong><em>Puheenjohtaja<\/em><\/strong><br>\nKaj Nummelin<br>\n0456050747<br>\nmskavaljeeri@gmail.com<\/p>\n<\/div>\n<\/div>\n\n\n\n<div class=\"wp-block-columns is-layout-flex wp-container-core-columns-is-layout-9d6595d7 wp-block-columns-is-layout-flex\">\n<div class=\"wp-block-column is-layout-flow wp-block-column-is-layout-flow\" style=\"flex-basis:20%\">\n<figure class=\"wp-block-image is-resized\"><img loading=\"lazy\" decoding=\"async\" width=\"256\" height=\"300\" src=\"https:\/\/meripelastus.fi\/jyvaskyla\/wp-content\/uploads\/sites\/2\/2025\/03\/Unknown-1-e1742654884727-256x300.jpeg\" alt=\"\" class=\"wp-image-1165\" style=\"width:250px\" srcset=\"https:\/\/meripelastus.fi\/jyvaskyla\/wp-content\/uploads\/sites\/2\/2025\/03\/Unknown-1-e1742654884727-256x300.jpeg 256w, https:\/\/meripelastus.fi\/jyvaskyla\/wp-content\/uploads\/sites\/2\/2025\/03\/Unknown-1-e1742654884727-875x1024.jpeg 875w, https:\/\/meripelastus.fi\/jyvaskyla\/wp-content\/uploads\/sites\/2\/2025\/03\/Unknown-1-e1742654884727-768x899.jpeg 768w, https:\/\/meripelastus.fi\/jyvaskyla\/wp-content\/uploads\/sites\/2\/2025\/03\/Unknown-1-e1742654884727.jpeg 1080w\" sizes=\"auto, (max-width: 256px) 100vw, 256px\" \/><\/figure>\n<\/div>\n\n\n\n<div class=\"wp-block-column is-layout-flow wp-block-column-is-layout-flow\" style=\"flex-basis:80%\">\n<p><strong><em>Tulokasvastaava \/ Koulutusvastaava<\/em><\/strong><br>\nTomi Hyyti\u00e4inen<br>\n0456311708<br>\ntulokasvastaava@jyvaskylanjarvipelastajat.fi<br>\nkoulutusvastaava@jyvaskylanjarvipelastajat.fi<\/p>\n<\/div>\n<\/div>\n\n\n\n<p><\/p>\n\n\n\n<p><\/p>\n","protected":false},"excerpt":{"rendered":"<p>J\u00e4senasiat SMPS 040 052 9118 PV L\u00e4hitapiola 040 015 8310 PV Korpilahti 040 013 2777 Facebook SMPS Jyv\u00e4skyl\u00e4n j\u00e4rvipelastajat Kotisatama ja laskutusosoite Jyv\u00e4skyl\u00e4n J\u00e4rvipelastajat ry Noukanniementie 99 40820 HAAPANIEMI Puheenjohtaja Kaj Nummelin 0456050747 mskavaljeeri@gmail.com Tulokasvastaava \/ Koulutusvastaava Tomi Hyyti\u00e4inen 0456311708 tulokasvastaava@jyvaskylanjarvipelastajat.fi koulutusvastaava@jyvaskylanjarvipelastajat.fi<\/p>\n","protected":false},"author":6,"featured_media":829,"parent":0,"menu_order":0,"comment_status":"closed","ping_status":"closed","template":"","meta":{"_acf_changed":false,"inline_featured_image":false,"footnotes":""},"class_list":["post-910","page","type-page","status-publish","has-post-thumbnail","hentry"],"acf":[],"yoast_head":"<!-- This site is optimized with the Yoast SEO Premium plugin v27.2 (Yoast SEO v27.2) - https:\/\/yoast.com\/product\/yoast-seo-premium-wordpress\/ -->\n<title>Yhteystiedot - Jyv\u00e4skyl\u00e4n j\u00e4rvipelastajat<\/title>\n<meta name=\"robots\" content=\"index, follow, max-snippet:-1, max-image-preview:large, max-video-preview:-1\" \/>\n<link rel=\"canonical\" href=\"https:\/\/meripelastus.fi\/jyvaskyla\/yhteystiedot\/\" \/>\n<meta property=\"og:locale\" content=\"fi_FI\" \/>\n<meta property=\"og:type\" content=\"article\" \/>\n<meta property=\"og:title\" content=\"Yhteystiedot\" \/>\n<meta property=\"og:description\" content=\"J\u00e4senasiat SMPS 040 052 9118 PV L\u00e4hitapiola 040 015 8310 PV Korpilahti 040 013 2777 Facebook SMPS Jyv\u00e4skyl\u00e4n j\u00e4rvipelastajat Kotisatama ja laskutusosoite Jyv\u00e4skyl\u00e4n J\u00e4rvipelastajat ry Noukanniementie 99 40820 HAAPANIEMI Puheenjohtaja Kaj Nummelin 0456050747 mskavaljeeri@gmail.com Tulokasvastaava \/ Koulutusvastaava Tomi Hyyti\u00e4inen 0456311708 tulokasvastaava@jyvaskylanjarvipelastajat.fi koulutusvastaava@jyvaskylanjarvipelastajat.fi\" \/>\n<meta property=\"og:url\" content=\"https:\/\/meripelastus.fi\/jyvaskyla\/yhteystiedot\/\" \/>\n<meta property=\"og:site_name\" content=\"Jyv\u00e4skyl\u00e4n j\u00e4rvipelastajat\" \/>\n<meta property=\"article:modified_time\" content=\"2025-12-28T20:15:47+00:00\" \/>\n<meta property=\"og:image\" content=\"https:\/\/meripelastus.fi\/jyvaskyla\/wp-content\/uploads\/sites\/2\/2018\/04\/21433183_833235450177289_2782244325879407841_n.jpg\" \/>\n\t<meta property=\"og:image:width\" content=\"960\" \/>\n\t<meta property=\"og:image:height\" content=\"720\" \/>\n\t<meta property=\"og:image:type\" content=\"image\/jpeg\" \/>\n<meta name=\"twitter:card\" content=\"summary_large_image\" \/>\n<meta name=\"twitter:label1\" content=\"Arvioitu lukuaika\" \/>\n\t<meta name=\"twitter:data1\" content=\"1 minuutti\" \/>\n<script type=\"application\/ld+json\" class=\"yoast-schema-graph\">{\"@context\":\"https:\/\/schema.org\",\"@graph\":[{\"@type\":\"WebPage\",\"@id\":\"https:\/\/meripelastus.fi\/jyvaskyla\/yhteystiedot\/\",\"url\":\"https:\/\/meripelastus.fi\/jyvaskyla\/yhteystiedot\/\",\"name\":\"Yhteystiedot - Jyv\u00e4skyl\u00e4n j\u00e4rvipelastajat\",\"isPartOf\":{\"@id\":\"https:\/\/meripelastus.fi\/jyvaskyla\/#website\"},\"primaryImageOfPage\":{\"@id\":\"https:\/\/meripelastus.fi\/jyvaskyla\/yhteystiedot\/#primaryimage\"},\"image\":{\"@id\":\"https:\/\/meripelastus.fi\/jyvaskyla\/yhteystiedot\/#primaryimage\"},\"thumbnailUrl\":\"https:\/\/meripelastus.fi\/jyvaskyla\/wp-content\/uploads\/sites\/2\/2018\/04\/21433183_833235450177289_2782244325879407841_n.jpg\",\"datePublished\":\"2023-01-25T18:21:27+00:00\",\"dateModified\":\"2025-12-28T20:15:47+00:00\",\"breadcrumb\":{\"@id\":\"https:\/\/meripelastus.fi\/jyvaskyla\/yhteystiedot\/#breadcrumb\"},\"inLanguage\":\"fi\",\"potentialAction\":[{\"@type\":\"ReadAction\",\"target\":[\"https:\/\/meripelastus.fi\/jyvaskyla\/yhteystiedot\/\"]}]},{\"@type\":\"ImageObject\",\"inLanguage\":\"fi\",\"@id\":\"https:\/\/meripelastus.fi\/jyvaskyla\/yhteystiedot\/#primaryimage\",\"url\":\"https:\/\/meripelastus.fi\/jyvaskyla\/wp-content\/uploads\/sites\/2\/2018\/04\/21433183_833235450177289_2782244325879407841_n.jpg\",\"contentUrl\":\"https:\/\/meripelastus.fi\/jyvaskyla\/wp-content\/uploads\/sites\/2\/2018\/04\/21433183_833235450177289_2782244325879407841_n.jpg\",\"width\":960,\"height\":720},{\"@type\":\"BreadcrumbList\",\"@id\":\"https:\/\/meripelastus.fi\/jyvaskyla\/yhteystiedot\/#breadcrumb\",\"itemListElement\":[{\"@type\":\"ListItem\",\"position\":1,\"name\":\"Etusivu\",\"item\":\"https:\/\/meripelastus.fi\/jyvaskyla\/\"},{\"@type\":\"ListItem\",\"position\":2,\"name\":\"Yhteystiedot\"}]},{\"@type\":\"WebSite\",\"@id\":\"https:\/\/meripelastus.fi\/jyvaskyla\/#website\",\"url\":\"https:\/\/meripelastus.fi\/jyvaskyla\/\",\"name\":\"Jyv\u00e4skyl\u00e4n j\u00e4rvipelastajat\",\"description\":\"Vapaaehtoiset apunasi vesill\u00e4\",\"potentialAction\":[{\"@type\":\"SearchAction\",\"target\":{\"@type\":\"EntryPoint\",\"urlTemplate\":\"https:\/\/meripelastus.fi\/jyvaskyla\/?s={search_term_string}\"},\"query-input\":{\"@type\":\"PropertyValueSpecification\",\"valueRequired\":true,\"valueName\":\"search_term_string\"}}],\"inLanguage\":\"fi\"}]}<\/script>\n<!-- \/ Yoast SEO Premium plugin. -->","yoast_head_json":{"title":"Yhteystiedot - Jyv\u00e4skyl\u00e4n j\u00e4rvipelastajat","robots":{"index":"index","follow":"follow","max-snippet":"max-snippet:-1","max-image-preview":"max-image-preview:large","max-video-preview":"max-video-preview:-1"},"canonical":"https:\/\/meripelastus.fi\/jyvaskyla\/yhteystiedot\/","og_locale":"fi_FI","og_type":"article","og_title":"Yhteystiedot","og_description":"J\u00e4senasiat SMPS 040 052 9118 PV L\u00e4hitapiola 040 015 8310 PV Korpilahti 040 013 2777 Facebook SMPS Jyv\u00e4skyl\u00e4n j\u00e4rvipelastajat Kotisatama ja laskutusosoite Jyv\u00e4skyl\u00e4n J\u00e4rvipelastajat ry Noukanniementie 99 40820 HAAPANIEMI Puheenjohtaja Kaj Nummelin 0456050747 mskavaljeeri@gmail.com Tulokasvastaava \/ Koulutusvastaava Tomi Hyyti\u00e4inen 0456311708 tulokasvastaava@jyvaskylanjarvipelastajat.fi koulutusvastaava@jyvaskylanjarvipelastajat.fi","og_url":"https:\/\/meripelastus.fi\/jyvaskyla\/yhteystiedot\/","og_site_name":"Jyv\u00e4skyl\u00e4n j\u00e4rvipelastajat","article_modified_time":"2025-12-28T20:15:47+00:00","og_image":[{"width":960,"height":720,"url":"https:\/\/meripelastus.fi\/jyvaskyla\/wp-content\/uploads\/sites\/2\/2018\/04\/21433183_833235450177289_2782244325879407841_n.jpg","type":"image\/jpeg"}],"twitter_card":"summary_large_image","twitter_misc":{"Arvioitu lukuaika":"1 minuutti"},"schema":{"@context":"https:\/\/schema.org","@graph":[{"@type":"WebPage","@id":"https:\/\/meripelastus.fi\/jyvaskyla\/yhteystiedot\/","url":"https:\/\/meripelastus.fi\/jyvaskyla\/yhteystiedot\/","name":"Yhteystiedot - Jyv\u00e4skyl\u00e4n j\u00e4rvipelastajat","isPartOf":{"@id":"https:\/\/meripelastus.fi\/jyvaskyla\/#website"},"primaryImageOfPage":{"@id":"https:\/\/meripelastus.fi\/jyvaskyla\/yhteystiedot\/#primaryimage"},"image":{"@id":"https:\/\/meripelastus.fi\/jyvaskyla\/yhteystiedot\/#primaryimage"},"thumbnailUrl":"https:\/\/meripelastus.fi\/jyvaskyla\/wp-content\/uploads\/sites\/2\/2018\/04\/21433183_833235450177289_2782244325879407841_n.jpg","datePublished":"2023-01-25T18:21:27+00:00","dateModified":"2025-12-28T20:15:47+00:00","breadcrumb":{"@id":"https:\/\/meripelastus.fi\/jyvaskyla\/yhteystiedot\/#breadcrumb"},"inLanguage":"fi","potentialAction":[{"@type":"ReadAction","target":["https:\/\/meripelastus.fi\/jyvaskyla\/yhteystiedot\/"]}]},{"@type":"ImageObject","inLanguage":"fi","@id":"https:\/\/meripelastus.fi\/jyvaskyla\/yhteystiedot\/#primaryimage","url":"https:\/\/meripelastus.fi\/jyvaskyla\/wp-content\/uploads\/sites\/2\/2018\/04\/21433183_833235450177289_2782244325879407841_n.jpg","contentUrl":"https:\/\/meripelastus.fi\/jyvaskyla\/wp-content\/uploads\/sites\/2\/2018\/04\/21433183_833235450177289_2782244325879407841_n.jpg","width":960,"height":720},{"@type":"BreadcrumbList","@id":"https:\/\/meripelastus.fi\/jyvaskyla\/yhteystiedot\/#breadcrumb","itemListElement":[{"@type":"ListItem","position":1,"name":"Etusivu","item":"https:\/\/meripelastus.fi\/jyvaskyla\/"},{"@type":"ListItem","position":2,"name":"Yhteystiedot"}]},{"@type":"WebSite","@id":"https:\/\/meripelastus.fi\/jyvaskyla\/#website","url":"https:\/\/meripelastus.fi\/jyvaskyla\/","name":"Jyv\u00e4skyl\u00e4n j\u00e4rvipelastajat","description":"Vapaaehtoiset apunasi vesill\u00e4","potentialAction":[{"@type":"SearchAction","target":{"@type":"EntryPoint","urlTemplate":"https:\/\/meripelastus.fi\/jyvaskyla\/?s={search_term_string}"},"query-input":{"@type":"PropertyValueSpecification","valueRequired":true,"valueName":"search_term_string"}}],"inLanguage":"fi"}]}},"_links":{"self":[{"href":"https:\/\/meripelastus.fi\/jyvaskyla\/wp-json\/wp\/v2\/pages\/910","targetHints":{"allow":["GET"]}}],"collection":[{"href":"https:\/\/meripelastus.fi\/jyvaskyla\/wp-json\/wp\/v2\/pages"}],"about":[{"href":"https:\/\/meripelastus.fi\/jyvaskyla\/wp-json\/wp\/v2\/types\/page"}],"author":[{"embeddable":true,"href":"https:\/\/meripelastus.fi\/jyvaskyla\/wp-json\/wp\/v2\/users\/6"}],"replies":[{"embeddable":true,"href":"https:\/\/meripelastus.fi\/jyvaskyla\/wp-json\/wp\/v2\/comments?post=910"}],"version-history":[{"count":35,"href":"https:\/\/meripelastus.fi\/jyvaskyla\/wp-json\/wp\/v2\/pages\/910\/revisions"}],"predecessor-version":[{"id":1245,"href":"https:\/\/meripelastus.fi\/jyvaskyla\/wp-json\/wp\/v2\/pages\/910\/revisions\/1245"}],"wp:featuredmedia":[{"embeddable":true,"href":"https:\/\/meripelastus.fi\/jyvaskyla\/wp-json\/wp\/v2\/media\/829"}],"wp:attachment":[{"href":"https:\/\/meripelastus.fi\/jyvaskyla\/wp-json\/wp\/v2\/media?parent=910"}],"curies":[{"name":"wp","href":"https:\/\/api.w.org\/{rel}","templated":true}]}}