{"id":35,"date":"2018-03-19T09:20:18","date_gmt":"2018-03-19T07:20:18","guid":{"rendered":"https:\/\/meripelastus.fi\/jyvaskyla\/?page_id=35"},"modified":"2025-03-01T18:50:44","modified_gmt":"2025-03-01T16:50:44","slug":"tule-mukaan","status":"publish","type":"page","link":"https:\/\/meripelastus.fi\/jyvaskyla\/toiminta\/tule-mukaan\/","title":{"rendered":"Tule mukaan!"},"content":{"rendered":"<p>Haluaisitko liikkua P\u00e4ij\u00e4nteell\u00e4, mutta et omista venett\u00e4? Oletko luonteeltasi auttamishaluinen? Pid\u00e4tk\u00f6 uusien asioiden oppimisesta? Jos vastasit kaikkiin kysymyksiin KYLL\u00c4, olet ehk\u00e4 tuleva meripelastaja. Tule mukaan ja hanki itsellesi uusi harrastus!<\/p>\n<p>Jyv\u00e4skyl\u00e4n j\u00e4rvipelastajat ottavat miehist\u00f6\u00f6ns\u00e4 uusia j\u00e4seni\u00e4 p\u00e4\u00e4s\u00e4\u00e4nt\u00f6isesti kev\u00e4\u00e4ll\u00e4 j\u00e4rjestett\u00e4v\u00e4n tulokasrekrytoinnin kautta. Toiminta on vapaaehtoista, mutta taataksemme kalustomme p\u00e4ivystysvalmiuden koko kes\u00e4n ajan, vaaditaan miehist\u00f6lt\u00e4 my\u00f6s sitoutumista. Et tarvitse aikaisempaa osaamista, vaan koulutamme kaikki uudet j\u00e4senemme teht\u00e4viin.<\/p>\n<p>Kev\u00e4\u00e4ll\u00e4 2025 j\u00e4rjest\u00e4mme miehist\u00f6haun ja avoimen rekrytilaisuuden kiinnostuneille, josta voit lukea lis\u00e4\u00e4 <a href=\"https:\/\/meripelastus.fi\/jyvaskyla\/tulokasrekry-15-4-2025\/\">uutisosiostamme<\/a>.<\/p>\n<p>P\u00e4\u00e4syvaatimuksena pelastusmiehist\u00f6\u00f6n on 18 vuoden ik\u00e4, mutta jo 16-vuotiaana voi p\u00e4\u00e4st\u00e4 alukselle kansimiesharjoittelijaksi. Lis\u00e4ksi edellytyksen\u00e4 h\u00e4lytysmiehist\u00f6ss\u00e4 toimimiselle ovat hyv\u00e4 fyysinen ja psyykkinen peruskunto, uimataito ja n\u00e4\u00f6ntarkkuus 0,5 silm\u00e4laseilla ja 0,1 ilman sek\u00e4 nuhteeton tausta.<\/p>\n<p>Niille, joilla ei terveydentilansa tai el\u00e4m\u00e4ntilanteensa puolesta ole mahdollisuutta olla mukana pelastusmiehist\u00f6n toiminnassa, tarjoamme mahdollisuuden osallistua yhdistyksen muihin teht\u00e4viin. Alusten tekniset ty\u00f6t sek\u00e4 kunnossapito, hallinnolliset teht\u00e4v\u00e4t ja varainkeruu ovat niin ik\u00e4\u00e4n t\u00e4rke\u00e4 osa toimintaamme.<\/p>\n<p>Jos haluat lis\u00e4tietoja, ota rohkeasti yhteytt\u00e4 Jyv\u00e4skyl\u00e4n j\u00e4rvipelastajien tulokasvastaavaan.<\/p>\n<p><strong>Tomi Hyyti\u00e4inen<\/strong><br \/><strong>tulokasvastaava@jyvaskylanjarvipelastajat.fi<\/strong><\/p>\n<p>Meripelastusseuran tietopaketti toimintaan liittymisest\u00e4 ja toiminnan vaatimuksista aukeaa <a href=\"https:\/\/view.24mags.com\/mobilev\/b96aff83a6a4bbbdcfbada9f7d2ead#\/page=1\">t\u00e4st\u00e4 linkist\u00e4<\/a>.<\/p>\n<p>Suoraan j\u00e4seneksi voit liitty\u00e4 alla olevan linkin kautta.<br \/><a href=\"https:\/\/meripelastus.fi\/jasenyys\/liittymislomakkeet\/\" target=\"_blank\" rel=\"noopener\">Liity j\u00e4seneksi t\u00e4st\u00e4<\/a><\/p>\n<pre>_____________________________________________________________________________________<br \/><br \/><strong>Esimerkki aktiivisen j\u00e4rvipelastajan viikosta avovesikaudella<\/strong><br \/><br \/><img loading=\"lazy\" decoding=\"async\" class=\"alignnone  wp-image-461\" src=\"https:\/\/meripelastus.fi\/jyvaskyla\/wp-content\/uploads\/sites\/2\/2018\/05\/Peltekjkl17-300x200.jpg\" alt=\"\" width=\"548\" height=\"365\" srcset=\"https:\/\/meripelastus.fi\/jyvaskyla\/wp-content\/uploads\/sites\/2\/2018\/05\/Peltekjkl17-300x200.jpg 300w, https:\/\/meripelastus.fi\/jyvaskyla\/wp-content\/uploads\/sites\/2\/2018\/05\/Peltekjkl17-768x512.jpg 768w, https:\/\/meripelastus.fi\/jyvaskyla\/wp-content\/uploads\/sites\/2\/2018\/05\/Peltekjkl17-1024x683.jpg 1024w, https:\/\/meripelastus.fi\/jyvaskyla\/wp-content\/uploads\/sites\/2\/2018\/05\/Peltekjkl17.jpg 1944w\" sizes=\"auto, (max-width: 548px) 100vw, 548px\" \/><\/pre>\n<p><em>Maanantai<\/em><br \/>Aluksen viikkohuoltoon Noukanniemeen kello 18. Samalla p\u00e4\u00e4llik\u00f6t vaihtavat p\u00e4ivystyspuhelinta, sill\u00e4 p\u00e4ivystyvuoro vaihtuu aina maanantai-iltaisin. Huoltoillan keskeytt\u00e4\u00e4 hinausteht\u00e4v\u00e4 Kalasaaren edustalle, jossa veneilij\u00e4lt\u00e4 on loppunut polttoaine. Vene hinataan Noukanniemen satamaan.<\/p>\n\n\n<p class=\"has-black-color has-text-color has-link-color wp-elements-b1868fabaa768bbda4542bb174fc4245\"><em>Torstai<\/em><br>Viikkoharjoituksiin Noukanniemeen kello 18. Illan harjoituksen aiheena on evakuointi. Jyv\u00e4skyl\u00e4n ja Korpilahden aseman alukset ovat sopineet kohtaamisen Ristinsel\u00e4lle, jossa itse evakuoinnin harjoittelu tapahtuu. Harjoituksen aluksi tehd\u00e4\u00e4n alukseen l\u00e4ht\u00f6tarkistukset, jaetaan teht\u00e4v\u00e4t, etsit\u00e4\u00e4n kaikille pelastusliivit ja l\u00e4hdet\u00e4\u00e4n ajamaan kohti harjoituspaikkaa. Harjoituksen j\u00e4lkeen palataan asemapaikoille kauniissa kes\u00e4illassa, tehd\u00e4\u00e4n alusten lopputarkistukset ja juodaan viel\u00e4 kahvit porukalla ennen kotiin l\u00e4ht\u00f6\u00e4.<br><br><em>Lauantai<\/em><br>P\u00e4ivystysviikonloppu alkaa kaupallisella teht\u00e4v\u00e4ll\u00e4 Juurikkasaaressa, jossa j\u00e4rvipelastajien miehist\u00f6 on osa kes\u00e4tapahtuman turvallisuusorganisaatiota. Miehist\u00f6 p\u00e4\u00e4see nauttimaan tapahtumasta samalla, kun vastaa tapahtuman valvonnasta ja ensiavun antamisesta tarvittaessa. P\u00e4iv\u00e4 sujuu onneksi rauhallisesti. Y\u00f6ksi on viel\u00e4 tarkoitus jatkaa p\u00e4ivyst\u00e4m\u00e4\u00e4n saaritukikohtiin Konjakkiin ja Kalliosaareen, joissa l\u00e4mpenee illalla sauna ja yll\u00e4pidet\u00e4\u00e4n v\u00e4lit\u00f6nt\u00e4 l\u00e4ht\u00f6valmiutta.<\/p>\n\n\n\n<p class=\"has-black-color has-text-color has-link-color wp-elements-9c42d66f201c34dd434dffbd25381df7\"><em>Sunnuntai<\/em><br>Y\u00f6 on sujunut p\u00e4ivystystukikohdissa rauhallisesti. P\u00e4iv\u00e4ll\u00e4 ennen kotiinl\u00e4ht\u00f6\u00e4 siivotaan viel\u00e4 m\u00f6kki ja paistetaan yhdess\u00e4 l\u00e4ttyj\u00e4. Konjakin miehist\u00f6n puuhat keskeytt\u00e4\u00e4 h\u00e4lytys l\u00e4hist\u00f6ll\u00e4 ajelehtivasta veneest\u00e4, joka tulee l\u00e4hte\u00e4 tarkastamaan. Teerilahdesta l\u00f6ytyy tuuliajolla oleva vene, johon on tullut konevika. Vene hinataan turvaan Keljonlahden satamaan. T\u00e4m\u00e4n j\u00e4lkeen siivotaan tukikohta loppuun ja kotimatka voi alkaa.<br>Korpilahden p\u00e4iv\u00e4 sujuu rauhallisesti, mutta matkalla Kalliosaaresta asemapaikalle Korpilahden satamaan he saavat h\u00e4lytyksen savuhavainnosta l\u00e4heisess\u00e4 saaressa. Mets\u00e4palovaroituksen aikana avotulen teko on kielletty, joten miehist\u00f6 k\u00e4\u00e4nt\u00e4\u00e4 v\u00e4litt\u00f6m\u00e4sti veneens\u00e4 suunnan ja l\u00e4htee tiedustelemaan tilanteen. Havainto paljastuu saunan piipusta nousevaksi savuksi, joten tilanne on ohi ja miehist\u00f6 p\u00e4\u00e4see suunnitellusti kotiin valmistautumaan tulevaan viikkoon.<\/p>\n\n\n\n<p><\/p>\n\n\n\n<p><\/p>\n","protected":false},"excerpt":{"rendered":"<p>Haluaisitko liikkua P\u00e4ij\u00e4nteell\u00e4, mutta et omista venett\u00e4? Oletko luonteeltasi auttamishaluinen? Pid\u00e4tk\u00f6 uusien asioiden oppimisesta? Jos vastasit kaikkiin kysymyksiin KYLL\u00c4, olet ehk\u00e4 tuleva meripelastaja. Tule mukaan ja hanki itsellesi uusi harrastus! Jyv\u00e4skyl\u00e4n j\u00e4rvipelastajat ottavat miehist\u00f6\u00f6ns\u00e4 uusia j\u00e4seni\u00e4 p\u00e4\u00e4s\u00e4\u00e4nt\u00f6isesti kev\u00e4\u00e4ll\u00e4 j\u00e4rjestett\u00e4v\u00e4n tulokasrekrytoinnin kautta. Toiminta on vapaaehtoista, mutta taataksemme kalustomme p\u00e4ivystysvalmiuden koko kes\u00e4n ajan, vaaditaan miehist\u00f6lt\u00e4 my\u00f6s sitoutumista. [&hellip;]<\/p>\n","protected":false},"author":4,"featured_media":841,"parent":20,"menu_order":0,"comment_status":"closed","ping_status":"closed","template":"","meta":{"_acf_changed":false,"inline_featured_image":false,"footnotes":""},"class_list":["post-35","page","type-page","status-publish","has-post-thumbnail","hentry"],"acf":[],"yoast_head":"<!-- This site is optimized with the Yoast SEO Premium plugin v27.2 (Yoast SEO v27.2) - https:\/\/yoast.com\/product\/yoast-seo-premium-wordpress\/ -->\n<title>Tule mukaan! - Jyv\u00e4skyl\u00e4n j\u00e4rvipelastajat<\/title>\n<meta name=\"robots\" content=\"index, follow, max-snippet:-1, max-image-preview:large, max-video-preview:-1\" \/>\n<link rel=\"canonical\" href=\"https:\/\/meripelastus.fi\/jyvaskyla\/toiminta\/tule-mukaan\/\" \/>\n<meta property=\"og:locale\" content=\"fi_FI\" \/>\n<meta property=\"og:type\" content=\"article\" \/>\n<meta property=\"og:title\" content=\"Tule mukaan!\" \/>\n<meta property=\"og:description\" content=\"Haluaisitko liikkua P\u00e4ij\u00e4nteell\u00e4, mutta et omista venett\u00e4? Oletko luonteeltasi auttamishaluinen? Pid\u00e4tk\u00f6 uusien asioiden oppimisesta? Jos vastasit kaikkiin kysymyksiin KYLL\u00c4, olet ehk\u00e4 tuleva meripelastaja. Tule mukaan ja hanki itsellesi uusi harrastus! Jyv\u00e4skyl\u00e4n j\u00e4rvipelastajat ottavat miehist\u00f6\u00f6ns\u00e4 uusia j\u00e4seni\u00e4 p\u00e4\u00e4s\u00e4\u00e4nt\u00f6isesti kev\u00e4\u00e4ll\u00e4 j\u00e4rjestett\u00e4v\u00e4n tulokasrekrytoinnin kautta. Toiminta on vapaaehtoista, mutta taataksemme kalustomme p\u00e4ivystysvalmiuden koko kes\u00e4n ajan, vaaditaan miehist\u00f6lt\u00e4 my\u00f6s sitoutumista. [&hellip;]\" \/>\n<meta property=\"og:url\" content=\"https:\/\/meripelastus.fi\/jyvaskyla\/toiminta\/tule-mukaan\/\" \/>\n<meta property=\"og:site_name\" content=\"Jyv\u00e4skyl\u00e4n j\u00e4rvipelastajat\" \/>\n<meta property=\"article:modified_time\" content=\"2025-03-01T16:50:44+00:00\" \/>\n<meta property=\"og:image\" content=\"https:\/\/meripelastus.fi\/jyvaskyla\/wp-content\/uploads\/sites\/2\/2018\/04\/Katja-e1740828882360.jpg\" \/>\n\t<meta property=\"og:image:width\" content=\"789\" \/>\n\t<meta property=\"og:image:height\" content=\"400\" \/>\n\t<meta property=\"og:image:type\" content=\"image\/jpeg\" \/>\n<meta name=\"twitter:card\" content=\"summary_large_image\" \/>\n<meta name=\"twitter:label1\" content=\"Arvioitu lukuaika\" \/>\n\t<meta name=\"twitter:data1\" content=\"3 minuuttia\" \/>\n<script type=\"application\/ld+json\" class=\"yoast-schema-graph\">{\"@context\":\"https:\/\/schema.org\",\"@graph\":[{\"@type\":\"WebPage\",\"@id\":\"https:\/\/meripelastus.fi\/jyvaskyla\/toiminta\/tule-mukaan\/\",\"url\":\"https:\/\/meripelastus.fi\/jyvaskyla\/toiminta\/tule-mukaan\/\",\"name\":\"Tule mukaan! - Jyv\u00e4skyl\u00e4n j\u00e4rvipelastajat\",\"isPartOf\":{\"@id\":\"https:\/\/meripelastus.fi\/jyvaskyla\/#website\"},\"primaryImageOfPage\":{\"@id\":\"https:\/\/meripelastus.fi\/jyvaskyla\/toiminta\/tule-mukaan\/#primaryimage\"},\"image\":{\"@id\":\"https:\/\/meripelastus.fi\/jyvaskyla\/toiminta\/tule-mukaan\/#primaryimage\"},\"thumbnailUrl\":\"https:\/\/meripelastus.fi\/jyvaskyla\/wp-content\/uploads\/sites\/2\/2018\/04\/Katja-e1740828882360.jpg\",\"datePublished\":\"2018-03-19T07:20:18+00:00\",\"dateModified\":\"2025-03-01T16:50:44+00:00\",\"breadcrumb\":{\"@id\":\"https:\/\/meripelastus.fi\/jyvaskyla\/toiminta\/tule-mukaan\/#breadcrumb\"},\"inLanguage\":\"fi\",\"potentialAction\":[{\"@type\":\"ReadAction\",\"target\":[\"https:\/\/meripelastus.fi\/jyvaskyla\/toiminta\/tule-mukaan\/\"]}]},{\"@type\":\"ImageObject\",\"inLanguage\":\"fi\",\"@id\":\"https:\/\/meripelastus.fi\/jyvaskyla\/toiminta\/tule-mukaan\/#primaryimage\",\"url\":\"https:\/\/meripelastus.fi\/jyvaskyla\/wp-content\/uploads\/sites\/2\/2018\/04\/Katja-e1740828882360.jpg\",\"contentUrl\":\"https:\/\/meripelastus.fi\/jyvaskyla\/wp-content\/uploads\/sites\/2\/2018\/04\/Katja-e1740828882360.jpg\",\"width\":789,\"height\":400},{\"@type\":\"BreadcrumbList\",\"@id\":\"https:\/\/meripelastus.fi\/jyvaskyla\/toiminta\/tule-mukaan\/#breadcrumb\",\"itemListElement\":[{\"@type\":\"ListItem\",\"position\":1,\"name\":\"Etusivu\",\"item\":\"https:\/\/meripelastus.fi\/jyvaskyla\/\"},{\"@type\":\"ListItem\",\"position\":2,\"name\":\"Toiminta\",\"item\":\"https:\/\/meripelastus.fi\/jyvaskyla\/toiminta\/\"},{\"@type\":\"ListItem\",\"position\":3,\"name\":\"Tule mukaan!\"}]},{\"@type\":\"WebSite\",\"@id\":\"https:\/\/meripelastus.fi\/jyvaskyla\/#website\",\"url\":\"https:\/\/meripelastus.fi\/jyvaskyla\/\",\"name\":\"Jyv\u00e4skyl\u00e4n j\u00e4rvipelastajat\",\"description\":\"Vapaaehtoiset apunasi vesill\u00e4\",\"potentialAction\":[{\"@type\":\"SearchAction\",\"target\":{\"@type\":\"EntryPoint\",\"urlTemplate\":\"https:\/\/meripelastus.fi\/jyvaskyla\/?s={search_term_string}\"},\"query-input\":{\"@type\":\"PropertyValueSpecification\",\"valueRequired\":true,\"valueName\":\"search_term_string\"}}],\"inLanguage\":\"fi\"}]}<\/script>\n<!-- \/ Yoast SEO Premium plugin. -->","yoast_head_json":{"title":"Tule mukaan! - Jyv\u00e4skyl\u00e4n j\u00e4rvipelastajat","robots":{"index":"index","follow":"follow","max-snippet":"max-snippet:-1","max-image-preview":"max-image-preview:large","max-video-preview":"max-video-preview:-1"},"canonical":"https:\/\/meripelastus.fi\/jyvaskyla\/toiminta\/tule-mukaan\/","og_locale":"fi_FI","og_type":"article","og_title":"Tule mukaan!","og_description":"Haluaisitko liikkua P\u00e4ij\u00e4nteell\u00e4, mutta et omista venett\u00e4? Oletko luonteeltasi auttamishaluinen? Pid\u00e4tk\u00f6 uusien asioiden oppimisesta? Jos vastasit kaikkiin kysymyksiin KYLL\u00c4, olet ehk\u00e4 tuleva meripelastaja. Tule mukaan ja hanki itsellesi uusi harrastus! Jyv\u00e4skyl\u00e4n j\u00e4rvipelastajat ottavat miehist\u00f6\u00f6ns\u00e4 uusia j\u00e4seni\u00e4 p\u00e4\u00e4s\u00e4\u00e4nt\u00f6isesti kev\u00e4\u00e4ll\u00e4 j\u00e4rjestett\u00e4v\u00e4n tulokasrekrytoinnin kautta. Toiminta on vapaaehtoista, mutta taataksemme kalustomme p\u00e4ivystysvalmiuden koko kes\u00e4n ajan, vaaditaan miehist\u00f6lt\u00e4 my\u00f6s sitoutumista. [&hellip;]","og_url":"https:\/\/meripelastus.fi\/jyvaskyla\/toiminta\/tule-mukaan\/","og_site_name":"Jyv\u00e4skyl\u00e4n j\u00e4rvipelastajat","article_modified_time":"2025-03-01T16:50:44+00:00","og_image":[{"width":789,"height":400,"url":"https:\/\/meripelastus.fi\/jyvaskyla\/wp-content\/uploads\/sites\/2\/2018\/04\/Katja-e1740828882360.jpg","type":"image\/jpeg"}],"twitter_card":"summary_large_image","twitter_misc":{"Arvioitu lukuaika":"3 minuuttia"},"schema":{"@context":"https:\/\/schema.org","@graph":[{"@type":"WebPage","@id":"https:\/\/meripelastus.fi\/jyvaskyla\/toiminta\/tule-mukaan\/","url":"https:\/\/meripelastus.fi\/jyvaskyla\/toiminta\/tule-mukaan\/","name":"Tule mukaan! - Jyv\u00e4skyl\u00e4n j\u00e4rvipelastajat","isPartOf":{"@id":"https:\/\/meripelastus.fi\/jyvaskyla\/#website"},"primaryImageOfPage":{"@id":"https:\/\/meripelastus.fi\/jyvaskyla\/toiminta\/tule-mukaan\/#primaryimage"},"image":{"@id":"https:\/\/meripelastus.fi\/jyvaskyla\/toiminta\/tule-mukaan\/#primaryimage"},"thumbnailUrl":"https:\/\/meripelastus.fi\/jyvaskyla\/wp-content\/uploads\/sites\/2\/2018\/04\/Katja-e1740828882360.jpg","datePublished":"2018-03-19T07:20:18+00:00","dateModified":"2025-03-01T16:50:44+00:00","breadcrumb":{"@id":"https:\/\/meripelastus.fi\/jyvaskyla\/toiminta\/tule-mukaan\/#breadcrumb"},"inLanguage":"fi","potentialAction":[{"@type":"ReadAction","target":["https:\/\/meripelastus.fi\/jyvaskyla\/toiminta\/tule-mukaan\/"]}]},{"@type":"ImageObject","inLanguage":"fi","@id":"https:\/\/meripelastus.fi\/jyvaskyla\/toiminta\/tule-mukaan\/#primaryimage","url":"https:\/\/meripelastus.fi\/jyvaskyla\/wp-content\/uploads\/sites\/2\/2018\/04\/Katja-e1740828882360.jpg","contentUrl":"https:\/\/meripelastus.fi\/jyvaskyla\/wp-content\/uploads\/sites\/2\/2018\/04\/Katja-e1740828882360.jpg","width":789,"height":400},{"@type":"BreadcrumbList","@id":"https:\/\/meripelastus.fi\/jyvaskyla\/toiminta\/tule-mukaan\/#breadcrumb","itemListElement":[{"@type":"ListItem","position":1,"name":"Etusivu","item":"https:\/\/meripelastus.fi\/jyvaskyla\/"},{"@type":"ListItem","position":2,"name":"Toiminta","item":"https:\/\/meripelastus.fi\/jyvaskyla\/toiminta\/"},{"@type":"ListItem","position":3,"name":"Tule mukaan!"}]},{"@type":"WebSite","@id":"https:\/\/meripelastus.fi\/jyvaskyla\/#website","url":"https:\/\/meripelastus.fi\/jyvaskyla\/","name":"Jyv\u00e4skyl\u00e4n j\u00e4rvipelastajat","description":"Vapaaehtoiset apunasi vesill\u00e4","potentialAction":[{"@type":"SearchAction","target":{"@type":"EntryPoint","urlTemplate":"https:\/\/meripelastus.fi\/jyvaskyla\/?s={search_term_string}"},"query-input":{"@type":"PropertyValueSpecification","valueRequired":true,"valueName":"search_term_string"}}],"inLanguage":"fi"}]}},"_links":{"self":[{"href":"https:\/\/meripelastus.fi\/jyvaskyla\/wp-json\/wp\/v2\/pages\/35","targetHints":{"allow":["GET"]}}],"collection":[{"href":"https:\/\/meripelastus.fi\/jyvaskyla\/wp-json\/wp\/v2\/pages"}],"about":[{"href":"https:\/\/meripelastus.fi\/jyvaskyla\/wp-json\/wp\/v2\/types\/page"}],"author":[{"embeddable":true,"href":"https:\/\/meripelastus.fi\/jyvaskyla\/wp-json\/wp\/v2\/users\/4"}],"replies":[{"embeddable":true,"href":"https:\/\/meripelastus.fi\/jyvaskyla\/wp-json\/wp\/v2\/comments?post=35"}],"version-history":[{"count":30,"href":"https:\/\/meripelastus.fi\/jyvaskyla\/wp-json\/wp\/v2\/pages\/35\/revisions"}],"predecessor-version":[{"id":1105,"href":"https:\/\/meripelastus.fi\/jyvaskyla\/wp-json\/wp\/v2\/pages\/35\/revisions\/1105"}],"up":[{"embeddable":true,"href":"https:\/\/meripelastus.fi\/jyvaskyla\/wp-json\/wp\/v2\/pages\/20"}],"wp:featuredmedia":[{"embeddable":true,"href":"https:\/\/meripelastus.fi\/jyvaskyla\/wp-json\/wp\/v2\/media\/841"}],"wp:attachment":[{"href":"https:\/\/meripelastus.fi\/jyvaskyla\/wp-json\/wp\/v2\/media?parent=35"}],"curies":[{"name":"wp","href":"https:\/\/api.w.org\/{rel}","templated":true}]}}