{"id":28,"date":"2018-03-19T09:19:27","date_gmt":"2018-03-19T07:19:27","guid":{"rendered":"http:\/\/basetemplate.smpsyhdistykset.16.testivedos.com\/?page_id=28"},"modified":"2023-11-08T16:57:15","modified_gmt":"2023-11-08T14:57:15","slug":"miehisto","status":"publish","type":"page","link":"https:\/\/meripelastus.fi\/inkoo\/fi\/toiminta\/miehisto\/","title":{"rendered":"Tule mukaan miehist\u00f6\u00f6n"},"content":{"rendered":"\n<p>Haluatko aloittaa mahtavan uuden harrastuksen jossa saat liikkua kauneimmissa maisemissa ja tehd\u00e4 t\u00e4rke\u00e4t\u00e4 ty\u00f6t\u00e4 veneilij\u00f6iden turvaksi. Etsimme jatkuvasti uusia miehist\u00f6n j\u00e4seni\u00e4 ja olet tervetullut tutustumaan toimintaamme. Ota yhteytt\u00e4 meihin s\u00e4hk\u00f6postitse&nbsp;<a href=\"mailto:inkoonmeripelastajat@gmail.com\">inkoonmeripelastajat@gmail.com<\/a><\/p>\n\n\n\n<p>Meripelastuksella on oma koulutusj\u00e4rjestelm\u00e4, joten aiempaa kokemusta ei tarvitse olla. Aloittaminen harjoittelijana vaatii 16 vuoden ik\u00e4\u00e4 ja miehist\u00f6n j\u00e4senen on oltava 18 vuotta t\u00e4ytt\u00e4nyt. Inkoon Meripelastajilla ei ole junioritoimintaa.<\/p>\n\n\n\n<div class=\"wp-block-media-text has-media-on-the-right is-stacked-on-mobile\"><div class=\"wp-block-media-text__content\">\n<p>Lis\u00e4tietoa meripelastuksesta harrastuksena voit lukea oheisesta esitteest\u00e4: \u2019Mukaan vapaaehtoisten pelastusveneiden miehist\u00f6\u00f6n\u2019.<\/p>\n<\/div><figure class=\"wp-block-media-text__media\"><img loading=\"lazy\" decoding=\"async\" width=\"793\" height=\"793\" src=\"https:\/\/meripelastus.fi\/inkoo\/wp-content\/uploads\/sites\/29\/2022\/06\/Screenshot-2022-06-15-at-09-28-41-Mukaan-meripelastustoimintaan-v2-1-pieni.pdf.png\" alt=\"\" class=\"wp-image-415 size-full\" srcset=\"https:\/\/meripelastus.fi\/inkoo\/wp-content\/uploads\/sites\/29\/2022\/06\/Screenshot-2022-06-15-at-09-28-41-Mukaan-meripelastustoimintaan-v2-1-pieni.pdf.png 793w, https:\/\/meripelastus.fi\/inkoo\/wp-content\/uploads\/sites\/29\/2022\/06\/Screenshot-2022-06-15-at-09-28-41-Mukaan-meripelastustoimintaan-v2-1-pieni.pdf-300x300.png 300w, https:\/\/meripelastus.fi\/inkoo\/wp-content\/uploads\/sites\/29\/2022\/06\/Screenshot-2022-06-15-at-09-28-41-Mukaan-meripelastustoimintaan-v2-1-pieni.pdf-150x150.png 150w, https:\/\/meripelastus.fi\/inkoo\/wp-content\/uploads\/sites\/29\/2022\/06\/Screenshot-2022-06-15-at-09-28-41-Mukaan-meripelastustoimintaan-v2-1-pieni.pdf-768x768.png 768w\" sizes=\"auto, (max-width: 793px) 100vw, 793px\" \/><\/figure><\/div>\n","protected":false},"excerpt":{"rendered":"<p>Haluatko aloittaa mahtavan uuden harrastuksen jossa saat liikkua kauneimmissa maisemissa ja tehd\u00e4 t\u00e4rke\u00e4t\u00e4 ty\u00f6t\u00e4 veneilij\u00f6iden turvaksi. Etsimme jatkuvasti uusia miehist\u00f6n j\u00e4seni\u00e4 ja olet tervetullut tutustumaan toimintaamme. Ota yhteytt\u00e4 meihin s\u00e4hk\u00f6postitse&nbsp;inkoonmeripelastajat@gmail.com Meripelastuksella on oma koulutusj\u00e4rjestelm\u00e4, joten aiempaa kokemusta ei tarvitse olla. Aloittaminen harjoittelijana vaatii 16 vuoden ik\u00e4\u00e4 ja miehist\u00f6n j\u00e4senen on oltava 18 vuotta t\u00e4ytt\u00e4nyt. Inkoon [&hellip;]<\/p>\n","protected":false},"author":1,"featured_media":625,"parent":20,"menu_order":0,"comment_status":"closed","ping_status":"closed","template":"","meta":{"_acf_changed":false,"inline_featured_image":false,"footnotes":""},"class_list":["post-28","page","type-page","status-publish","has-post-thumbnail","hentry"],"acf":[],"yoast_head":"<!-- This site is optimized with the Yoast SEO Premium plugin v27.2 (Yoast SEO v27.2) - https:\/\/yoast.com\/product\/yoast-seo-premium-wordpress\/ -->\n<title>Tule mukaan miehist\u00f6\u00f6n - Ing\u00e5 Sj\u00f6r\u00e4ddare<\/title>\n<meta name=\"robots\" content=\"index, follow, max-snippet:-1, max-image-preview:large, max-video-preview:-1\" \/>\n<link rel=\"canonical\" href=\"https:\/\/meripelastus.fi\/inkoo\/fi\/toiminta\/miehisto\/\" \/>\n<meta property=\"og:locale\" content=\"sv_SE\" \/>\n<meta property=\"og:type\" content=\"article\" \/>\n<meta property=\"og:title\" content=\"Tule mukaan miehist\u00f6\u00f6n\" \/>\n<meta property=\"og:description\" content=\"Haluatko aloittaa mahtavan uuden harrastuksen jossa saat liikkua kauneimmissa maisemissa ja tehd\u00e4 t\u00e4rke\u00e4t\u00e4 ty\u00f6t\u00e4 veneilij\u00f6iden turvaksi. Etsimme jatkuvasti uusia miehist\u00f6n j\u00e4seni\u00e4 ja olet tervetullut tutustumaan toimintaamme. Ota yhteytt\u00e4 meihin s\u00e4hk\u00f6postitse&nbsp;inkoonmeripelastajat@gmail.com Meripelastuksella on oma koulutusj\u00e4rjestelm\u00e4, joten aiempaa kokemusta ei tarvitse olla. Aloittaminen harjoittelijana vaatii 16 vuoden ik\u00e4\u00e4 ja miehist\u00f6n j\u00e4senen on oltava 18 vuotta t\u00e4ytt\u00e4nyt. Inkoon [&hellip;]\" \/>\n<meta property=\"og:url\" content=\"https:\/\/meripelastus.fi\/inkoo\/fi\/toiminta\/miehisto\/\" \/>\n<meta property=\"og:site_name\" content=\"Ing\u00e5 Sj\u00f6r\u00e4ddare\" \/>\n<meta property=\"article:modified_time\" content=\"2023-11-08T14:57:15+00:00\" \/>\n<meta property=\"og:image\" content=\"https:\/\/meripelastus.fi\/inkoo\/wp-content\/uploads\/sites\/29\/2022\/06\/bagaskar_2-scaled.jpg\" \/>\n\t<meta property=\"og:image:width\" content=\"2560\" \/>\n\t<meta property=\"og:image:height\" content=\"717\" \/>\n\t<meta property=\"og:image:type\" content=\"image\/jpeg\" \/>\n<meta name=\"twitter:card\" content=\"summary_large_image\" \/>\n<meta name=\"twitter:label1\" content=\"Ber\u00e4knad l\u00e4stid\" \/>\n\t<meta name=\"twitter:data1\" content=\"1 minut\" \/>\n<script type=\"application\/ld+json\" class=\"yoast-schema-graph\">{\"@context\":\"https:\/\/schema.org\",\"@graph\":[{\"@type\":\"WebPage\",\"@id\":\"https:\/\/meripelastus.fi\/inkoo\/fi\/toiminta\/miehisto\/\",\"url\":\"https:\/\/meripelastus.fi\/inkoo\/fi\/toiminta\/miehisto\/\",\"name\":\"Tule mukaan miehist\u00f6\u00f6n - Ing\u00e5 Sj\u00f6r\u00e4ddare\",\"isPartOf\":{\"@id\":\"https:\/\/meripelastus.fi\/inkoo\/#website\"},\"primaryImageOfPage\":{\"@id\":\"https:\/\/meripelastus.fi\/inkoo\/fi\/toiminta\/miehisto\/#primaryimage\"},\"image\":{\"@id\":\"https:\/\/meripelastus.fi\/inkoo\/fi\/toiminta\/miehisto\/#primaryimage\"},\"thumbnailUrl\":\"https:\/\/meripelastus.fi\/inkoo\/wp-content\/uploads\/sites\/29\/2022\/06\/bagaskar_2-scaled.jpg\",\"datePublished\":\"2018-03-19T07:19:27+00:00\",\"dateModified\":\"2023-11-08T14:57:15+00:00\",\"breadcrumb\":{\"@id\":\"https:\/\/meripelastus.fi\/inkoo\/fi\/toiminta\/miehisto\/#breadcrumb\"},\"inLanguage\":\"sv-SE\",\"potentialAction\":[{\"@type\":\"ReadAction\",\"target\":[\"https:\/\/meripelastus.fi\/inkoo\/fi\/toiminta\/miehisto\/\"]}]},{\"@type\":\"ImageObject\",\"inLanguage\":\"sv-SE\",\"@id\":\"https:\/\/meripelastus.fi\/inkoo\/fi\/toiminta\/miehisto\/#primaryimage\",\"url\":\"https:\/\/meripelastus.fi\/inkoo\/wp-content\/uploads\/sites\/29\/2022\/06\/bagaskar_2-scaled.jpg\",\"contentUrl\":\"https:\/\/meripelastus.fi\/inkoo\/wp-content\/uploads\/sites\/29\/2022\/06\/bagaskar_2-scaled.jpg\",\"width\":2560,\"height\":717},{\"@type\":\"BreadcrumbList\",\"@id\":\"https:\/\/meripelastus.fi\/inkoo\/fi\/toiminta\/miehisto\/#breadcrumb\",\"itemListElement\":[{\"@type\":\"ListItem\",\"position\":1,\"name\":\"Etusivu\",\"item\":\"https:\/\/meripelastus.fi\/inkoo\/\"},{\"@type\":\"ListItem\",\"position\":2,\"name\":\"Toiminta\",\"item\":\"https:\/\/meripelastus.fi\/inkoo\/fi\/toiminta\/\"},{\"@type\":\"ListItem\",\"position\":3,\"name\":\"Tule mukaan miehist\u00f6\u00f6n\"}]},{\"@type\":\"WebSite\",\"@id\":\"https:\/\/meripelastus.fi\/inkoo\/#website\",\"url\":\"https:\/\/meripelastus.fi\/inkoo\/\",\"name\":\"Ing\u00e5 Sj\u00f6r\u00e4ddare\",\"description\":\"Vapaaehtoiset apunasi vesill\u00e4\",\"potentialAction\":[{\"@type\":\"SearchAction\",\"target\":{\"@type\":\"EntryPoint\",\"urlTemplate\":\"https:\/\/meripelastus.fi\/inkoo\/?s={search_term_string}\"},\"query-input\":{\"@type\":\"PropertyValueSpecification\",\"valueRequired\":true,\"valueName\":\"search_term_string\"}}],\"inLanguage\":\"sv-SE\"}]}<\/script>\n<!-- \/ Yoast SEO Premium plugin. -->","yoast_head_json":{"title":"Tule mukaan miehist\u00f6\u00f6n - Ing\u00e5 Sj\u00f6r\u00e4ddare","robots":{"index":"index","follow":"follow","max-snippet":"max-snippet:-1","max-image-preview":"max-image-preview:large","max-video-preview":"max-video-preview:-1"},"canonical":"https:\/\/meripelastus.fi\/inkoo\/fi\/toiminta\/miehisto\/","og_locale":"sv_SE","og_type":"article","og_title":"Tule mukaan miehist\u00f6\u00f6n","og_description":"Haluatko aloittaa mahtavan uuden harrastuksen jossa saat liikkua kauneimmissa maisemissa ja tehd\u00e4 t\u00e4rke\u00e4t\u00e4 ty\u00f6t\u00e4 veneilij\u00f6iden turvaksi. Etsimme jatkuvasti uusia miehist\u00f6n j\u00e4seni\u00e4 ja olet tervetullut tutustumaan toimintaamme. Ota yhteytt\u00e4 meihin s\u00e4hk\u00f6postitse&nbsp;inkoonmeripelastajat@gmail.com Meripelastuksella on oma koulutusj\u00e4rjestelm\u00e4, joten aiempaa kokemusta ei tarvitse olla. Aloittaminen harjoittelijana vaatii 16 vuoden ik\u00e4\u00e4 ja miehist\u00f6n j\u00e4senen on oltava 18 vuotta t\u00e4ytt\u00e4nyt. Inkoon [&hellip;]","og_url":"https:\/\/meripelastus.fi\/inkoo\/fi\/toiminta\/miehisto\/","og_site_name":"Ing\u00e5 Sj\u00f6r\u00e4ddare","article_modified_time":"2023-11-08T14:57:15+00:00","og_image":[{"width":2560,"height":717,"url":"https:\/\/meripelastus.fi\/inkoo\/wp-content\/uploads\/sites\/29\/2022\/06\/bagaskar_2-scaled.jpg","type":"image\/jpeg"}],"twitter_card":"summary_large_image","twitter_misc":{"Ber\u00e4knad l\u00e4stid":"1 minut"},"schema":{"@context":"https:\/\/schema.org","@graph":[{"@type":"WebPage","@id":"https:\/\/meripelastus.fi\/inkoo\/fi\/toiminta\/miehisto\/","url":"https:\/\/meripelastus.fi\/inkoo\/fi\/toiminta\/miehisto\/","name":"Tule mukaan miehist\u00f6\u00f6n - Ing\u00e5 Sj\u00f6r\u00e4ddare","isPartOf":{"@id":"https:\/\/meripelastus.fi\/inkoo\/#website"},"primaryImageOfPage":{"@id":"https:\/\/meripelastus.fi\/inkoo\/fi\/toiminta\/miehisto\/#primaryimage"},"image":{"@id":"https:\/\/meripelastus.fi\/inkoo\/fi\/toiminta\/miehisto\/#primaryimage"},"thumbnailUrl":"https:\/\/meripelastus.fi\/inkoo\/wp-content\/uploads\/sites\/29\/2022\/06\/bagaskar_2-scaled.jpg","datePublished":"2018-03-19T07:19:27+00:00","dateModified":"2023-11-08T14:57:15+00:00","breadcrumb":{"@id":"https:\/\/meripelastus.fi\/inkoo\/fi\/toiminta\/miehisto\/#breadcrumb"},"inLanguage":"sv-SE","potentialAction":[{"@type":"ReadAction","target":["https:\/\/meripelastus.fi\/inkoo\/fi\/toiminta\/miehisto\/"]}]},{"@type":"ImageObject","inLanguage":"sv-SE","@id":"https:\/\/meripelastus.fi\/inkoo\/fi\/toiminta\/miehisto\/#primaryimage","url":"https:\/\/meripelastus.fi\/inkoo\/wp-content\/uploads\/sites\/29\/2022\/06\/bagaskar_2-scaled.jpg","contentUrl":"https:\/\/meripelastus.fi\/inkoo\/wp-content\/uploads\/sites\/29\/2022\/06\/bagaskar_2-scaled.jpg","width":2560,"height":717},{"@type":"BreadcrumbList","@id":"https:\/\/meripelastus.fi\/inkoo\/fi\/toiminta\/miehisto\/#breadcrumb","itemListElement":[{"@type":"ListItem","position":1,"name":"Etusivu","item":"https:\/\/meripelastus.fi\/inkoo\/"},{"@type":"ListItem","position":2,"name":"Toiminta","item":"https:\/\/meripelastus.fi\/inkoo\/fi\/toiminta\/"},{"@type":"ListItem","position":3,"name":"Tule mukaan miehist\u00f6\u00f6n"}]},{"@type":"WebSite","@id":"https:\/\/meripelastus.fi\/inkoo\/#website","url":"https:\/\/meripelastus.fi\/inkoo\/","name":"Ing\u00e5 Sj\u00f6r\u00e4ddare","description":"Vapaaehtoiset apunasi vesill\u00e4","potentialAction":[{"@type":"SearchAction","target":{"@type":"EntryPoint","urlTemplate":"https:\/\/meripelastus.fi\/inkoo\/?s={search_term_string}"},"query-input":{"@type":"PropertyValueSpecification","valueRequired":true,"valueName":"search_term_string"}}],"inLanguage":"sv-SE"}]}},"_links":{"self":[{"href":"https:\/\/meripelastus.fi\/inkoo\/wp-json\/wp\/v2\/pages\/28","targetHints":{"allow":["GET"]}}],"collection":[{"href":"https:\/\/meripelastus.fi\/inkoo\/wp-json\/wp\/v2\/pages"}],"about":[{"href":"https:\/\/meripelastus.fi\/inkoo\/wp-json\/wp\/v2\/types\/page"}],"author":[{"embeddable":true,"href":"https:\/\/meripelastus.fi\/inkoo\/wp-json\/wp\/v2\/users\/1"}],"replies":[{"embeddable":true,"href":"https:\/\/meripelastus.fi\/inkoo\/wp-json\/wp\/v2\/comments?post=28"}],"version-history":[{"count":9,"href":"https:\/\/meripelastus.fi\/inkoo\/wp-json\/wp\/v2\/pages\/28\/revisions"}],"predecessor-version":[{"id":733,"href":"https:\/\/meripelastus.fi\/inkoo\/wp-json\/wp\/v2\/pages\/28\/revisions\/733"}],"up":[{"embeddable":true,"href":"https:\/\/meripelastus.fi\/inkoo\/wp-json\/wp\/v2\/pages\/20"}],"wp:featuredmedia":[{"embeddable":true,"href":"https:\/\/meripelastus.fi\/inkoo\/wp-json\/wp\/v2\/media\/625"}],"wp:attachment":[{"href":"https:\/\/meripelastus.fi\/inkoo\/wp-json\/wp\/v2\/media?parent=28"}],"curies":[{"name":"wp","href":"https:\/\/api.w.org\/{rel}","templated":true}]}}