{"id":219,"date":"2020-01-30T11:03:08","date_gmt":"2020-01-30T09:03:08","guid":{"rendered":"https:\/\/meripelastus.fi\/inkoo-vedos\/?page_id=219"},"modified":"2026-04-17T12:38:24","modified_gmt":"2026-04-17T09:38:24","slug":"kontaktuppgifter","status":"publish","type":"page","link":"https:\/\/meripelastus.fi\/inkoo\/kontaktuppgifter\/","title":{"rendered":"Kontaktuppgifter"},"content":{"rendered":"\n<p><strong>FSRS Ing\u00e5 Sj\u00f6r\u00e4ddare rf<\/strong><br>Fj\u00e4rdv\u00e4gen 10<br>10210 Ing\u00e5<\/p>\n\n\n\n<p>tel. 050 310 2000<br><a href=\"mailto:inkoonmeripelastajat@gmail.com\">inkoonmeripelastajat@gmail.com<\/a><\/p>\n\n\n\n<p>Styrelsen:<br><a href=\"mailto:hallitus.inkoo@messi.meripelastus.fi\">hallitus.inkoo@messi.meripelastus.fi<\/a><\/p>\n\n\n\n<p>Ekonomiansvarig \/ fakturor:<br><a href=\"mailto:talous.inkoo@messi.meripelastus.fi\">talous.inkoo@messi.meripelastus.fi<\/a><\/p>\n\n\n\n<p>FO-nummer 3043552-3<\/p>\n\n\n\n<figure class=\"wp-block-image\"><a href=\"https:\/\/www.instagram.com\/inkoon_meripelastajat\/\" target=\"_blank\" rel=\"noopener\"><img loading=\"lazy\" decoding=\"async\" width=\"261\" height=\"300\" src=\"https:\/\/meripelastus.fi\/inkoo-vedos\/wp-content\/uploads\/sites\/29\/2022\/06\/inkoon_meripelastajat_qr-261x300.png\" alt=\"\" class=\"wp-image-370\" srcset=\"https:\/\/meripelastus.fi\/inkoo\/wp-content\/uploads\/sites\/29\/2022\/06\/inkoon_meripelastajat_qr-261x300.png 261w, https:\/\/meripelastus.fi\/inkoo\/wp-content\/uploads\/sites\/29\/2022\/06\/inkoon_meripelastajat_qr.png 352w\" sizes=\"auto, (max-width: 261px) 100vw, 261px\" \/><\/a><\/figure>\n\n\n\n<p><\/p>\n","protected":false},"excerpt":{"rendered":"<p>FSRS Ing\u00e5 Sj\u00f6r\u00e4ddare rfFj\u00e4rdv\u00e4gen 1010210 Ing\u00e5 tel. 050 310 2000inkoonmeripelastajat@gmail.com Styrelsen:hallitus.inkoo@messi.meripelastus.fi Ekonomiansvarig \/ fakturor:talous.inkoo@messi.meripelastus.fi FO-nummer 3043552-3<\/p>\n","protected":false},"author":1,"featured_media":398,"parent":0,"menu_order":4,"comment_status":"closed","ping_status":"closed","template":"","meta":{"_acf_changed":false,"inline_featured_image":false,"footnotes":""},"class_list":["post-219","page","type-page","status-publish","has-post-thumbnail","hentry"],"acf":[],"yoast_head":"<!-- This site is optimized with the Yoast SEO Premium plugin v27.4 (Yoast SEO v27.4) - https:\/\/yoast.com\/product\/yoast-seo-premium-wordpress\/ -->\n<title>Kontaktuppgifter - Ing\u00e5 Sj\u00f6r\u00e4ddare<\/title>\n<meta name=\"robots\" content=\"index, follow, max-snippet:-1, max-image-preview:large, max-video-preview:-1\" \/>\n<link rel=\"canonical\" href=\"https:\/\/meripelastus.fi\/inkoo\/kontaktuppgifter\/\" \/>\n<meta property=\"og:locale\" content=\"sv_SE\" \/>\n<meta property=\"og:type\" content=\"article\" \/>\n<meta property=\"og:title\" content=\"Kontaktuppgifter\" \/>\n<meta property=\"og:description\" content=\"FSRS Ing\u00e5 Sj\u00f6r\u00e4ddare rfFj\u00e4rdv\u00e4gen 1010210 Ing\u00e5 tel. 050 310 2000inkoonmeripelastajat@gmail.com Styrelsen:hallitus.inkoo@messi.meripelastus.fi Ekonomiansvarig \/ fakturor:talous.inkoo@messi.meripelastus.fi FO-nummer 3043552-3\" \/>\n<meta property=\"og:url\" content=\"https:\/\/meripelastus.fi\/inkoo\/kontaktuppgifter\/\" \/>\n<meta property=\"og:site_name\" content=\"Ing\u00e5 Sj\u00f6r\u00e4ddare\" \/>\n<meta property=\"article:modified_time\" content=\"2026-04-17T09:38:24+00:00\" \/>\n<meta property=\"og:image\" content=\"https:\/\/meripelastus.fi\/inkoo\/wp-content\/uploads\/sites\/29\/2022\/06\/IMG_9982-scaled.jpg\" \/>\n\t<meta property=\"og:image:width\" content=\"2560\" \/>\n\t<meta property=\"og:image:height\" content=\"1557\" \/>\n\t<meta property=\"og:image:type\" content=\"image\/jpeg\" \/>\n<meta name=\"twitter:card\" content=\"summary_large_image\" \/>\n<meta name=\"twitter:label1\" content=\"Ber\u00e4knad l\u00e4stid\" \/>\n\t<meta name=\"twitter:data1\" content=\"1 minut\" \/>\n<script type=\"application\/ld+json\" class=\"yoast-schema-graph\">{\"@context\":\"https:\\\/\\\/schema.org\",\"@graph\":[{\"@type\":\"WebPage\",\"@id\":\"https:\\\/\\\/meripelastus.fi\\\/inkoo\\\/kontaktuppgifter\\\/\",\"url\":\"https:\\\/\\\/meripelastus.fi\\\/inkoo\\\/kontaktuppgifter\\\/\",\"name\":\"Kontaktuppgifter - Ing\u00e5 Sj\u00f6r\u00e4ddare\",\"isPartOf\":{\"@id\":\"https:\\\/\\\/meripelastus.fi\\\/inkoo\\\/#website\"},\"primaryImageOfPage\":{\"@id\":\"https:\\\/\\\/meripelastus.fi\\\/inkoo\\\/kontaktuppgifter\\\/#primaryimage\"},\"image\":{\"@id\":\"https:\\\/\\\/meripelastus.fi\\\/inkoo\\\/kontaktuppgifter\\\/#primaryimage\"},\"thumbnailUrl\":\"https:\\\/\\\/meripelastus.fi\\\/inkoo\\\/wp-content\\\/uploads\\\/sites\\\/29\\\/2022\\\/06\\\/IMG_9982-scaled.jpg\",\"datePublished\":\"2020-01-30T09:03:08+00:00\",\"dateModified\":\"2026-04-17T09:38:24+00:00\",\"breadcrumb\":{\"@id\":\"https:\\\/\\\/meripelastus.fi\\\/inkoo\\\/kontaktuppgifter\\\/#breadcrumb\"},\"inLanguage\":\"sv-SE\",\"potentialAction\":[{\"@type\":\"ReadAction\",\"target\":[\"https:\\\/\\\/meripelastus.fi\\\/inkoo\\\/kontaktuppgifter\\\/\"]}]},{\"@type\":\"ImageObject\",\"inLanguage\":\"sv-SE\",\"@id\":\"https:\\\/\\\/meripelastus.fi\\\/inkoo\\\/kontaktuppgifter\\\/#primaryimage\",\"url\":\"https:\\\/\\\/meripelastus.fi\\\/inkoo\\\/wp-content\\\/uploads\\\/sites\\\/29\\\/2022\\\/06\\\/IMG_9982-scaled.jpg\",\"contentUrl\":\"https:\\\/\\\/meripelastus.fi\\\/inkoo\\\/wp-content\\\/uploads\\\/sites\\\/29\\\/2022\\\/06\\\/IMG_9982-scaled.jpg\",\"width\":2560,\"height\":1557},{\"@type\":\"BreadcrumbList\",\"@id\":\"https:\\\/\\\/meripelastus.fi\\\/inkoo\\\/kontaktuppgifter\\\/#breadcrumb\",\"itemListElement\":[{\"@type\":\"ListItem\",\"position\":1,\"name\":\"Etusivu\",\"item\":\"https:\\\/\\\/meripelastus.fi\\\/inkoo\\\/\"},{\"@type\":\"ListItem\",\"position\":2,\"name\":\"Kontaktuppgifter\"}]},{\"@type\":\"WebSite\",\"@id\":\"https:\\\/\\\/meripelastus.fi\\\/inkoo\\\/#website\",\"url\":\"https:\\\/\\\/meripelastus.fi\\\/inkoo\\\/\",\"name\":\"Ing\u00e5 Sj\u00f6r\u00e4ddare\",\"description\":\"Vapaaehtoiset apunasi vesill\u00e4\",\"potentialAction\":[{\"@type\":\"SearchAction\",\"target\":{\"@type\":\"EntryPoint\",\"urlTemplate\":\"https:\\\/\\\/meripelastus.fi\\\/inkoo\\\/?s={search_term_string}\"},\"query-input\":{\"@type\":\"PropertyValueSpecification\",\"valueRequired\":true,\"valueName\":\"search_term_string\"}}],\"inLanguage\":\"sv-SE\"}]}<\/script>\n<!-- \/ Yoast SEO Premium plugin. -->","yoast_head_json":{"title":"Kontaktuppgifter - Ing\u00e5 Sj\u00f6r\u00e4ddare","robots":{"index":"index","follow":"follow","max-snippet":"max-snippet:-1","max-image-preview":"max-image-preview:large","max-video-preview":"max-video-preview:-1"},"canonical":"https:\/\/meripelastus.fi\/inkoo\/kontaktuppgifter\/","og_locale":"sv_SE","og_type":"article","og_title":"Kontaktuppgifter","og_description":"FSRS Ing\u00e5 Sj\u00f6r\u00e4ddare rfFj\u00e4rdv\u00e4gen 1010210 Ing\u00e5 tel. 050 310 2000inkoonmeripelastajat@gmail.com Styrelsen:hallitus.inkoo@messi.meripelastus.fi Ekonomiansvarig \/ fakturor:talous.inkoo@messi.meripelastus.fi FO-nummer 3043552-3","og_url":"https:\/\/meripelastus.fi\/inkoo\/kontaktuppgifter\/","og_site_name":"Ing\u00e5 Sj\u00f6r\u00e4ddare","article_modified_time":"2026-04-17T09:38:24+00:00","og_image":[{"width":2560,"height":1557,"url":"https:\/\/meripelastus.fi\/inkoo\/wp-content\/uploads\/sites\/29\/2022\/06\/IMG_9982-scaled.jpg","type":"image\/jpeg"}],"twitter_card":"summary_large_image","twitter_misc":{"Ber\u00e4knad l\u00e4stid":"1 minut"},"schema":{"@context":"https:\/\/schema.org","@graph":[{"@type":"WebPage","@id":"https:\/\/meripelastus.fi\/inkoo\/kontaktuppgifter\/","url":"https:\/\/meripelastus.fi\/inkoo\/kontaktuppgifter\/","name":"Kontaktuppgifter - Ing\u00e5 Sj\u00f6r\u00e4ddare","isPartOf":{"@id":"https:\/\/meripelastus.fi\/inkoo\/#website"},"primaryImageOfPage":{"@id":"https:\/\/meripelastus.fi\/inkoo\/kontaktuppgifter\/#primaryimage"},"image":{"@id":"https:\/\/meripelastus.fi\/inkoo\/kontaktuppgifter\/#primaryimage"},"thumbnailUrl":"https:\/\/meripelastus.fi\/inkoo\/wp-content\/uploads\/sites\/29\/2022\/06\/IMG_9982-scaled.jpg","datePublished":"2020-01-30T09:03:08+00:00","dateModified":"2026-04-17T09:38:24+00:00","breadcrumb":{"@id":"https:\/\/meripelastus.fi\/inkoo\/kontaktuppgifter\/#breadcrumb"},"inLanguage":"sv-SE","potentialAction":[{"@type":"ReadAction","target":["https:\/\/meripelastus.fi\/inkoo\/kontaktuppgifter\/"]}]},{"@type":"ImageObject","inLanguage":"sv-SE","@id":"https:\/\/meripelastus.fi\/inkoo\/kontaktuppgifter\/#primaryimage","url":"https:\/\/meripelastus.fi\/inkoo\/wp-content\/uploads\/sites\/29\/2022\/06\/IMG_9982-scaled.jpg","contentUrl":"https:\/\/meripelastus.fi\/inkoo\/wp-content\/uploads\/sites\/29\/2022\/06\/IMG_9982-scaled.jpg","width":2560,"height":1557},{"@type":"BreadcrumbList","@id":"https:\/\/meripelastus.fi\/inkoo\/kontaktuppgifter\/#breadcrumb","itemListElement":[{"@type":"ListItem","position":1,"name":"Etusivu","item":"https:\/\/meripelastus.fi\/inkoo\/"},{"@type":"ListItem","position":2,"name":"Kontaktuppgifter"}]},{"@type":"WebSite","@id":"https:\/\/meripelastus.fi\/inkoo\/#website","url":"https:\/\/meripelastus.fi\/inkoo\/","name":"Ing\u00e5 Sj\u00f6r\u00e4ddare","description":"Vapaaehtoiset apunasi vesill\u00e4","potentialAction":[{"@type":"SearchAction","target":{"@type":"EntryPoint","urlTemplate":"https:\/\/meripelastus.fi\/inkoo\/?s={search_term_string}"},"query-input":{"@type":"PropertyValueSpecification","valueRequired":true,"valueName":"search_term_string"}}],"inLanguage":"sv-SE"}]}},"_links":{"self":[{"href":"https:\/\/meripelastus.fi\/inkoo\/wp-json\/wp\/v2\/pages\/219","targetHints":{"allow":["GET"]}}],"collection":[{"href":"https:\/\/meripelastus.fi\/inkoo\/wp-json\/wp\/v2\/pages"}],"about":[{"href":"https:\/\/meripelastus.fi\/inkoo\/wp-json\/wp\/v2\/types\/page"}],"author":[{"embeddable":true,"href":"https:\/\/meripelastus.fi\/inkoo\/wp-json\/wp\/v2\/users\/1"}],"replies":[{"embeddable":true,"href":"https:\/\/meripelastus.fi\/inkoo\/wp-json\/wp\/v2\/comments?post=219"}],"version-history":[{"count":17,"href":"https:\/\/meripelastus.fi\/inkoo\/wp-json\/wp\/v2\/pages\/219\/revisions"}],"predecessor-version":[{"id":971,"href":"https:\/\/meripelastus.fi\/inkoo\/wp-json\/wp\/v2\/pages\/219\/revisions\/971"}],"wp:featuredmedia":[{"embeddable":true,"href":"https:\/\/meripelastus.fi\/inkoo\/wp-json\/wp\/v2\/media\/398"}],"wp:attachment":[{"href":"https:\/\/meripelastus.fi\/inkoo\/wp-json\/wp\/v2\/media?parent=219"}],"curies":[{"name":"wp","href":"https:\/\/api.w.org\/{rel}","templated":true}]}}