{"id":202,"date":"2020-01-30T10:48:55","date_gmt":"2020-01-30T08:48:55","guid":{"rendered":"https:\/\/meripelastus.fi\/inkoo-vedos\/?page_id=202"},"modified":"2023-11-08T16:52:58","modified_gmt":"2023-11-08T14:52:58","slug":"var-besattning","status":"publish","type":"page","link":"https:\/\/meripelastus.fi\/inkoo\/verksamhet\/var-besattning\/","title":{"rendered":"Kom med i bes\u00e4ttningen"},"content":{"rendered":"\n<p>Vill du komma med och b\u00f6rja en ny fantastisk hobby d\u00e4r du f\u00e5r r\u00f6ra dig i de vackraste av landskapen och g\u00f6ra ett viktigt arbete f\u00f6r b\u00e5tfararnas s\u00e4kerhet och l\u00e4ra dig en massa nytt. Tag kontakt med oss och kom med f\u00f6r att bekanta dig med verksamheten. Skicka din intresseanm\u00e4lan till\u00a0<a href=\"mailto:inkoonmeripelastajat@gmail.com\">inkoonmeripelastajat@gmail.com<\/a>.<\/p>\n\n\n\n<p>Sj\u00f6r\u00e4ddningss\u00e4llskapet har ett eget skolningsprogram, s\u00e5 inga f\u00f6rhandskunskaper kr\u00e4vs. F\u00f6r att vara praktikant b\u00f6r man ha fyllt 16 \u00e5r och f\u00f6r att kunna delta som bes\u00e4ttning skall man vara minst 18 \u00e5r. Ing\u00e5 Sj\u00f6r\u00e4ddare har f\u00f6r tillf\u00e4llet ingen juniorverksamhet.<\/p>\n\n\n\n<div class=\"wp-block-media-text has-media-on-the-right is-stacked-on-mobile\"><div class=\"wp-block-media-text__content\">\n<p>Mera information om sj\u00f6r\u00e4ddning som hobby kan du l\u00e4sa i broschyren \u2019Mukaan vapaaehtoisten pelastusveneiden miehist\u00f6\u00f6n\u2019.<\/p>\n<\/div><figure class=\"wp-block-media-text__media\"><img loading=\"lazy\" decoding=\"async\" width=\"793\" height=\"793\" src=\"https:\/\/meripelastus.fi\/inkoo\/wp-content\/uploads\/sites\/29\/2022\/06\/Screenshot-2022-06-15-at-09-28-41-Mukaan-meripelastustoimintaan-v2-1-pieni.pdf.png\" alt=\"\" class=\"wp-image-414 size-full\" srcset=\"https:\/\/meripelastus.fi\/inkoo\/wp-content\/uploads\/sites\/29\/2022\/06\/Screenshot-2022-06-15-at-09-28-41-Mukaan-meripelastustoimintaan-v2-1-pieni.pdf.png 793w, https:\/\/meripelastus.fi\/inkoo\/wp-content\/uploads\/sites\/29\/2022\/06\/Screenshot-2022-06-15-at-09-28-41-Mukaan-meripelastustoimintaan-v2-1-pieni.pdf-300x300.png 300w, https:\/\/meripelastus.fi\/inkoo\/wp-content\/uploads\/sites\/29\/2022\/06\/Screenshot-2022-06-15-at-09-28-41-Mukaan-meripelastustoimintaan-v2-1-pieni.pdf-150x150.png 150w, https:\/\/meripelastus.fi\/inkoo\/wp-content\/uploads\/sites\/29\/2022\/06\/Screenshot-2022-06-15-at-09-28-41-Mukaan-meripelastustoimintaan-v2-1-pieni.pdf-768x768.png 768w\" sizes=\"auto, (max-width: 793px) 100vw, 793px\" \/><\/figure><\/div>\n","protected":false},"excerpt":{"rendered":"<p>Vill du komma med och b\u00f6rja en ny fantastisk hobby d\u00e4r du f\u00e5r r\u00f6ra dig i de vackraste av landskapen och g\u00f6ra ett viktigt arbete f\u00f6r b\u00e5tfararnas s\u00e4kerhet och l\u00e4ra dig en massa nytt. Tag kontakt med oss och kom med f\u00f6r att bekanta dig med verksamheten. Skicka din intresseanm\u00e4lan till\u00a0inkoonmeripelastajat@gmail.com. Sj\u00f6r\u00e4ddningss\u00e4llskapet har ett eget [&hellip;]<\/p>\n","protected":false},"author":1,"featured_media":624,"parent":198,"menu_order":0,"comment_status":"closed","ping_status":"closed","template":"","meta":{"_acf_changed":false,"inline_featured_image":false,"footnotes":""},"class_list":["post-202","page","type-page","status-publish","has-post-thumbnail","hentry"],"acf":[],"yoast_head":"<!-- This site is optimized with the Yoast SEO Premium plugin v27.2 (Yoast SEO v27.2) - https:\/\/yoast.com\/product\/yoast-seo-premium-wordpress\/ -->\n<title>Kom med i bes\u00e4ttningen - Ing\u00e5 Sj\u00f6r\u00e4ddare<\/title>\n<meta name=\"robots\" content=\"index, follow, max-snippet:-1, max-image-preview:large, max-video-preview:-1\" \/>\n<link rel=\"canonical\" href=\"https:\/\/meripelastus.fi\/inkoo\/verksamhet\/var-besattning\/\" \/>\n<meta property=\"og:locale\" content=\"sv_SE\" \/>\n<meta property=\"og:type\" content=\"article\" \/>\n<meta property=\"og:title\" content=\"Kom med i bes\u00e4ttningen\" \/>\n<meta property=\"og:description\" content=\"Vill du komma med och b\u00f6rja en ny fantastisk hobby d\u00e4r du f\u00e5r r\u00f6ra dig i de vackraste av landskapen och g\u00f6ra ett viktigt arbete f\u00f6r b\u00e5tfararnas s\u00e4kerhet och l\u00e4ra dig en massa nytt. Tag kontakt med oss och kom med f\u00f6r att bekanta dig med verksamheten. Skicka din intresseanm\u00e4lan till\u00a0inkoonmeripelastajat@gmail.com. Sj\u00f6r\u00e4ddningss\u00e4llskapet har ett eget [&hellip;]\" \/>\n<meta property=\"og:url\" content=\"https:\/\/meripelastus.fi\/inkoo\/verksamhet\/var-besattning\/\" \/>\n<meta property=\"og:site_name\" content=\"Ing\u00e5 Sj\u00f6r\u00e4ddare\" \/>\n<meta property=\"article:modified_time\" content=\"2023-11-08T14:52:58+00:00\" \/>\n<meta property=\"og:image\" content=\"https:\/\/meripelastus.fi\/inkoo\/wp-content\/uploads\/sites\/29\/2022\/06\/bagaskar_2-scaled.jpg\" \/>\n\t<meta property=\"og:image:width\" content=\"2560\" \/>\n\t<meta property=\"og:image:height\" content=\"717\" \/>\n\t<meta property=\"og:image:type\" content=\"image\/jpeg\" \/>\n<meta name=\"twitter:card\" content=\"summary_large_image\" \/>\n<meta name=\"twitter:label1\" content=\"Ber\u00e4knad l\u00e4stid\" \/>\n\t<meta name=\"twitter:data1\" content=\"1 minut\" \/>\n<script type=\"application\/ld+json\" class=\"yoast-schema-graph\">{\"@context\":\"https:\/\/schema.org\",\"@graph\":[{\"@type\":\"WebPage\",\"@id\":\"https:\/\/meripelastus.fi\/inkoo\/verksamhet\/var-besattning\/\",\"url\":\"https:\/\/meripelastus.fi\/inkoo\/verksamhet\/var-besattning\/\",\"name\":\"Kom med i bes\u00e4ttningen - Ing\u00e5 Sj\u00f6r\u00e4ddare\",\"isPartOf\":{\"@id\":\"https:\/\/meripelastus.fi\/inkoo\/#website\"},\"primaryImageOfPage\":{\"@id\":\"https:\/\/meripelastus.fi\/inkoo\/verksamhet\/var-besattning\/#primaryimage\"},\"image\":{\"@id\":\"https:\/\/meripelastus.fi\/inkoo\/verksamhet\/var-besattning\/#primaryimage\"},\"thumbnailUrl\":\"https:\/\/meripelastus.fi\/inkoo\/wp-content\/uploads\/sites\/29\/2022\/06\/bagaskar_2-scaled.jpg\",\"datePublished\":\"2020-01-30T08:48:55+00:00\",\"dateModified\":\"2023-11-08T14:52:58+00:00\",\"breadcrumb\":{\"@id\":\"https:\/\/meripelastus.fi\/inkoo\/verksamhet\/var-besattning\/#breadcrumb\"},\"inLanguage\":\"sv-SE\",\"potentialAction\":[{\"@type\":\"ReadAction\",\"target\":[\"https:\/\/meripelastus.fi\/inkoo\/verksamhet\/var-besattning\/\"]}]},{\"@type\":\"ImageObject\",\"inLanguage\":\"sv-SE\",\"@id\":\"https:\/\/meripelastus.fi\/inkoo\/verksamhet\/var-besattning\/#primaryimage\",\"url\":\"https:\/\/meripelastus.fi\/inkoo\/wp-content\/uploads\/sites\/29\/2022\/06\/bagaskar_2-scaled.jpg\",\"contentUrl\":\"https:\/\/meripelastus.fi\/inkoo\/wp-content\/uploads\/sites\/29\/2022\/06\/bagaskar_2-scaled.jpg\",\"width\":2560,\"height\":717},{\"@type\":\"BreadcrumbList\",\"@id\":\"https:\/\/meripelastus.fi\/inkoo\/verksamhet\/var-besattning\/#breadcrumb\",\"itemListElement\":[{\"@type\":\"ListItem\",\"position\":1,\"name\":\"Etusivu\",\"item\":\"https:\/\/meripelastus.fi\/inkoo\/\"},{\"@type\":\"ListItem\",\"position\":2,\"name\":\"Verksamhet\",\"item\":\"https:\/\/meripelastus.fi\/inkoo\/verksamhet\/\"},{\"@type\":\"ListItem\",\"position\":3,\"name\":\"Kom med i bes\u00e4ttningen\"}]},{\"@type\":\"WebSite\",\"@id\":\"https:\/\/meripelastus.fi\/inkoo\/#website\",\"url\":\"https:\/\/meripelastus.fi\/inkoo\/\",\"name\":\"Ing\u00e5 Sj\u00f6r\u00e4ddare\",\"description\":\"Vapaaehtoiset apunasi vesill\u00e4\",\"potentialAction\":[{\"@type\":\"SearchAction\",\"target\":{\"@type\":\"EntryPoint\",\"urlTemplate\":\"https:\/\/meripelastus.fi\/inkoo\/?s={search_term_string}\"},\"query-input\":{\"@type\":\"PropertyValueSpecification\",\"valueRequired\":true,\"valueName\":\"search_term_string\"}}],\"inLanguage\":\"sv-SE\"}]}<\/script>\n<!-- \/ Yoast SEO Premium plugin. -->","yoast_head_json":{"title":"Kom med i bes\u00e4ttningen - Ing\u00e5 Sj\u00f6r\u00e4ddare","robots":{"index":"index","follow":"follow","max-snippet":"max-snippet:-1","max-image-preview":"max-image-preview:large","max-video-preview":"max-video-preview:-1"},"canonical":"https:\/\/meripelastus.fi\/inkoo\/verksamhet\/var-besattning\/","og_locale":"sv_SE","og_type":"article","og_title":"Kom med i bes\u00e4ttningen","og_description":"Vill du komma med och b\u00f6rja en ny fantastisk hobby d\u00e4r du f\u00e5r r\u00f6ra dig i de vackraste av landskapen och g\u00f6ra ett viktigt arbete f\u00f6r b\u00e5tfararnas s\u00e4kerhet och l\u00e4ra dig en massa nytt. Tag kontakt med oss och kom med f\u00f6r att bekanta dig med verksamheten. Skicka din intresseanm\u00e4lan till\u00a0inkoonmeripelastajat@gmail.com. Sj\u00f6r\u00e4ddningss\u00e4llskapet har ett eget [&hellip;]","og_url":"https:\/\/meripelastus.fi\/inkoo\/verksamhet\/var-besattning\/","og_site_name":"Ing\u00e5 Sj\u00f6r\u00e4ddare","article_modified_time":"2023-11-08T14:52:58+00:00","og_image":[{"width":2560,"height":717,"url":"https:\/\/meripelastus.fi\/inkoo\/wp-content\/uploads\/sites\/29\/2022\/06\/bagaskar_2-scaled.jpg","type":"image\/jpeg"}],"twitter_card":"summary_large_image","twitter_misc":{"Ber\u00e4knad l\u00e4stid":"1 minut"},"schema":{"@context":"https:\/\/schema.org","@graph":[{"@type":"WebPage","@id":"https:\/\/meripelastus.fi\/inkoo\/verksamhet\/var-besattning\/","url":"https:\/\/meripelastus.fi\/inkoo\/verksamhet\/var-besattning\/","name":"Kom med i bes\u00e4ttningen - Ing\u00e5 Sj\u00f6r\u00e4ddare","isPartOf":{"@id":"https:\/\/meripelastus.fi\/inkoo\/#website"},"primaryImageOfPage":{"@id":"https:\/\/meripelastus.fi\/inkoo\/verksamhet\/var-besattning\/#primaryimage"},"image":{"@id":"https:\/\/meripelastus.fi\/inkoo\/verksamhet\/var-besattning\/#primaryimage"},"thumbnailUrl":"https:\/\/meripelastus.fi\/inkoo\/wp-content\/uploads\/sites\/29\/2022\/06\/bagaskar_2-scaled.jpg","datePublished":"2020-01-30T08:48:55+00:00","dateModified":"2023-11-08T14:52:58+00:00","breadcrumb":{"@id":"https:\/\/meripelastus.fi\/inkoo\/verksamhet\/var-besattning\/#breadcrumb"},"inLanguage":"sv-SE","potentialAction":[{"@type":"ReadAction","target":["https:\/\/meripelastus.fi\/inkoo\/verksamhet\/var-besattning\/"]}]},{"@type":"ImageObject","inLanguage":"sv-SE","@id":"https:\/\/meripelastus.fi\/inkoo\/verksamhet\/var-besattning\/#primaryimage","url":"https:\/\/meripelastus.fi\/inkoo\/wp-content\/uploads\/sites\/29\/2022\/06\/bagaskar_2-scaled.jpg","contentUrl":"https:\/\/meripelastus.fi\/inkoo\/wp-content\/uploads\/sites\/29\/2022\/06\/bagaskar_2-scaled.jpg","width":2560,"height":717},{"@type":"BreadcrumbList","@id":"https:\/\/meripelastus.fi\/inkoo\/verksamhet\/var-besattning\/#breadcrumb","itemListElement":[{"@type":"ListItem","position":1,"name":"Etusivu","item":"https:\/\/meripelastus.fi\/inkoo\/"},{"@type":"ListItem","position":2,"name":"Verksamhet","item":"https:\/\/meripelastus.fi\/inkoo\/verksamhet\/"},{"@type":"ListItem","position":3,"name":"Kom med i bes\u00e4ttningen"}]},{"@type":"WebSite","@id":"https:\/\/meripelastus.fi\/inkoo\/#website","url":"https:\/\/meripelastus.fi\/inkoo\/","name":"Ing\u00e5 Sj\u00f6r\u00e4ddare","description":"Vapaaehtoiset apunasi vesill\u00e4","potentialAction":[{"@type":"SearchAction","target":{"@type":"EntryPoint","urlTemplate":"https:\/\/meripelastus.fi\/inkoo\/?s={search_term_string}"},"query-input":{"@type":"PropertyValueSpecification","valueRequired":true,"valueName":"search_term_string"}}],"inLanguage":"sv-SE"}]}},"_links":{"self":[{"href":"https:\/\/meripelastus.fi\/inkoo\/wp-json\/wp\/v2\/pages\/202","targetHints":{"allow":["GET"]}}],"collection":[{"href":"https:\/\/meripelastus.fi\/inkoo\/wp-json\/wp\/v2\/pages"}],"about":[{"href":"https:\/\/meripelastus.fi\/inkoo\/wp-json\/wp\/v2\/types\/page"}],"author":[{"embeddable":true,"href":"https:\/\/meripelastus.fi\/inkoo\/wp-json\/wp\/v2\/users\/1"}],"replies":[{"embeddable":true,"href":"https:\/\/meripelastus.fi\/inkoo\/wp-json\/wp\/v2\/comments?post=202"}],"version-history":[{"count":9,"href":"https:\/\/meripelastus.fi\/inkoo\/wp-json\/wp\/v2\/pages\/202\/revisions"}],"predecessor-version":[{"id":725,"href":"https:\/\/meripelastus.fi\/inkoo\/wp-json\/wp\/v2\/pages\/202\/revisions\/725"}],"up":[{"embeddable":true,"href":"https:\/\/meripelastus.fi\/inkoo\/wp-json\/wp\/v2\/pages\/198"}],"wp:featuredmedia":[{"embeddable":true,"href":"https:\/\/meripelastus.fi\/inkoo\/wp-json\/wp\/v2\/media\/624"}],"wp:attachment":[{"href":"https:\/\/meripelastus.fi\/inkoo\/wp-json\/wp\/v2\/media?parent=202"}],"curies":[{"name":"wp","href":"https:\/\/api.w.org\/{rel}","templated":true}]}}