{"id":469,"date":"2019-07-13T20:24:10","date_gmt":"2019-07-13T17:24:10","guid":{"rendered":"https:\/\/meripelastus.fi\/helsinki-vedos\/?page_id=469"},"modified":"2023-07-31T21:08:50","modified_gmt":"2023-07-31T18:08:50","slug":"yritysjasenyys","status":"publish","type":"page","link":"https:\/\/meripelastus.fi\/helsinki\/toiminta\/ole-mukana\/liity-jaseneksi\/yritysjasenyys\/","title":{"rendered":"Yritysj\u00e4senyys"},"content":{"rendered":"<p>Helsingin Meripelastusyhdistyksen yritysj\u00e4senen\u00e4 mahdollistatte huomattavalla tavalla vapaaehtoista meripelastustoimintaa Helsingiss\u00e4.<\/p>\n<p>Yritys saa muun muassa seuraavat edut:<\/p>\n<ul>\n<li>Ajankohtaisen meriturvallisuustiedon saaminen yhdistyksen j\u00e4senlehden Stadin Trossi sek\u00e4 Suomen Meripelastusseuran lehden Trossi kautta<\/li>\n<li>Jokavuotinen diplomi todistuksena j\u00e4senyydest\u00e4<\/li>\n<li>Halutessanne maksuton yrityslogo ja linkki yhdistyksemme internetsivuilla<\/li>\n<li>Eri korvausta vastaan voitte hy\u00f6dynt\u00e4\u00e4 pelastusveneit\u00e4mme esimerkiksi PR-tarkoituksiin<\/li>\n<li>Tarvittaessa voimme tehd\u00e4 juttua vapaaehtoisesta meripelastuksesta yrityksenne markkinointimateriaaliin \/ muihin julkaisuihin<\/li>\n<li>Yhteishy\u00f6dylliseen tarkoitukseen lahjoitetut varat ovat verov\u00e4hennyskelpoisia verotuksessa<\/li>\n<\/ul>\n<p>Mik\u00e4li kiinnostuitte, t\u00e4ytt\u00e4k\u00e4\u00e4 alla oleva lomake ja otamme teihin yhteytt\u00e4 pikimmiten.<\/p>\n<p><strong>Yritysj\u00e4seneksi -lomakkeelle:<\/strong><\/p>\n\n<div class=\"wpcf7 no-js\" id=\"wpcf7-f1216-o1\" lang=\"fi\" dir=\"ltr\" data-wpcf7-id=\"1216\">\n<div class=\"screen-reader-response\"><p role=\"status\" aria-live=\"polite\" aria-atomic=\"true\"><\/p> <ul><\/ul><\/div>\n<form action=\"\/helsinki\/wp-json\/wp\/v2\/pages\/469#wpcf7-f1216-o1\" method=\"post\" class=\"wpcf7-form init\" aria-label=\"Yhteydenottolomake\" novalidate=\"novalidate\" data-status=\"init\">\n<fieldset class=\"hidden-fields-container\"><input type=\"hidden\" name=\"_wpcf7\" value=\"1216\" \/><input type=\"hidden\" name=\"_wpcf7_version\" value=\"6.1.5\" \/><input type=\"hidden\" name=\"_wpcf7_locale\" value=\"fi\" \/><input type=\"hidden\" name=\"_wpcf7_unit_tag\" value=\"wpcf7-f1216-o1\" \/><input type=\"hidden\" name=\"_wpcf7_container_post\" value=\"0\" \/><input type=\"hidden\" name=\"_wpcf7_posted_data_hash\" value=\"\" \/><input type=\"hidden\" name=\"_wpcf7_recaptcha_response\" value=\"\" \/>\n<\/fieldset>\n<div class=\"form-group\">\n\t<p><label for=\"yritys\" class=\"control-label\">Yritys<\/label><br \/>\n<span class=\"wpcf7-form-control-wrap\" data-name=\"yritys\"><input size=\"40\" maxlength=\"400\" class=\"wpcf7-form-control wpcf7-text form-control\" aria-invalid=\"false\" value=\"\" type=\"text\" name=\"yritys\" \/><\/span>\n\t<\/p>\n<\/div>\n<div class=\"form-group\">\n\t<p><label for=\"y-tunnus\" class=\"control-label\">Y-tunnus<\/label><br \/>\n<span class=\"wpcf7-form-control-wrap\" data-name=\"y-tunnus\"><input size=\"40\" maxlength=\"400\" class=\"wpcf7-form-control wpcf7-text form-control\" aria-invalid=\"false\" value=\"\" type=\"text\" name=\"y-tunnus\" \/><\/span>\n\t<\/p>\n<\/div>\n<div class=\"form-group\">\n\t<p><label for=\"yhteyshenkilo\" class=\"control-label\">Yhteyshenkil\u00f6<\/label><br \/>\n<span class=\"wpcf7-form-control-wrap\" data-name=\"yhteyshenkilo\"><input size=\"40\" maxlength=\"400\" class=\"wpcf7-form-control wpcf7-text form-control\" aria-invalid=\"false\" value=\"\" type=\"text\" name=\"yhteyshenkilo\" \/><\/span>\n\t<\/p>\n<\/div>\n<div class=\"form-group\">\n\t<p><label for=\"streetaddress\" class=\"control-label\">Osoite<\/label><br \/>\n<span class=\"wpcf7-form-control-wrap\" data-name=\"streetaddress\"><input size=\"40\" maxlength=\"400\" class=\"wpcf7-form-control wpcf7-text form-control\" aria-invalid=\"false\" value=\"\" type=\"text\" name=\"streetaddress\" \/><\/span>\n\t<\/p>\n<\/div>\n<div class=\"form-group\">\n\t<p><label for=\"streetaddress-number\" class=\"control-label\">Postinumero<\/label><br \/>\n<span class=\"wpcf7-form-control-wrap\" data-name=\"streetaddress-number\"><input size=\"40\" maxlength=\"400\" class=\"wpcf7-form-control wpcf7-text form-control\" aria-invalid=\"false\" value=\"\" type=\"text\" name=\"streetaddress-number\" \/><\/span>\n\t<\/p>\n<\/div>\n<div class=\"form-group\">\n\t<p><label for=\"streetaddress-city\" class=\"control-label\">Postitoimipaikka<\/label><br \/>\n<span class=\"wpcf7-form-control-wrap\" data-name=\"streetaddress-city\"><input size=\"40\" maxlength=\"400\" class=\"wpcf7-form-control wpcf7-text form-control\" aria-invalid=\"false\" value=\"\" type=\"text\" name=\"streetaddress-city\" \/><\/span>\n\t<\/p>\n<\/div>\n<div class=\"form-group\">\n\t<p><label for=\"laskutusosoite\" class=\"control-label\">Laskutusosoite<\/label><br \/>\n<span class=\"wpcf7-form-control-wrap\" data-name=\"laskutusosoite\"><input size=\"40\" maxlength=\"400\" class=\"wpcf7-form-control wpcf7-text form-control\" aria-invalid=\"false\" value=\"\" type=\"text\" name=\"laskutusosoite\" \/><\/span>\n\t<\/p>\n<\/div>\n<div class=\"form-group\">\n\t<p><label for=\"laskutus-streetaddress-number\" class=\"control-label\">Postinumero<\/label><br \/>\n<span class=\"wpcf7-form-control-wrap\" data-name=\"laskutus-streetaddress-number\"><input size=\"40\" maxlength=\"400\" class=\"wpcf7-form-control wpcf7-text form-control\" aria-invalid=\"false\" value=\"\" type=\"text\" name=\"laskutus-streetaddress-number\" \/><\/span>\n\t<\/p>\n<\/div>\n<div class=\"form-group\">\n\t<p><label for=\"laskutus-streetaddress-city\" class=\"control-label\">Postitoimipaikka<\/label><br \/>\n<span class=\"wpcf7-form-control-wrap\" data-name=\"laskutus-streetaddress-city\"><input size=\"40\" maxlength=\"400\" class=\"wpcf7-form-control wpcf7-text form-control\" aria-invalid=\"false\" value=\"\" type=\"text\" name=\"laskutus-streetaddress-city\" \/><\/span>\n\t<\/p>\n<\/div>\n<div class=\"form-group\">\n\t<p><label for=\"puh\" class=\"control-label\">Puhelinnumero<\/label><br \/>\n<span class=\"wpcf7-form-control-wrap\" data-name=\"puh\"><input size=\"40\" maxlength=\"400\" class=\"wpcf7-form-control wpcf7-tel wpcf7-text wpcf7-validates-as-tel form-control\" aria-invalid=\"false\" value=\"\" type=\"tel\" name=\"puh\" \/><\/span>\n\t<\/p>\n<\/div>\n<div class=\"form-group\">\n\t<p><label for=\"fax\" class=\"control-label\">Fax<\/label><br \/>\n<span class=\"wpcf7-form-control-wrap\" data-name=\"fax\"><input size=\"40\" maxlength=\"400\" class=\"wpcf7-form-control wpcf7-tel wpcf7-text wpcf7-validates-as-tel form-control\" aria-invalid=\"false\" value=\"\" type=\"tel\" name=\"fax\" \/><\/span>\n\t<\/p>\n<\/div>\n<div class=\"form-group\">\n\t<p><label for=\"your-email\" class=\"control-label\">S\u00e4hk\u00f6postiosoite<\/label><br \/>\n<span class=\"wpcf7-form-control-wrap\" data-name=\"your-email\"><input size=\"40\" maxlength=\"400\" class=\"wpcf7-form-control wpcf7-email wpcf7-text wpcf7-validates-as-email form-control\" aria-invalid=\"false\" value=\"\" type=\"email\" name=\"your-email\" \/><\/span>\n\t<\/p>\n<\/div>\n<div class=\"form-group\">\n\t<p><label for=\"kieli\" class=\"control-label\">Kieli<\/label><br \/>\n<span class=\"wpcf7-form-control-wrap\" data-name=\"kieli\"><span class=\"wpcf7-form-control wpcf7-radio\"><span class=\"wpcf7-list-item first\"><input type=\"radio\" name=\"kieli\" value=\"Suomi\" checked=\"checked\" \/><span class=\"wpcf7-list-item-label\">Suomi<\/span><\/span><span class=\"wpcf7-list-item last\"><input type=\"radio\" name=\"kieli\" value=\"Ruotsi\" \/><span class=\"wpcf7-list-item-label\">Ruotsi<\/span><\/span><\/span><\/span>\n\t<\/p>\n<\/div>\n<div class=\"form-group\">\n\t<p><label for=\"suoramarkkinointi\" class=\"control-label\">Tietoja saa k\u00e4ytt\u00e4\u00e4 suoramarkkinointiin<br \/>\n<\/label><br \/>\n<span class=\"wpcf7-form-control-wrap\" data-name=\"suoramarkkinointi\"><span class=\"wpcf7-form-control wpcf7-radio\"><span class=\"wpcf7-list-item first\"><input type=\"radio\" name=\"suoramarkkinointi\" value=\"Kyll\u00e4\" checked=\"checked\" \/><span class=\"wpcf7-list-item-label\">Kyll\u00e4<\/span><\/span><span class=\"wpcf7-list-item last\"><input type=\"radio\" name=\"suoramarkkinointi\" value=\"Ei\" \/><span class=\"wpcf7-list-item-label\">Ei<\/span><\/span><\/span><\/span>\n\t<\/p>\n<\/div>\n<div class=\"form-group\">\n\t<p><label for=\"textarea-interest\" class=\"control-label\">Viesti<\/label>\n\t<\/p>\n\t<div class=\"row\">\n\t\t<div class=\"col-sm-12\">\n\t\t\t<p><span class=\"wpcf7-form-control-wrap\" data-name=\"textarea-interest\"><textarea cols=\"40\" rows=\"10\" maxlength=\"2000\" class=\"wpcf7-form-control wpcf7-textarea form-control\" aria-invalid=\"false\" name=\"textarea-interest\"><\/textarea><\/span>\n\t\t\t<\/p>\n\t\t<\/div>\n\t<\/div>\n<\/div>\n<p><input class=\"wpcf7-form-control wpcf7-submit has-spinner btn-block btn btn-primary btn-lg\" type=\"submit\" value=\"L\u00e4het\u00e4\" \/>\n<\/p><div class=\"wpcf7-response-output\" aria-hidden=\"true\"><\/div>\n<\/form>\n<\/div>\n\n","protected":false},"excerpt":{"rendered":"<p>Helsingin Meripelastusyhdistyksen yritysj\u00e4senen\u00e4 mahdollistatte huomattavalla tavalla vapaaehtoista meripelastustoimintaa Helsingiss\u00e4. Yritys saa muun muassa seuraavat edut: Ajankohtaisen meriturvallisuustiedon saaminen yhdistyksen j\u00e4senlehden Stadin Trossi sek\u00e4 Suomen Meripelastusseuran lehden Trossi kautta Jokavuotinen diplomi todistuksena j\u00e4senyydest\u00e4 Halutessanne maksuton yrityslogo ja linkki yhdistyksemme internetsivuilla Eri korvausta vastaan voitte hy\u00f6dynt\u00e4\u00e4 pelastusveneit\u00e4mme esimerkiksi PR-tarkoituksiin Tarvittaessa voimme tehd\u00e4 juttua vapaaehtoisesta meripelastuksesta yrityksenne markkinointimateriaaliin [&hellip;]<\/p>\n","protected":false},"author":51,"featured_media":0,"parent":456,"menu_order":0,"comment_status":"closed","ping_status":"closed","template":"","meta":{"_acf_changed":false,"inline_featured_image":false,"footnotes":""},"class_list":["post-469","page","type-page","status-publish","hentry"],"acf":[],"yoast_head":"<!-- This site is optimized with the Yoast SEO Premium plugin v27.4 (Yoast SEO v27.4) - https:\/\/yoast.com\/product\/yoast-seo-premium-wordpress\/ -->\n<title>Yritysj\u00e4senyys - Helsingin Meripelastusyhdistys<\/title>\n<meta name=\"description\" content=\"Helsingin Meripelastusyhdistys hae mukaan yritysj\u00e4seneksi. Tue hyv\u00e4\u00e4 vapaaehtoistoimintaa ja auta meripelastajia auttamaan.\" \/>\n<meta name=\"robots\" content=\"index, follow, max-snippet:-1, max-image-preview:large, max-video-preview:-1\" \/>\n<link rel=\"canonical\" href=\"https:\/\/meripelastus.fi\/helsinki\/toiminta\/ole-mukana\/liity-jaseneksi\/yritysjasenyys\/\" \/>\n<meta property=\"og:locale\" content=\"fi_FI\" \/>\n<meta property=\"og:type\" content=\"article\" \/>\n<meta property=\"og:title\" content=\"Yritysj\u00e4senyys\" \/>\n<meta property=\"og:description\" content=\"Helsingin Meripelastusyhdistys hae mukaan yritysj\u00e4seneksi. Tue hyv\u00e4\u00e4 vapaaehtoistoimintaa ja auta meripelastajia auttamaan.\" \/>\n<meta property=\"og:url\" content=\"https:\/\/meripelastus.fi\/helsinki\/toiminta\/ole-mukana\/liity-jaseneksi\/yritysjasenyys\/\" \/>\n<meta property=\"og:site_name\" content=\"Helsingin Meripelastusyhdistys\" \/>\n<meta property=\"article:modified_time\" content=\"2023-07-31T18:08:50+00:00\" \/>\n<meta name=\"twitter:card\" content=\"summary_large_image\" \/>\n<script type=\"application\/ld+json\" class=\"yoast-schema-graph\">{\"@context\":\"https:\\\/\\\/schema.org\",\"@graph\":[{\"@type\":\"WebPage\",\"@id\":\"https:\\\/\\\/meripelastus.fi\\\/helsinki\\\/toiminta\\\/ole-mukana\\\/liity-jaseneksi\\\/yritysjasenyys\\\/\",\"url\":\"https:\\\/\\\/meripelastus.fi\\\/helsinki\\\/toiminta\\\/ole-mukana\\\/liity-jaseneksi\\\/yritysjasenyys\\\/\",\"name\":\"Yritysj\u00e4senyys - Helsingin Meripelastusyhdistys\",\"isPartOf\":{\"@id\":\"https:\\\/\\\/meripelastus.fi\\\/helsinki\\\/#website\"},\"datePublished\":\"2019-07-13T17:24:10+00:00\",\"dateModified\":\"2023-07-31T18:08:50+00:00\",\"description\":\"Helsingin Meripelastusyhdistys hae mukaan yritysj\u00e4seneksi. Tue hyv\u00e4\u00e4 vapaaehtoistoimintaa ja auta meripelastajia auttamaan.\",\"breadcrumb\":{\"@id\":\"https:\\\/\\\/meripelastus.fi\\\/helsinki\\\/toiminta\\\/ole-mukana\\\/liity-jaseneksi\\\/yritysjasenyys\\\/#breadcrumb\"},\"inLanguage\":\"fi\",\"potentialAction\":[{\"@type\":\"ReadAction\",\"target\":[\"https:\\\/\\\/meripelastus.fi\\\/helsinki\\\/toiminta\\\/ole-mukana\\\/liity-jaseneksi\\\/yritysjasenyys\\\/\"]}]},{\"@type\":\"BreadcrumbList\",\"@id\":\"https:\\\/\\\/meripelastus.fi\\\/helsinki\\\/toiminta\\\/ole-mukana\\\/liity-jaseneksi\\\/yritysjasenyys\\\/#breadcrumb\",\"itemListElement\":[{\"@type\":\"ListItem\",\"position\":1,\"name\":\"Etusivu\",\"item\":\"https:\\\/\\\/meripelastus.fi\\\/helsinki\\\/\"},{\"@type\":\"ListItem\",\"position\":2,\"name\":\"Toiminta\",\"item\":\"https:\\\/\\\/meripelastus.fi\\\/helsinki\\\/toiminta\\\/\"},{\"@type\":\"ListItem\",\"position\":3,\"name\":\"Ole mukana\",\"item\":\"https:\\\/\\\/meripelastus.fi\\\/helsinki\\\/toiminta\\\/ole-mukana\\\/\"},{\"@type\":\"ListItem\",\"position\":4,\"name\":\"Liity j\u00e4seneksi\",\"item\":\"https:\\\/\\\/meripelastus.fi\\\/helsinki\\\/toiminta\\\/ole-mukana\\\/liity-jaseneksi\\\/\"},{\"@type\":\"ListItem\",\"position\":5,\"name\":\"Yritysj\u00e4senyys\"}]},{\"@type\":\"WebSite\",\"@id\":\"https:\\\/\\\/meripelastus.fi\\\/helsinki\\\/#website\",\"url\":\"https:\\\/\\\/meripelastus.fi\\\/helsinki\\\/\",\"name\":\"Helsingin Meripelastusyhdistys\",\"description\":\"Vapaaehtoiset apunasi vesill\u00e4\",\"potentialAction\":[{\"@type\":\"SearchAction\",\"target\":{\"@type\":\"EntryPoint\",\"urlTemplate\":\"https:\\\/\\\/meripelastus.fi\\\/helsinki\\\/?s={search_term_string}\"},\"query-input\":{\"@type\":\"PropertyValueSpecification\",\"valueRequired\":true,\"valueName\":\"search_term_string\"}}],\"inLanguage\":\"fi\"}]}<\/script>\n<!-- \/ Yoast SEO Premium plugin. -->","yoast_head_json":{"title":"Yritysj\u00e4senyys - Helsingin Meripelastusyhdistys","description":"Helsingin Meripelastusyhdistys hae mukaan yritysj\u00e4seneksi. Tue hyv\u00e4\u00e4 vapaaehtoistoimintaa ja auta meripelastajia auttamaan.","robots":{"index":"index","follow":"follow","max-snippet":"max-snippet:-1","max-image-preview":"max-image-preview:large","max-video-preview":"max-video-preview:-1"},"canonical":"https:\/\/meripelastus.fi\/helsinki\/toiminta\/ole-mukana\/liity-jaseneksi\/yritysjasenyys\/","og_locale":"fi_FI","og_type":"article","og_title":"Yritysj\u00e4senyys","og_description":"Helsingin Meripelastusyhdistys hae mukaan yritysj\u00e4seneksi. Tue hyv\u00e4\u00e4 vapaaehtoistoimintaa ja auta meripelastajia auttamaan.","og_url":"https:\/\/meripelastus.fi\/helsinki\/toiminta\/ole-mukana\/liity-jaseneksi\/yritysjasenyys\/","og_site_name":"Helsingin Meripelastusyhdistys","article_modified_time":"2023-07-31T18:08:50+00:00","twitter_card":"summary_large_image","schema":{"@context":"https:\/\/schema.org","@graph":[{"@type":"WebPage","@id":"https:\/\/meripelastus.fi\/helsinki\/toiminta\/ole-mukana\/liity-jaseneksi\/yritysjasenyys\/","url":"https:\/\/meripelastus.fi\/helsinki\/toiminta\/ole-mukana\/liity-jaseneksi\/yritysjasenyys\/","name":"Yritysj\u00e4senyys - Helsingin Meripelastusyhdistys","isPartOf":{"@id":"https:\/\/meripelastus.fi\/helsinki\/#website"},"datePublished":"2019-07-13T17:24:10+00:00","dateModified":"2023-07-31T18:08:50+00:00","description":"Helsingin Meripelastusyhdistys hae mukaan yritysj\u00e4seneksi. Tue hyv\u00e4\u00e4 vapaaehtoistoimintaa ja auta meripelastajia auttamaan.","breadcrumb":{"@id":"https:\/\/meripelastus.fi\/helsinki\/toiminta\/ole-mukana\/liity-jaseneksi\/yritysjasenyys\/#breadcrumb"},"inLanguage":"fi","potentialAction":[{"@type":"ReadAction","target":["https:\/\/meripelastus.fi\/helsinki\/toiminta\/ole-mukana\/liity-jaseneksi\/yritysjasenyys\/"]}]},{"@type":"BreadcrumbList","@id":"https:\/\/meripelastus.fi\/helsinki\/toiminta\/ole-mukana\/liity-jaseneksi\/yritysjasenyys\/#breadcrumb","itemListElement":[{"@type":"ListItem","position":1,"name":"Etusivu","item":"https:\/\/meripelastus.fi\/helsinki\/"},{"@type":"ListItem","position":2,"name":"Toiminta","item":"https:\/\/meripelastus.fi\/helsinki\/toiminta\/"},{"@type":"ListItem","position":3,"name":"Ole mukana","item":"https:\/\/meripelastus.fi\/helsinki\/toiminta\/ole-mukana\/"},{"@type":"ListItem","position":4,"name":"Liity j\u00e4seneksi","item":"https:\/\/meripelastus.fi\/helsinki\/toiminta\/ole-mukana\/liity-jaseneksi\/"},{"@type":"ListItem","position":5,"name":"Yritysj\u00e4senyys"}]},{"@type":"WebSite","@id":"https:\/\/meripelastus.fi\/helsinki\/#website","url":"https:\/\/meripelastus.fi\/helsinki\/","name":"Helsingin Meripelastusyhdistys","description":"Vapaaehtoiset apunasi vesill\u00e4","potentialAction":[{"@type":"SearchAction","target":{"@type":"EntryPoint","urlTemplate":"https:\/\/meripelastus.fi\/helsinki\/?s={search_term_string}"},"query-input":{"@type":"PropertyValueSpecification","valueRequired":true,"valueName":"search_term_string"}}],"inLanguage":"fi"}]}},"_links":{"self":[{"href":"https:\/\/meripelastus.fi\/helsinki\/wp-json\/wp\/v2\/pages\/469","targetHints":{"allow":["GET"]}}],"collection":[{"href":"https:\/\/meripelastus.fi\/helsinki\/wp-json\/wp\/v2\/pages"}],"about":[{"href":"https:\/\/meripelastus.fi\/helsinki\/wp-json\/wp\/v2\/types\/page"}],"author":[{"embeddable":true,"href":"https:\/\/meripelastus.fi\/helsinki\/wp-json\/wp\/v2\/users\/51"}],"replies":[{"embeddable":true,"href":"https:\/\/meripelastus.fi\/helsinki\/wp-json\/wp\/v2\/comments?post=469"}],"version-history":[{"count":5,"href":"https:\/\/meripelastus.fi\/helsinki\/wp-json\/wp\/v2\/pages\/469\/revisions"}],"predecessor-version":[{"id":1532,"href":"https:\/\/meripelastus.fi\/helsinki\/wp-json\/wp\/v2\/pages\/469\/revisions\/1532"}],"up":[{"embeddable":true,"href":"https:\/\/meripelastus.fi\/helsinki\/wp-json\/wp\/v2\/pages\/456"}],"wp:attachment":[{"href":"https:\/\/meripelastus.fi\/helsinki\/wp-json\/wp\/v2\/media?parent=469"}],"curies":[{"name":"wp","href":"https:\/\/api.w.org\/{rel}","templated":true}]}}