{"id":463,"date":"2019-07-13T20:13:51","date_gmt":"2019-07-13T17:13:51","guid":{"rendered":"https:\/\/meripelastus.fi\/helsinki-vedos\/?page_id=463"},"modified":"2023-07-31T21:09:23","modified_gmt":"2023-07-31T18:09:23","slug":"trossijasenyys","status":"publish","type":"page","link":"https:\/\/meripelastus.fi\/helsinki\/toiminta\/ole-mukana\/liity-jaseneksi\/trossijasenyys\/","title":{"rendered":"Trossij\u00e4senyys"},"content":{"rendered":"<p><strong>J\u00e4sen- ja Trossiliittymislomake<br \/>\n<\/strong><br \/>\nHaluan liitty\u00e4 j\u00e4seneksi<br \/>\nHaluan liitty\u00e4 j\u00e4seneksi ja hankkia Trossin<br \/>\nOlen jo j\u00e4sen ja haluan Trossin tai Trossiin lis\u00e4veneen<\/p>\n","protected":false},"excerpt":{"rendered":"<p>J\u00e4sen- ja Trossiliittymislomake Haluan liitty\u00e4 j\u00e4seneksi Haluan liitty\u00e4 j\u00e4seneksi ja hankkia Trossin Olen jo j\u00e4sen ja haluan Trossin tai Trossiin lis\u00e4veneen<\/p>\n","protected":false},"author":51,"featured_media":0,"parent":456,"menu_order":0,"comment_status":"closed","ping_status":"closed","template":"","meta":{"_acf_changed":false,"inline_featured_image":false,"footnotes":""},"class_list":["post-463","page","type-page","status-publish","hentry"],"acf":[],"yoast_head":"<!-- This site is optimized with the Yoast SEO Premium plugin v27.4 (Yoast SEO v27.4) - https:\/\/yoast.com\/product\/yoast-seo-premium-wordpress\/ -->\n<title>Trossij\u00e4senyys - Helsingin Meripelastusyhdistys<\/title>\n<meta name=\"robots\" content=\"index, follow, max-snippet:-1, max-image-preview:large, max-video-preview:-1\" \/>\n<link rel=\"canonical\" href=\"https:\/\/meripelastus.fi\/helsinki\/toiminta\/ole-mukana\/liity-jaseneksi\/trossijasenyys\/\" \/>\n<meta property=\"og:locale\" content=\"fi_FI\" \/>\n<meta property=\"og:type\" content=\"article\" \/>\n<meta property=\"og:title\" content=\"Trossij\u00e4senyys\" \/>\n<meta property=\"og:description\" content=\"J\u00e4sen- ja Trossiliittymislomake Haluan liitty\u00e4 j\u00e4seneksi Haluan liitty\u00e4 j\u00e4seneksi ja hankkia Trossin Olen jo j\u00e4sen ja haluan Trossin tai Trossiin lis\u00e4veneen\" \/>\n<meta property=\"og:url\" content=\"https:\/\/meripelastus.fi\/helsinki\/toiminta\/ole-mukana\/liity-jaseneksi\/trossijasenyys\/\" \/>\n<meta property=\"og:site_name\" content=\"Helsingin Meripelastusyhdistys\" \/>\n<meta property=\"article:modified_time\" content=\"2023-07-31T18:09:23+00:00\" \/>\n<meta name=\"twitter:card\" content=\"summary_large_image\" \/>\n<script type=\"application\/ld+json\" class=\"yoast-schema-graph\">{\"@context\":\"https:\\\/\\\/schema.org\",\"@graph\":[{\"@type\":\"WebPage\",\"@id\":\"https:\\\/\\\/meripelastus.fi\\\/helsinki\\\/toiminta\\\/ole-mukana\\\/liity-jaseneksi\\\/trossijasenyys\\\/\",\"url\":\"https:\\\/\\\/meripelastus.fi\\\/helsinki\\\/toiminta\\\/ole-mukana\\\/liity-jaseneksi\\\/trossijasenyys\\\/\",\"name\":\"Trossij\u00e4senyys - Helsingin Meripelastusyhdistys\",\"isPartOf\":{\"@id\":\"https:\\\/\\\/meripelastus.fi\\\/helsinki\\\/#website\"},\"datePublished\":\"2019-07-13T17:13:51+00:00\",\"dateModified\":\"2023-07-31T18:09:23+00:00\",\"breadcrumb\":{\"@id\":\"https:\\\/\\\/meripelastus.fi\\\/helsinki\\\/toiminta\\\/ole-mukana\\\/liity-jaseneksi\\\/trossijasenyys\\\/#breadcrumb\"},\"inLanguage\":\"fi\",\"potentialAction\":[{\"@type\":\"ReadAction\",\"target\":[\"https:\\\/\\\/meripelastus.fi\\\/helsinki\\\/toiminta\\\/ole-mukana\\\/liity-jaseneksi\\\/trossijasenyys\\\/\"]}]},{\"@type\":\"BreadcrumbList\",\"@id\":\"https:\\\/\\\/meripelastus.fi\\\/helsinki\\\/toiminta\\\/ole-mukana\\\/liity-jaseneksi\\\/trossijasenyys\\\/#breadcrumb\",\"itemListElement\":[{\"@type\":\"ListItem\",\"position\":1,\"name\":\"Etusivu\",\"item\":\"https:\\\/\\\/meripelastus.fi\\\/helsinki\\\/\"},{\"@type\":\"ListItem\",\"position\":2,\"name\":\"Toiminta\",\"item\":\"https:\\\/\\\/meripelastus.fi\\\/helsinki\\\/toiminta\\\/\"},{\"@type\":\"ListItem\",\"position\":3,\"name\":\"Ole mukana\",\"item\":\"https:\\\/\\\/meripelastus.fi\\\/helsinki\\\/toiminta\\\/ole-mukana\\\/\"},{\"@type\":\"ListItem\",\"position\":4,\"name\":\"Liity j\u00e4seneksi\",\"item\":\"https:\\\/\\\/meripelastus.fi\\\/helsinki\\\/toiminta\\\/ole-mukana\\\/liity-jaseneksi\\\/\"},{\"@type\":\"ListItem\",\"position\":5,\"name\":\"Trossij\u00e4senyys\"}]},{\"@type\":\"WebSite\",\"@id\":\"https:\\\/\\\/meripelastus.fi\\\/helsinki\\\/#website\",\"url\":\"https:\\\/\\\/meripelastus.fi\\\/helsinki\\\/\",\"name\":\"Helsingin Meripelastusyhdistys\",\"description\":\"Vapaaehtoiset apunasi vesill\u00e4\",\"potentialAction\":[{\"@type\":\"SearchAction\",\"target\":{\"@type\":\"EntryPoint\",\"urlTemplate\":\"https:\\\/\\\/meripelastus.fi\\\/helsinki\\\/?s={search_term_string}\"},\"query-input\":{\"@type\":\"PropertyValueSpecification\",\"valueRequired\":true,\"valueName\":\"search_term_string\"}}],\"inLanguage\":\"fi\"}]}<\/script>\n<!-- \/ Yoast SEO Premium plugin. -->","yoast_head_json":{"title":"Trossij\u00e4senyys - Helsingin Meripelastusyhdistys","robots":{"index":"index","follow":"follow","max-snippet":"max-snippet:-1","max-image-preview":"max-image-preview:large","max-video-preview":"max-video-preview:-1"},"canonical":"https:\/\/meripelastus.fi\/helsinki\/toiminta\/ole-mukana\/liity-jaseneksi\/trossijasenyys\/","og_locale":"fi_FI","og_type":"article","og_title":"Trossij\u00e4senyys","og_description":"J\u00e4sen- ja Trossiliittymislomake Haluan liitty\u00e4 j\u00e4seneksi Haluan liitty\u00e4 j\u00e4seneksi ja hankkia Trossin Olen jo j\u00e4sen ja haluan Trossin tai Trossiin lis\u00e4veneen","og_url":"https:\/\/meripelastus.fi\/helsinki\/toiminta\/ole-mukana\/liity-jaseneksi\/trossijasenyys\/","og_site_name":"Helsingin Meripelastusyhdistys","article_modified_time":"2023-07-31T18:09:23+00:00","twitter_card":"summary_large_image","schema":{"@context":"https:\/\/schema.org","@graph":[{"@type":"WebPage","@id":"https:\/\/meripelastus.fi\/helsinki\/toiminta\/ole-mukana\/liity-jaseneksi\/trossijasenyys\/","url":"https:\/\/meripelastus.fi\/helsinki\/toiminta\/ole-mukana\/liity-jaseneksi\/trossijasenyys\/","name":"Trossij\u00e4senyys - Helsingin Meripelastusyhdistys","isPartOf":{"@id":"https:\/\/meripelastus.fi\/helsinki\/#website"},"datePublished":"2019-07-13T17:13:51+00:00","dateModified":"2023-07-31T18:09:23+00:00","breadcrumb":{"@id":"https:\/\/meripelastus.fi\/helsinki\/toiminta\/ole-mukana\/liity-jaseneksi\/trossijasenyys\/#breadcrumb"},"inLanguage":"fi","potentialAction":[{"@type":"ReadAction","target":["https:\/\/meripelastus.fi\/helsinki\/toiminta\/ole-mukana\/liity-jaseneksi\/trossijasenyys\/"]}]},{"@type":"BreadcrumbList","@id":"https:\/\/meripelastus.fi\/helsinki\/toiminta\/ole-mukana\/liity-jaseneksi\/trossijasenyys\/#breadcrumb","itemListElement":[{"@type":"ListItem","position":1,"name":"Etusivu","item":"https:\/\/meripelastus.fi\/helsinki\/"},{"@type":"ListItem","position":2,"name":"Toiminta","item":"https:\/\/meripelastus.fi\/helsinki\/toiminta\/"},{"@type":"ListItem","position":3,"name":"Ole mukana","item":"https:\/\/meripelastus.fi\/helsinki\/toiminta\/ole-mukana\/"},{"@type":"ListItem","position":4,"name":"Liity j\u00e4seneksi","item":"https:\/\/meripelastus.fi\/helsinki\/toiminta\/ole-mukana\/liity-jaseneksi\/"},{"@type":"ListItem","position":5,"name":"Trossij\u00e4senyys"}]},{"@type":"WebSite","@id":"https:\/\/meripelastus.fi\/helsinki\/#website","url":"https:\/\/meripelastus.fi\/helsinki\/","name":"Helsingin Meripelastusyhdistys","description":"Vapaaehtoiset apunasi vesill\u00e4","potentialAction":[{"@type":"SearchAction","target":{"@type":"EntryPoint","urlTemplate":"https:\/\/meripelastus.fi\/helsinki\/?s={search_term_string}"},"query-input":{"@type":"PropertyValueSpecification","valueRequired":true,"valueName":"search_term_string"}}],"inLanguage":"fi"}]}},"_links":{"self":[{"href":"https:\/\/meripelastus.fi\/helsinki\/wp-json\/wp\/v2\/pages\/463","targetHints":{"allow":["GET"]}}],"collection":[{"href":"https:\/\/meripelastus.fi\/helsinki\/wp-json\/wp\/v2\/pages"}],"about":[{"href":"https:\/\/meripelastus.fi\/helsinki\/wp-json\/wp\/v2\/types\/page"}],"author":[{"embeddable":true,"href":"https:\/\/meripelastus.fi\/helsinki\/wp-json\/wp\/v2\/users\/51"}],"replies":[{"embeddable":true,"href":"https:\/\/meripelastus.fi\/helsinki\/wp-json\/wp\/v2\/comments?post=463"}],"version-history":[{"count":1,"href":"https:\/\/meripelastus.fi\/helsinki\/wp-json\/wp\/v2\/pages\/463\/revisions"}],"predecessor-version":[{"id":464,"href":"https:\/\/meripelastus.fi\/helsinki\/wp-json\/wp\/v2\/pages\/463\/revisions\/464"}],"up":[{"embeddable":true,"href":"https:\/\/meripelastus.fi\/helsinki\/wp-json\/wp\/v2\/pages\/456"}],"wp:attachment":[{"href":"https:\/\/meripelastus.fi\/helsinki\/wp-json\/wp\/v2\/media?parent=463"}],"curies":[{"name":"wp","href":"https:\/\/api.w.org\/{rel}","templated":true}]}}