{"id":448,"date":"2019-07-13T16:30:07","date_gmt":"2019-07-13T13:30:07","guid":{"rendered":"https:\/\/meripelastus.fi\/helsinki-vedos\/?page_id=448"},"modified":"2020-01-30T11:06:28","modified_gmt":"2020-01-30T09:06:28","slug":"nuorisotoiminta","status":"publish","type":"page","link":"https:\/\/meripelastus.fi\/helsinki\/toiminta\/nuorisotoiminta\/","title":{"rendered":"Nuorisotoiminta"},"content":{"rendered":"<p>Helsingin Meripelastusyhdistyksen nuorisotoiminta perustuu Suomen meripelastusseuran nuorisotoiminnan koulutusohjelmaan, ja osittain my\u00f6s Suomen Uimaopetus- ja hengenpelastusliiton Junior Lifesaver -kerhon ideaan. Meripelastuksen nuorisotoiminnan tavoitteena on antaa nuorille perustiedot meripelastuksesta ja turvallisesta vesill\u00e4 liikkumisesta aina solmuista merikartan k\u00e4ytt\u00f6\u00f6n ja navigointiin, sek\u00e4 ensiavusta erilaisiin palonsammutustaitoihin asti. My\u00f6s hengenpelastus ja itsens\u00e4 pelastaminen veden varasta erilaisissa tilanteissa on osa koulutusta. T\u00e4rke\u00e4ll\u00e4 sijalla ovat mukava yhteishenki ja hauska yhdess\u00e4 tekemisen meininki.<\/p>\n<p>Kokoonnumme keskim\u00e4\u00e4rin kahden viikon v\u00e4lein, yleens\u00e4 sunnuntaisin kello 12-14. Harjoituksia pidet\u00e4\u00e4n sek\u00e4 HMPY:n meripelastusasemalla Jollaksen Matosaaressa ett\u00e4 muissa mielenkiintoisissa paikoissa. Kiinnostuksen mukaisesti pyrimme j\u00e4rjest\u00e4m\u00e4\u00e4n my\u00f6s vierailuja erilaisiin merenkulku- ja pelastusalan kohteisiin, kuten paloasemille ja pelastuslaitokselle.<\/p>\n<p>Jos olet kiinnostunut nuorisotoiminnasta, ota yhteytt\u00e4! Ryhm\u00e4mme on usein t\u00e4ysi, mutta otamme jatkuvasti jonoon uusia 10 -13 -vuotiaita tytt\u00f6j\u00e4 ja poikia. Toimintaan osallistumisen edellytyksen\u00e4 ovat normaali terveys sek\u00e4 200 metrin uimataito. Aiempaa kokemusta veneilyst\u00e4 tai muusta vesill\u00e4 liikkumisesta ei tarvita, innostus uuden oppimiseen ja yhdess\u00e4 tekemiseen riitt\u00e4\u00e4.<\/p>\n<p>Nuorisokouluttajina toimivat kokeneet meripelastajat, jotka ovat tottuneet toimimaan lasten ja nuorten kanssa.<\/p>\n<p><strong>Lis\u00e4tietoja:<br \/>\n<\/strong>S\u00e4hk\u00f6posti: <a href=\"mailto:nuoriso.helsinki@messi.meripelastus.fi\">nuoriso.helsinki@messi.meripelastus.fi<\/a><\/p>\n","protected":false},"excerpt":{"rendered":"<p>Helsingin Meripelastusyhdistyksen nuorisotoiminta perustuu Suomen meripelastusseuran nuorisotoiminnan koulutusohjelmaan, ja osittain my\u00f6s Suomen Uimaopetus- ja hengenpelastusliiton Junior Lifesaver -kerhon ideaan. Meripelastuksen nuorisotoiminnan tavoitteena on antaa nuorille perustiedot meripelastuksesta ja turvallisesta vesill\u00e4 liikkumisesta aina solmuista merikartan k\u00e4ytt\u00f6\u00f6n ja navigointiin, sek\u00e4 ensiavusta erilaisiin palonsammutustaitoihin asti. My\u00f6s hengenpelastus ja itsens\u00e4 pelastaminen veden varasta erilaisissa tilanteissa on osa koulutusta. T\u00e4rke\u00e4ll\u00e4 [&hellip;]<\/p>\n","protected":false},"author":51,"featured_media":452,"parent":20,"menu_order":0,"comment_status":"closed","ping_status":"closed","template":"","meta":{"_acf_changed":false,"inline_featured_image":false,"footnotes":""},"class_list":["post-448","page","type-page","status-publish","has-post-thumbnail","hentry"],"acf":[],"yoast_head":"<!-- This site is optimized with the Yoast SEO Premium plugin v27.2 (Yoast SEO v27.2) - https:\/\/yoast.com\/product\/yoast-seo-premium-wordpress\/ -->\n<title>Nuorisotoiminta - Helsingin Meripelastusyhdistys<\/title>\n<meta name=\"description\" content=\"Helsingin Meripelastusyhdistys nuorisotoiminta\" \/>\n<meta name=\"robots\" content=\"index, follow, max-snippet:-1, max-image-preview:large, max-video-preview:-1\" \/>\n<link rel=\"canonical\" href=\"https:\/\/meripelastus.fi\/helsinki\/toiminta\/nuorisotoiminta\/\" \/>\n<meta property=\"og:locale\" content=\"fi_FI\" \/>\n<meta property=\"og:type\" content=\"article\" \/>\n<meta property=\"og:title\" content=\"Nuorisotoiminta\" \/>\n<meta property=\"og:description\" content=\"Helsingin Meripelastusyhdistys nuorisotoiminta\" \/>\n<meta property=\"og:url\" content=\"https:\/\/meripelastus.fi\/helsinki\/toiminta\/nuorisotoiminta\/\" \/>\n<meta property=\"og:site_name\" content=\"Helsingin Meripelastusyhdistys\" \/>\n<meta property=\"article:modified_time\" content=\"2020-01-30T09:06:28+00:00\" \/>\n<meta property=\"og:image\" content=\"https:\/\/meripelastus.fi\/helsinki\/wp-content\/uploads\/sites\/21\/2019\/07\/MT-LR-4854.jpg\" \/>\n\t<meta property=\"og:image:width\" content=\"2048\" \/>\n\t<meta property=\"og:image:height\" content=\"1366\" \/>\n\t<meta property=\"og:image:type\" content=\"image\/jpeg\" \/>\n<meta name=\"twitter:card\" content=\"summary_large_image\" \/>\n<meta name=\"twitter:label1\" content=\"Arvioitu lukuaika\" \/>\n\t<meta name=\"twitter:data1\" content=\"1 minuutti\" \/>\n<script type=\"application\/ld+json\" class=\"yoast-schema-graph\">{\"@context\":\"https:\/\/schema.org\",\"@graph\":[{\"@type\":\"WebPage\",\"@id\":\"https:\/\/meripelastus.fi\/helsinki\/toiminta\/nuorisotoiminta\/\",\"url\":\"https:\/\/meripelastus.fi\/helsinki\/toiminta\/nuorisotoiminta\/\",\"name\":\"Nuorisotoiminta - Helsingin Meripelastusyhdistys\",\"isPartOf\":{\"@id\":\"https:\/\/meripelastus.fi\/helsinki\/#website\"},\"primaryImageOfPage\":{\"@id\":\"https:\/\/meripelastus.fi\/helsinki\/toiminta\/nuorisotoiminta\/#primaryimage\"},\"image\":{\"@id\":\"https:\/\/meripelastus.fi\/helsinki\/toiminta\/nuorisotoiminta\/#primaryimage\"},\"thumbnailUrl\":\"https:\/\/meripelastus.fi\/helsinki\/wp-content\/uploads\/sites\/21\/2019\/07\/MT-LR-4854.jpg\",\"datePublished\":\"2019-07-13T13:30:07+00:00\",\"dateModified\":\"2020-01-30T09:06:28+00:00\",\"description\":\"Helsingin Meripelastusyhdistys nuorisotoiminta\",\"breadcrumb\":{\"@id\":\"https:\/\/meripelastus.fi\/helsinki\/toiminta\/nuorisotoiminta\/#breadcrumb\"},\"inLanguage\":\"fi\",\"potentialAction\":[{\"@type\":\"ReadAction\",\"target\":[\"https:\/\/meripelastus.fi\/helsinki\/toiminta\/nuorisotoiminta\/\"]}]},{\"@type\":\"ImageObject\",\"inLanguage\":\"fi\",\"@id\":\"https:\/\/meripelastus.fi\/helsinki\/toiminta\/nuorisotoiminta\/#primaryimage\",\"url\":\"https:\/\/meripelastus.fi\/helsinki\/wp-content\/uploads\/sites\/21\/2019\/07\/MT-LR-4854.jpg\",\"contentUrl\":\"https:\/\/meripelastus.fi\/helsinki\/wp-content\/uploads\/sites\/21\/2019\/07\/MT-LR-4854.jpg\",\"width\":2048,\"height\":1366},{\"@type\":\"BreadcrumbList\",\"@id\":\"https:\/\/meripelastus.fi\/helsinki\/toiminta\/nuorisotoiminta\/#breadcrumb\",\"itemListElement\":[{\"@type\":\"ListItem\",\"position\":1,\"name\":\"Etusivu\",\"item\":\"https:\/\/meripelastus.fi\/helsinki\/\"},{\"@type\":\"ListItem\",\"position\":2,\"name\":\"Toiminta\",\"item\":\"https:\/\/meripelastus.fi\/helsinki\/toiminta\/\"},{\"@type\":\"ListItem\",\"position\":3,\"name\":\"Nuorisotoiminta\"}]},{\"@type\":\"WebSite\",\"@id\":\"https:\/\/meripelastus.fi\/helsinki\/#website\",\"url\":\"https:\/\/meripelastus.fi\/helsinki\/\",\"name\":\"Helsingin Meripelastusyhdistys\",\"description\":\"Vapaaehtoiset apunasi vesill\u00e4\",\"potentialAction\":[{\"@type\":\"SearchAction\",\"target\":{\"@type\":\"EntryPoint\",\"urlTemplate\":\"https:\/\/meripelastus.fi\/helsinki\/?s={search_term_string}\"},\"query-input\":{\"@type\":\"PropertyValueSpecification\",\"valueRequired\":true,\"valueName\":\"search_term_string\"}}],\"inLanguage\":\"fi\"}]}<\/script>\n<!-- \/ Yoast SEO Premium plugin. -->","yoast_head_json":{"title":"Nuorisotoiminta - Helsingin Meripelastusyhdistys","description":"Helsingin Meripelastusyhdistys nuorisotoiminta","robots":{"index":"index","follow":"follow","max-snippet":"max-snippet:-1","max-image-preview":"max-image-preview:large","max-video-preview":"max-video-preview:-1"},"canonical":"https:\/\/meripelastus.fi\/helsinki\/toiminta\/nuorisotoiminta\/","og_locale":"fi_FI","og_type":"article","og_title":"Nuorisotoiminta","og_description":"Helsingin Meripelastusyhdistys nuorisotoiminta","og_url":"https:\/\/meripelastus.fi\/helsinki\/toiminta\/nuorisotoiminta\/","og_site_name":"Helsingin Meripelastusyhdistys","article_modified_time":"2020-01-30T09:06:28+00:00","og_image":[{"width":2048,"height":1366,"url":"https:\/\/meripelastus.fi\/helsinki\/wp-content\/uploads\/sites\/21\/2019\/07\/MT-LR-4854.jpg","type":"image\/jpeg"}],"twitter_card":"summary_large_image","twitter_misc":{"Arvioitu lukuaika":"1 minuutti"},"schema":{"@context":"https:\/\/schema.org","@graph":[{"@type":"WebPage","@id":"https:\/\/meripelastus.fi\/helsinki\/toiminta\/nuorisotoiminta\/","url":"https:\/\/meripelastus.fi\/helsinki\/toiminta\/nuorisotoiminta\/","name":"Nuorisotoiminta - Helsingin Meripelastusyhdistys","isPartOf":{"@id":"https:\/\/meripelastus.fi\/helsinki\/#website"},"primaryImageOfPage":{"@id":"https:\/\/meripelastus.fi\/helsinki\/toiminta\/nuorisotoiminta\/#primaryimage"},"image":{"@id":"https:\/\/meripelastus.fi\/helsinki\/toiminta\/nuorisotoiminta\/#primaryimage"},"thumbnailUrl":"https:\/\/meripelastus.fi\/helsinki\/wp-content\/uploads\/sites\/21\/2019\/07\/MT-LR-4854.jpg","datePublished":"2019-07-13T13:30:07+00:00","dateModified":"2020-01-30T09:06:28+00:00","description":"Helsingin Meripelastusyhdistys nuorisotoiminta","breadcrumb":{"@id":"https:\/\/meripelastus.fi\/helsinki\/toiminta\/nuorisotoiminta\/#breadcrumb"},"inLanguage":"fi","potentialAction":[{"@type":"ReadAction","target":["https:\/\/meripelastus.fi\/helsinki\/toiminta\/nuorisotoiminta\/"]}]},{"@type":"ImageObject","inLanguage":"fi","@id":"https:\/\/meripelastus.fi\/helsinki\/toiminta\/nuorisotoiminta\/#primaryimage","url":"https:\/\/meripelastus.fi\/helsinki\/wp-content\/uploads\/sites\/21\/2019\/07\/MT-LR-4854.jpg","contentUrl":"https:\/\/meripelastus.fi\/helsinki\/wp-content\/uploads\/sites\/21\/2019\/07\/MT-LR-4854.jpg","width":2048,"height":1366},{"@type":"BreadcrumbList","@id":"https:\/\/meripelastus.fi\/helsinki\/toiminta\/nuorisotoiminta\/#breadcrumb","itemListElement":[{"@type":"ListItem","position":1,"name":"Etusivu","item":"https:\/\/meripelastus.fi\/helsinki\/"},{"@type":"ListItem","position":2,"name":"Toiminta","item":"https:\/\/meripelastus.fi\/helsinki\/toiminta\/"},{"@type":"ListItem","position":3,"name":"Nuorisotoiminta"}]},{"@type":"WebSite","@id":"https:\/\/meripelastus.fi\/helsinki\/#website","url":"https:\/\/meripelastus.fi\/helsinki\/","name":"Helsingin Meripelastusyhdistys","description":"Vapaaehtoiset apunasi vesill\u00e4","potentialAction":[{"@type":"SearchAction","target":{"@type":"EntryPoint","urlTemplate":"https:\/\/meripelastus.fi\/helsinki\/?s={search_term_string}"},"query-input":{"@type":"PropertyValueSpecification","valueRequired":true,"valueName":"search_term_string"}}],"inLanguage":"fi"}]}},"_links":{"self":[{"href":"https:\/\/meripelastus.fi\/helsinki\/wp-json\/wp\/v2\/pages\/448","targetHints":{"allow":["GET"]}}],"collection":[{"href":"https:\/\/meripelastus.fi\/helsinki\/wp-json\/wp\/v2\/pages"}],"about":[{"href":"https:\/\/meripelastus.fi\/helsinki\/wp-json\/wp\/v2\/types\/page"}],"author":[{"embeddable":true,"href":"https:\/\/meripelastus.fi\/helsinki\/wp-json\/wp\/v2\/users\/51"}],"replies":[{"embeddable":true,"href":"https:\/\/meripelastus.fi\/helsinki\/wp-json\/wp\/v2\/comments?post=448"}],"version-history":[{"count":4,"href":"https:\/\/meripelastus.fi\/helsinki\/wp-json\/wp\/v2\/pages\/448\/revisions"}],"predecessor-version":[{"id":1342,"href":"https:\/\/meripelastus.fi\/helsinki\/wp-json\/wp\/v2\/pages\/448\/revisions\/1342"}],"up":[{"embeddable":true,"href":"https:\/\/meripelastus.fi\/helsinki\/wp-json\/wp\/v2\/pages\/20"}],"wp:featuredmedia":[{"embeddable":true,"href":"https:\/\/meripelastus.fi\/helsinki\/wp-json\/wp\/v2\/media\/452"}],"wp:attachment":[{"href":"https:\/\/meripelastus.fi\/helsinki\/wp-json\/wp\/v2\/media?parent=448"}],"curies":[{"name":"wp","href":"https:\/\/api.w.org\/{rel}","templated":true}]}}